Report for WebService-Booklog-v0.0.1

Back
From: metabase:user:320bfe00-2aae-11df-837a-5e0a49663a4f
Subject: FAIL WebService-Booklog-v0.0.1 v5.25.6 GNU/Linux
Date: 2017-05-31T07:20:25Z

This distribution has been tested as part of the CPAN Testers
project, supporting the Perl programming language.  See
http://wiki.cpantesters.org/ for more information or email
questions to cpan-testers-discuss@perl.org


--
Dear Yasutaka ATARASHI,

This is a computer-generated report for WebService-Booklog-v0.0.1
on perl 5.25.6, created by CPAN-Reporter-1.2018.

Thank you for uploading your work to CPAN.  However, there was a problem
testing your distribution.

If you think this report is invalid, please consult the CPAN Testers Wiki
for suggestions on how to avoid getting FAIL reports for missing library
or binary dependencies, unsupported operating systems, and so on:

http://wiki.cpantesters.org/wiki/CPANAuthorNotes

Sections of this report:

    * Tester comments
    * Program output
    * Prerequisites
    * Environment and other context

------------------------------
TESTER COMMENTS
------------------------------

Additional comments from tester:

this report is from an automated smoke testing program
and was not reviewed by a human for accuracy

------------------------------
PROGRAM OUTPUT
------------------------------

Output from '/usr/bin/make test':

PERL_DL_NONLAZY=1 "/home/sand/src/perl/repoperls/installed-perls/host/k93msid/v5.25.6/5ea4/bin/perl" "-MExtUtils::Command::MM" "-MTest::Harness" "-e" "undef *Test::Harness::Switches; test_harness(0, 'blib/lib', 'blib/arch')" t/*.t
t/01-get_minishelf.t ...... ok
t/02-get_review.t ......... ok

#   Failed test 'get_shelf'
#   at t/03-get_shelf.t line 10.
# died: malformed JSON string, neither tag, array, object, number, string or atom, at character offset 0 (before "<!DOCTYPE html>\n<ht...") at /home/sand/src/perl/repoperls/installed-perls/host/k93msid/v5.25.6/5ea4/lib/site_perl/5.25.6/JSON/Any.pm line 594.

#   Failed test 'user->account'
#   at t/03-get_shelf.t line 11.
#          got: undef
#     expected: 'yak1ex'

#   Failed test 'no category'
#   at t/03-get_shelf.t line 12.
#          got: undef
#     expected: '0'

#   Failed test 'books'
#   at t/03-get_shelf.t line 13.
#          got: '0'
#     expected: '25'

#   Failed test 'get_shelf with rank'
#   at t/03-get_shelf.t line 16.
# died: malformed JSON string, neither tag, array, object, number, string or atom, at character offset 0 (before "<!DOCTYPE html>\n<ht...") at /home/sand/src/perl/repoperls/installed-perls/host/k93msid/v5.25.6/5ea4/lib/site_perl/5.25.6/JSON/Any.pm line 594.

#   Failed test 'user->account'
#   at t/03-get_shelf.t line 17.
#          got: undef
#     expected: 'yak1ex'

#   Failed test 'no category'
#   at t/03-get_shelf.t line 18.
#          got: undef
#     expected: '0'

#   Failed test 'books'
#   at t/03-get_shelf.t line 19.
#     '0'
#         >
#     '0'

#   Failed test 'get_shelf with category'
#   at t/03-get_shelf.t line 22.
# died: malformed JSON string, neither tag, array, object, number, string or atom, at character offset 0 (before "<!DOCTYPE html>\n<ht...") at /home/sand/src/perl/repoperls/installed-perls/host/k93msid/v5.25.6/5ea4/lib/site_perl/5.25.6/JSON/Any.pm line 594.

#   Failed test 'user->account'
#   at t/03-get_shelf.t line 23.
#          got: undef
#     expected: 'yak1ex'

#   Failed test 'category id'
#   at t/03-get_shelf.t line 24.
#          got: undef
#     expected: '2275669'

#   Failed test 'books'
#   at t/03-get_shelf.t line 25.
#     '0'
#         >
#     '0'

#   Failed test 'get_shelf'
#   at t/03-get_shelf.t line 28.
# died: malformed JSON string, neither tag, array, object, number, string or atom, at character offset 0 (before "<!DOCTYPE html>\n<ht...") at /home/sand/src/perl/repoperls/installed-perls/host/k93msid/v5.25.6/5ea4/lib/site_perl/5.25.6/JSON/Any.pm line 594.

#   Failed test 'user->account'
#   at t/03-get_shelf.t line 29.
#          got: undef
#     expected: 'yak1ex'

#   Failed test 'no category'
#   at t/03-get_shelf.t line 30.
#          got: undef
#     expected: '0'

#   Failed test 'sort'
#   at t/03-get_shelf.t line 31.
#          got: undef
#     expected: 'release_desc'

#   Failed test 'books'
#   at t/03-get_shelf.t line 32.
#          got: '0'
#     expected: '25'

#   Failed test 'release date'
#   at t/03-get_shelf.t line 34.
#          got: '0'
#     expected: '25'
# Looks like you failed 18 tests of 24.
t/03-get_shelf.t .......... 
Dubious, test returned 18 (wstat 4608, 0x1200)
Failed 18/24 subtests 
t/author-critic.t ......... skipped: these tests are for testing by the author
t/release-kwalitee.t ...... skipped: these tests are for release candidate testing
t/release-pod-coverage.t .. skipped: these tests are for release candidate testing
t/release-pod-syntax.t .... skipped: these tests are for release candidate testing

Test Summary Report
-------------------
t/03-get_shelf.t        (Wstat: 4608 Tests: 24 Failed: 18)
  Failed tests:  3-10, 12-15, 17-22
  Non-zero exit status: 18
Files=7, Tests=45, 11 wallclock secs ( 0.03 usr  0.05 sys +  0.73 cusr  0.12 csys =  0.93 CPU)
Result: FAIL
Failed 1/7 test programs. 18/45 subtests failed.
Makefile:848: recipe for target 'test_dynamic' failed
make: *** [test_dynamic] Error 255

------------------------------
PREREQUISITES
------------------------------

Prerequisite modules loaded:

requires:

    Module              Need Have    
    ------------------- ---- --------
    JSON::Any           0    1.39    
    LWP::UserAgent      0    6.26    

build_requires:

    Module              Need Have    
    ------------------- ---- --------
    Test::Exception     0    0.43    
    Test::More          0    1.302085

configure_requires:

    Module              Need Have    
    ------------------- ---- --------
    ExtUtils::MakeMaker 6.30 7.24    


------------------------------
ENVIRONMENT AND OTHER CONTEXT
------------------------------

Environment variables:

    AUTOMATED_TESTING = 1
    LANG = en_US.UTF-8
    PATH = /home/sand/bin:/usr/local/bin:/usr/bin:/bin:/usr/games:/usr/local/perl/bin:/usr/X11/bin:/sbin:/usr/sbin
    PERL5LIB = 
    PERL5OPT = 
    PERL5_CPANPLUS_IS_RUNNING = 3151
    PERL5_CPAN_IS_RUNNING = 3151
    PERL_CANARY_STABILITY_NOPROMPT = 1
    PERL_MM_USE_DEFAULT = 1
    PERL_USE_UNSAFE_INC = 1
    SHELL = /usr/bin/zsh
    TERM = screen

Perl special variables (and OS-specific diagnostics, for MSWin32):

    $^X = /home/sand/src/perl/repoperls/installed-perls/host/k93msid/v5.25.6/5ea4/bin/perl
    $UID/$EUID = 1005 / 1005
    $GID = 1005 1005
    $EGID = 1005 1005

Perl module toolchain versions installed:

    Module              Have    
    ------------------- --------
    CPAN                2.18    
    CPAN::Meta          2.150010
    Cwd                 3.62    
    ExtUtils::CBuilder  0.280225
    ExtUtils::Command   1.20    
    ExtUtils::Install   2.14    
    ExtUtils::MakeMaker 7.24    
    ExtUtils::Manifest  1.70    
    ExtUtils::ParseXS   3.33    
    File::Spec          3.62    
    JSON                2.94    
    JSON::PP            2.93    
    Module::Build       0.4222  
    Module::Signature   0.81    
    Parse::CPAN::Meta   1.4422  
    Test::Harness       3.39    
    Test::More          1.302085
    YAML                1.23    
    YAML::Syck          1.29    
    version             0.9917  


--

Summary of my perl5 (revision 5 version 25 subversion 6) configuration:
  Derived from: 1e8f85b7ea24bdc8cdfe1aa523880aa183a7f475
  Platform:
    osname=linux
    osvers=4.9.0-2-amd64
    archname=x86_64-linux-thread-multi-ld
    uname='linux k93msid 4.9.0-2-amd64 #1 smp debian 4.9.18-1 (2017-03-30) x86_64 gnulinux '
    config_args='-Dprefix=/home/sand/src/perl/repoperls/installed-perls/host/k93msid/v5.25.6/5ea4 -Dmyhostname=k93msid -Dinstallusrbinperl=n -Uversiononly -Dusedevel -des -Ui_db -Dlibswanted=cl pthread socket inet nsl gdbm dbm malloc dl ld sun m crypt sec util c cposix posix ucb BSD gdbm_compat -Duseithreads -Duselongdouble -DDEBUGGING=-g'
    hint=recommended
    useposix=true
    d_sigaction=define
    useithreads=define
    usemultiplicity=define
    use64bitint=define
    use64bitall=define
    uselongdouble=define
    usemymalloc=n
    bincompat5005=undef
  Compiler:
    cc='cc'
    ccflags ='-D_REENTRANT -D_GNU_SOURCE -fwrapv -fno-strict-aliasing -pipe -fstack-protector-strong -I/usr/local/include -D_LARGEFILE_SOURCE -D_FILE_OFFSET_BITS=64'
    optimize='-O2 -g'
    cppflags='-D_REENTRANT -D_GNU_SOURCE -fwrapv -fno-strict-aliasing -pipe -fstack-protector-strong -I/usr/local/include'
    ccversion=''
    gccversion='6.3.0 20170406'
    gccosandvers=''
    intsize=4
    longsize=8
    ptrsize=8
    doublesize=8
    byteorder=12345678
    doublekind=3
    d_longlong=define
    longlongsize=8
    d_longdbl=define
    longdblsize=16
    longdblkind=3
    ivtype='long'
    ivsize=8
    nvtype='long double'
    nvsize=16
    Off_t='off_t'
    lseeksize=8
    alignbytes=16
    prototype=define
  Linker and Libraries:
    ld='cc'
    ldflags =' -fstack-protector-strong -L/usr/local/lib'
    libpth=/usr/local/lib /usr/lib/gcc/x86_64-linux-gnu/6/include-fixed /usr/include/x86_64-linux-gnu /usr/lib /lib/x86_64-linux-gnu /lib/../lib /usr/lib/x86_64-linux-gnu /usr/lib/../lib /lib
    libs=-lpthread -lnsl -ldl -lm -lcrypt -lutil -lc
    perllibs=-lpthread -lnsl -ldl -lm -lcrypt -lutil -lc
    libc=libc-2.24.so
    so=so
    useshrplib=false
    libperl=libperl.a
    gnulibc_version='2.24'
  Dynamic Linking:
    dlsrc=dl_dlopen.xs
    dlext=so
    d_dlsymun=undef
    ccdlflags='-Wl,-E'
    cccdlflags='-fPIC'
    lddlflags='-shared -O2 -g -L/usr/local/lib -fstack-protector-strong'


Characteristics of this binary (from libperl): 
  Compile-time options:
    HAS_TIMES
    MULTIPLICITY
    PERLIO_LAYERS
    PERL_COPY_ON_WRITE
    PERL_DONT_CREATE_GVSV
    PERL_HASH_FUNC_ONE_AT_A_TIME_HARD
    PERL_IMPLICIT_CONTEXT
    PERL_MALLOC_WRAP
    PERL_OP_PARENT
    PERL_PRESERVE_IVUV
    PERL_USE_DEVEL
    USE_64_BIT_ALL
    USE_64_BIT_INT
    USE_ITHREADS
    USE_LARGE_FILES
    USE_LOCALE
    USE_LOCALE_COLLATE
    USE_LOCALE_CTYPE
    USE_LOCALE_NUMERIC
    USE_LOCALE_TIME
    USE_LONG_DOUBLE
    USE_PERLIO
    USE_PERL_ATOF
    USE_REENTRANT_API
  Locally applied patches:
    uncommitted-changes
  Built under linux
  Compiled at Apr 16 2017 20:34:41
  %ENV:
    PERL5LIB=""
    PERL5OPT=""
    PERL5_CPANPLUS_IS_RUNNING="3151"
    PERL5_CPAN_IS_RUNNING="3151"
    PERL_CANARY_STABILITY_NOPROMPT="1"
    PERL_MM_USE_DEFAULT="1"
    PERL_USE_UNSAFE_INC="1"
  @INC:
    /home/sand/src/perl/repoperls/installed-perls/host/k93msid/v5.25.6/5ea4/lib/site_perl/5.25.6/x86_64-linux-thread-multi-ld
    /home/sand/src/perl/repoperls/installed-perls/host/k93msid/v5.25.6/5ea4/lib/site_perl/5.25.6
    /home/sand/src/perl/repoperls/installed-perls/host/k93msid/v5.25.6/5ea4/lib/5.25.6/x86_64-linux-thread-multi-ld
    /home/sand/src/perl/repoperls/installed-perls/host/k93msid/v5.25.6/5ea4/lib/5.25.6
    .