Report for Algorithm-SetSimilarity-0.0.0_03

Back
From: metabase:user:320bfe00-2aae-11df-837a-5e0a49663a4f
Subject: FAIL Algorithm-SetSimilarity-0.0.0_03 v5.25.11 GNU/Linux
Date: 2017-04-30T01:16:20Z

This distribution has been tested as part of the CPAN Testers
project, supporting the Perl programming language.  See
http://wiki.cpantesters.org/ for more information or email
questions to cpan-testers-discuss@perl.org


--
Dear Toshinori Sato,

This is a computer-generated report for Algorithm-SetSimilarity-0.0.0_03
on perl 5.25.11, created by CPAN-Reporter-1.2018.

Thank you for uploading your work to CPAN.  However, there was a problem
testing your distribution.

If you think this report is invalid, please consult the CPAN Testers Wiki
for suggestions on how to avoid getting FAIL reports for missing library
or binary dependencies, unsupported operating systems, and so on:

http://wiki.cpantesters.org/wiki/CPANAuthorNotes

Sections of this report:

    * Tester comments
    * Program output
    * Prerequisites
    * Environment and other context

------------------------------
TESTER COMMENTS
------------------------------

Additional comments from tester:

this report is from an automated smoke testing program
and was not reviewed by a human for accuracy

------------------------------
PROGRAM OUTPUT
------------------------------

Output from './Build test':

t/00_compile.t ........... ok

    #   Failed test 'Make check of get_similarity() using 0.6 as a threshold with unsorted four elements'
    #   at t/01_jaccard.t line 111.
    #          got: '-1'
    #     expected: '0.6'
    # Looks like you failed 1 test of 16.

#   Failed test 'Test of get_similarity() using the string elements'
#   at t/01_jaccard.t line 118.

    #   Failed test 'Make check of get_similarity() which return the 0.33 as a value of score'
    #   at t/01_jaccard.t line 126.
    #          got: '0.333333333333333333'
    #     expected: '0.333333333333333'

    #   Failed test 'Make check of get_similarity() which return the 0.33 as a value of score'
    #   at t/01_jaccard.t line 132.
    #          got: '0.333333333333333333'
    #     expected: '0.333333333333333'
    # Looks like you failed 2 tests of 2.

#   Failed test 'Test of get_similarity() using the number elements'
#   at t/01_jaccard.t line 134.

    #   Failed test 'Make check of filt_by_threshold() using 0.6 as a threshold with unsorted four elements'
    #   at t/01_jaccard.t line 210.
    #          got: '-1'
    #     expected: '0.6'
    # Looks like you failed 1 test of 38.

#   Failed test 'Test of filt_by_threshold() using the string elements'
#   at t/01_jaccard.t line 217.

    #   Failed test 'Make check of filt_by_threshold() which return the 0.33 as a value of score'
    #   at t/01_jaccard.t line 226.
    #          got: '0.333333333333333333'
    #     expected: '0.333333333333333'

    #   Failed test 'Make check of filt_by_threshold() which return the 0.33 as a value of score'
    #   at t/01_jaccard.t line 240.
    #          got: '0.333333333333333333'
    #     expected: '0.333333333333333'
    # Looks like you failed 2 tests of 4.

#   Failed test 'Test of filt_by_threshold() using the number elements'
#   at t/01_jaccard.t line 250.
# Looks like you failed 4 tests of 9.
t/01_jaccard.t ........... 
Dubious, test returned 4 (wstat 1024, 0x400)
Failed 4/9 subtests 
t/02_join_datum.t ........ ok

        #   Failed test 'Make check of join() which return one pair'
        #   at t/03_join_mpjoin.t line 54.
        #     Structures begin differing at:
        #          $got->[0][2] = '0.333333333333333333'
        #     $expected->[0][2] = '0.333333333333333'
        # Looks like you failed 1 test of 1.

    #   Failed test 'using 0.33 as a threshold value'
    #   at t/03_join_mpjoin.t line 55.

        #   Failed test 'Make check of join() which return one pair'
        #   at t/03_join_mpjoin.t line 77.
        #     Structures begin differing at:
        #          $got->[0][2] = '0.333333333333333333'
        #     $expected->[0][2] = '0.333333333333333'
        # Looks like you failed 1 test of 1.

    #   Failed test 'using 0.33 as a threshold value'
    #   at t/03_join_mpjoin.t line 78.
    # Looks like you failed 2 tests of 4.

#   Failed test 'Test of join() with two sets which have 5 common number elements'
#   at t/03_join_mpjoin.t line 87.

        #   Failed test 'Make check of join() which return one pair'
        #   at t/03_join_mpjoin.t line 103.
        #     Structures begin differing at:
        #          $got->[0][2] = '0.333333333333333333'
        #     $expected->[0][2] = '0.333333333333333'
        # Looks like you failed 1 test of 1.

    #   Failed test 'using 0.33 as a threshold value'
    #   at t/03_join_mpjoin.t line 104.

        #   Failed test 'Make check of join() which return one pair'
        #   at t/03_join_mpjoin.t line 126.
        #     Structures begin differing at:
        #          $got->[0][2] = '0.333333333333333333'
        #     $expected->[0][2] = '0.333333333333333'
        # Looks like you failed 1 test of 1.

    #   Failed test 'using 0.33 as a threshold value'
    #   at t/03_join_mpjoin.t line 127.
    # Looks like you failed 2 tests of 4.

#   Failed test 'Test of join() with two sets which have 5 common alphabet elements'
#   at t/03_join_mpjoin.t line 136.

        #   Failed test 'Make check of join() which return four pairs'
        #   at t/03_join_mpjoin.t line 160.
        #     Structures begin differing at:
        #          $got->[0][2] = '0.333333333333333333'
        #     $expected->[0][2] = '0.333333333333333'
        # Looks like you failed 1 test of 1.

    #   Failed test 'using 0.33 as a threshold value'
    #   at t/03_join_mpjoin.t line 161.

        #   Failed test 'Make check of join() which return seven pairs'
        #   at t/03_join_mpjoin.t line 186.
        #     Structures begin differing at:
        #          $got->[0][2] = '0.333333333333333333'
        #     $expected->[0][2] = '0.333333333333333'
        # Looks like you failed 1 test of 1.

    #   Failed test 'using 0.33 as a threshold value'
    #   at t/03_join_mpjoin.t line 187.
    # Looks like you failed 2 tests of 2.

#   Failed test 'Test of join() with four sets which have 5 common alphabet elements'
#   at t/03_join_mpjoin.t line 189.

        #   Failed test 'Make check of join() which return three pairs'
        #   at t/03_join_mpjoin.t line 210.
        #     Structures begin differing at:
        #          $got->[0][2] = '0.333333333333333333'
        #     $expected->[0][2] = '0.333333333333333'
        # Looks like you failed 1 test of 1.

    #   Failed test 'using the different size sets'
    #   at t/03_join_mpjoin.t line 211.
    # Looks like you failed 1 test of 1.

#   Failed test 'Test of join() with four sets which have 2 common alphabet elements'
#   at t/03_join_mpjoin.t line 213.
# Looks like you failed 4 tests of 6.
t/03_join_mpjoin.t ....... 
Dubious, test returned 4 (wstat 1024, 0x400)
Failed 4/6 subtests 

    #   Failed test 'Make check of get_similarity() with unsorted two elements'
    #   at t/04_weighted_jaccard.t line 171.
    #          got: '0.333333333333333333'
    #     expected: '0.333333333333333'

    #   Failed test 'Make check of get_similarity() using 0.6 as a threshold with unsorted four elements'
    #   at t/04_weighted_jaccard.t line 184.
    #          got: '-1'
    #     expected: '0.6'
    # Looks like you failed 2 tests of 18.

#   Failed test 'Test of get_similarity() using the string elements'
#   at t/04_weighted_jaccard.t line 191.

    #   Failed test 'Make check of get_similarity() which return the 0.33 as a value of score'
    #   at t/04_weighted_jaccard.t line 199.
    #          got: '0.333333333333333333'
    #     expected: '0.333333333333333'

    #   Failed test 'Make check of get_similarity() which return the 0.33 as a value of score'
    #   at t/04_weighted_jaccard.t line 206.
    #          got: '0.333333333333333333'
    #     expected: '0.333333333333333'
    # Looks like you failed 2 tests of 2.

#   Failed test 'Test of get_similarity() using the number elements'
#   at t/04_weighted_jaccard.t line 208.

    #   Failed test 'Make check of filt_by_threshold() using 0.6 as a threshold with unsorted four elements'
    #   at t/04_weighted_jaccard.t line 248.
    #          got: '-1'
    #     expected: '0.6'
    # Looks like you failed 1 test of 47.

#   Failed test 'Test of filt_by_threshold() using the string elements'
#   at t/04_weighted_jaccard.t line 267.

    #   Failed test 'Make check of filt_by_threshold() which return the 0.33 as a value of score'
    #   at t/04_weighted_jaccard.t line 276.
    #          got: '0.333333333333333333'
    #     expected: '0.333333333333333'

    #   Failed test 'Make check of filt_by_threshold() which return the 0.33 as a value of score'
    #   at t/04_weighted_jaccard.t line 290.
    #          got: '0.333333333333333333'
    #     expected: '0.333333333333333'
    # Looks like you failed 2 tests of 4.

#   Failed test 'Test of filt_by_threshold() using the number elements'
#   at t/04_weighted_jaccard.t line 299.
# Looks like you failed 4 tests of 11.
t/04_weighted_jaccard.t .. 
Dubious, test returned 4 (wstat 1024, 0x400)
Failed 4/11 subtests 

        #   Failed test 'Make check of join() which return one pair'
        #   at t/05_join_wmpjoin.t line 55.
        #     Structures begin differing at:
        #          $got->[0][2] = '0.333333333333333333'
        #     $expected->[0][2] = '0.333333333333333'
        # Looks like you failed 1 test of 1.

    #   Failed test 'using 0.33 as a threshold value'
    #   at t/05_join_wmpjoin.t line 56.

        #   Failed test 'Make check of join() which return one pair'
        #   at t/05_join_wmpjoin.t line 77.
        #     Structures begin differing at:
        #          $got->[0][2] = '0.333333333333333333'
        #     $expected->[0][2] = '0.333333333333333'
        # Looks like you failed 1 test of 1.

    #   Failed test 'using 0.33 as a threshold value'
    #   at t/05_join_wmpjoin.t line 78.
    # Looks like you failed 2 tests of 5.

#   Failed test 'Test of join() with two sets which have 5 common number elements'
#   at t/05_join_wmpjoin.t line 87.

        #   Failed test 'Make check of join() which return one pair'
        #   at t/05_join_wmpjoin.t line 103.
        #     Structures begin differing at:
        #          $got->[0][2] = '0.333333333333333333'
        #     $expected->[0][2] = '0.333333333333333'
        # Looks like you failed 1 test of 1.

    #   Failed test 'using 0.33 as a threshold value'
    #   at t/05_join_wmpjoin.t line 104.

        #   Failed test 'Make check of join() which return one pair'
        #   at t/05_join_wmpjoin.t line 126.
        #     Structures begin differing at:
        #          $got->[0][2] = '0.333333333333333333'
        #     $expected->[0][2] = '0.333333333333333'
        # Looks like you failed 1 test of 1.

    #   Failed test 'using 0.33 as a threshold value'
    #   at t/05_join_wmpjoin.t line 127.
    # Looks like you failed 2 tests of 4.

#   Failed test 'Test of join() with two sets which have 5 common alphabet elements'
#   at t/05_join_wmpjoin.t line 136.

        #   Failed test 'Make check of join() which return four pairs'
        #   at t/05_join_wmpjoin.t line 160.
        #     Structures begin differing at:
        #          $got->[0][2] = '0.333333333333333333'
        #     $expected->[0][2] = '0.333333333333333'
        # Looks like you failed 1 test of 1.

    #   Failed test 'using 0.33 as a threshold value'
    #   at t/05_join_wmpjoin.t line 161.

        #   Failed test 'Make check of join() which return seven pairs'
        #   at t/05_join_wmpjoin.t line 186.
        #     Structures begin differing at:
        #          $got->[0][2] = '0.333333333333333333'
        #     $expected->[0][2] = '0.333333333333333'
        # Looks like you failed 1 test of 1.

    #   Failed test 'using 0.33 as a threshold value'
    #   at t/05_join_wmpjoin.t line 187.
    # Looks like you failed 2 tests of 2.

#   Failed test 'Test of join() with four sets which have 5 common alphabet elements'
#   at t/05_join_wmpjoin.t line 189.

        #   Failed test 'Make check of join() which return three pairs'
        #   at t/05_join_wmpjoin.t line 210.
        #     Structures begin differing at:
        #          $got->[0][2] = '0.333333333333333333'
        #     $expected->[0][2] = '0.333333333333333'
        # Looks like you failed 1 test of 1.

    #   Failed test 'using the different size sets'
    #   at t/05_join_wmpjoin.t line 211.
    # Looks like you failed 1 test of 1.

#   Failed test 'Test of join() with four sets which have 2 common alphabet elements'
#   at t/05_join_wmpjoin.t line 213.
# Looks like you failed 4 tests of 6.
t/05_join_wmpjoin.t ...... 
Dubious, test returned 4 (wstat 1024, 0x400)
Failed 4/6 subtests 

Test Summary Report
-------------------
t/01_jaccard.t         (Wstat: 1024 Tests: 9 Failed: 4)
  Failed tests:  4-5, 8-9
  Non-zero exit status: 4
t/03_join_mpjoin.t     (Wstat: 1024 Tests: 6 Failed: 4)
  Failed tests:  3-6
  Non-zero exit status: 4
t/04_weighted_jaccard.t (Wstat: 1024 Tests: 11 Failed: 4)
  Failed tests:  8-11
  Non-zero exit status: 4
t/05_join_wmpjoin.t    (Wstat: 1024 Tests: 6 Failed: 4)
  Failed tests:  3-6
  Non-zero exit status: 4
Files=6, Tests=53,  1 wallclock secs ( 0.05 usr  0.07 sys +  0.39 cusr  0.09 csys =  0.60 CPU)
Result: FAIL
Failed 4/6 test programs. 16/53 subtests failed.

------------------------------
PREREQUISITES
------------------------------

Prerequisite modules loaded:

requires:

    Module              Need     Have    
    ------------------- -------- --------
    perl                5.008005 5.025011
    Scalar::Util        1.32     1.47    

build_requires:

    Module              Need     Have    
    ------------------- -------- --------
    ExtUtils::CBuilder  0        0.280225
    Test::More          0.98     1.302083

configure_requires:

    Module              Need     Have    
    ------------------- -------- --------
    CPAN::Meta          0        2.150010
    CPAN::Meta::Prereqs 0        2.150010
    Module::Build       0.38     0.4222  


------------------------------
ENVIRONMENT AND OTHER CONTEXT
------------------------------

Environment variables:

    AUTOMATED_TESTING = 1
    LANG = en_US.UTF-8
    PATH = /home/sand/bin:/usr/local/bin:/usr/bin:/bin:/usr/games:/usr/local/perl/bin:/usr/X11/bin:/sbin:/usr/sbin
    PERL5LIB = 
    PERL5OPT = 
    PERL5_CPANPLUS_IS_RUNNING = 24626
    PERL5_CPAN_IS_RUNNING = 24626
    PERL_CANARY_STABILITY_NOPROMPT = 1
    PERL_MM_USE_DEFAULT = 1
    PERL_USE_UNSAFE_INC = 1
    SHELL = /usr/bin/zsh
    TERM = screen

Perl special variables (and OS-specific diagnostics, for MSWin32):

    $^X = /home/sand/src/perl/repoperls/installed-perls/host/k93msid/v5.25.11/5ea4/bin/perl
    $UID/$EUID = 1005 / 1005
    $GID = 1005 1005
    $EGID = 1005 1005

Perl module toolchain versions installed:

    Module              Have      
    ------------------- ----------
    CPAN                2.18      
    CPAN::Meta          2.150010  
    Cwd                 3.67      
    ExtUtils::CBuilder  0.280225  
    ExtUtils::Command   7.24      
    ExtUtils::Install   2.04      
    ExtUtils::MakeMaker 7.24      
    ExtUtils::Manifest  1.70      
    ExtUtils::ParseXS   3.34      
    File::Spec          3.67      
    JSON                2.90      
    JSON::PP            2.27400_02
    Module::Build       0.4222    
    Module::Signature   0.81      
    Parse::CPAN::Meta   2.150010  
    Test::Harness       3.39      
    Test::More          1.302083  
    YAML                1.23      
    YAML::Syck          1.29      
    version             0.9917    


--

Summary of my perl5 (revision 5 version 25 subversion 11) configuration:
  Commit id: 295d6d042a7c8bac9b1d5d201a473c7723b50d3f
  Platform:
    osname=linux
    osvers=4.9.0-2-amd64
    archname=x86_64-linux-thread-multi-ld
    uname='linux k93msid 4.9.0-2-amd64 #1 smp debian 4.9.18-1 (2017-03-30) x86_64 gnulinux '
    config_args='-Dprefix=/home/sand/src/perl/repoperls/installed-perls/host/k93msid/v5.25.11/5ea4 -Dmyhostname=k93msid -Dinstallusrbinperl=n -Uversiononly -Dusedevel -des -Ui_db -Dlibswanted=cl pthread socket inet nsl gdbm dbm malloc dl ld sun m crypt sec util c cposix posix ucb BSD gdbm_compat -Duseithreads -Duselongdouble -DDEBUGGING=-g'
    hint=recommended
    useposix=true
    d_sigaction=define
    useithreads=define
    usemultiplicity=define
    use64bitint=define
    use64bitall=define
    uselongdouble=define
    usemymalloc=n
    default_inc_excludes_dot=define
    bincompat5005=undef
  Compiler:
    cc='cc'
    ccflags ='-D_REENTRANT -D_GNU_SOURCE -fwrapv -fno-strict-aliasing -pipe -fstack-protector-strong -I/usr/local/include -D_LARGEFILE_SOURCE -D_FILE_OFFSET_BITS=64'
    optimize='-O2 -g'
    cppflags='-D_REENTRANT -D_GNU_SOURCE -fwrapv -fno-strict-aliasing -pipe -fstack-protector-strong -I/usr/local/include'
    ccversion=''
    gccversion='6.3.0 20170406'
    gccosandvers=''
    intsize=4
    longsize=8
    ptrsize=8
    doublesize=8
    byteorder=12345678
    doublekind=3
    d_longlong=define
    longlongsize=8
    d_longdbl=define
    longdblsize=16
    longdblkind=3
    ivtype='long'
    ivsize=8
    nvtype='long double'
    nvsize=16
    Off_t='off_t'
    lseeksize=8
    alignbytes=16
    prototype=define
  Linker and Libraries:
    ld='cc'
    ldflags =' -fstack-protector-strong -L/usr/local/lib'
    libpth=/usr/local/lib /usr/lib/gcc/x86_64-linux-gnu/6/include-fixed /usr/include/x86_64-linux-gnu /usr/lib /lib/x86_64-linux-gnu /lib/../lib /usr/lib/x86_64-linux-gnu /usr/lib/../lib /lib
    libs=-lpthread -lnsl -ldl -lm -lcrypt -lutil -lc
    perllibs=-lpthread -lnsl -ldl -lm -lcrypt -lutil -lc
    libc=libc-2.24.so
    so=so
    useshrplib=false
    libperl=libperl.a
    gnulibc_version='2.24'
  Dynamic Linking:
    dlsrc=dl_dlopen.xs
    dlext=so
    d_dlsymun=undef
    ccdlflags='-Wl,-E'
    cccdlflags='-fPIC'
    lddlflags='-shared -O2 -g -L/usr/local/lib -fstack-protector-strong'


Characteristics of this binary (from libperl): 
  Compile-time options:
    HAS_TIMES
    MULTIPLICITY
    PERLIO_LAYERS
    PERL_COPY_ON_WRITE
    PERL_DONT_CREATE_GVSV
    PERL_IMPLICIT_CONTEXT
    PERL_MALLOC_WRAP
    PERL_OP_PARENT
    PERL_PRESERVE_IVUV
    PERL_USE_DEVEL
    USE_64_BIT_ALL
    USE_64_BIT_INT
    USE_ITHREADS
    USE_LARGE_FILES
    USE_LOCALE
    USE_LOCALE_COLLATE
    USE_LOCALE_CTYPE
    USE_LOCALE_NUMERIC
    USE_LOCALE_TIME
    USE_LONG_DOUBLE
    USE_PERLIO
    USE_PERL_ATOF
    USE_REENTRANT_API
  Built under linux
  Compiled at Apr 14 2017 15:21:21
  %ENV:
    PERL5LIB=""
    PERL5OPT=""
    PERL5_CPANPLUS_IS_RUNNING="24626"
    PERL5_CPAN_IS_RUNNING="24626"
    PERL_CANARY_STABILITY_NOPROMPT="1"
    PERL_MM_USE_DEFAULT="1"
    PERL_USE_UNSAFE_INC="1"
  @INC:
    /home/sand/src/perl/repoperls/installed-perls/host/k93msid/v5.25.11/5ea4/lib/site_perl/5.25.11/x86_64-linux-thread-multi-ld
    /home/sand/src/perl/repoperls/installed-perls/host/k93msid/v5.25.11/5ea4/lib/site_perl/5.25.11
    /home/sand/src/perl/repoperls/installed-perls/host/k93msid/v5.25.11/5ea4/lib/5.25.11/x86_64-linux-thread-multi-ld
    /home/sand/src/perl/repoperls/installed-perls/host/k93msid/v5.25.11/5ea4/lib/5.25.11
    .