Report for Algorithm-KernelKMeans-0.03

Back
From: metabase:user:320bfe00-2aae-11df-837a-5e0a49663a4f
Subject: FAIL Algorithm-KernelKMeans-0.03 v5.20.1 RC1 GNU/Linux
Date: 2014-08-27T05:11:36Z

This distribution has been tested as part of the CPAN Testers
project, supporting the Perl programming language.  See
http://wiki.cpantesters.org/ for more information or email
questions to cpan-testers-discuss@perl.org


--
Dear Koichi SATOH,

This is a computer-generated report for Algorithm-KernelKMeans-0.03
on perl 5.20.1, created by CPAN-Reporter-1.2011.

Thank you for uploading your work to CPAN.  However, there was a problem
testing your distribution.

If you think this report is invalid, please consult the CPAN Testers Wiki
for suggestions on how to avoid getting FAIL reports for missing library
or binary dependencies, unsupported operating systems, and so on:

http://wiki.cpantesters.org/wiki/CPANAuthorNotes

Sections of this report:

    * Tester comments
    * Program output
    * Prerequisites
    * Environment and other context

------------------------------
TESTER COMMENTS
------------------------------

Additional comments from tester:

this report is from an automated smoke testing program
and was not reviewed by a human for accuracy

------------------------------
PROGRAM OUTPUT
------------------------------

Output from '/usr/bin/make test':

PERL_DL_NONLAZY=1 /tmp/basesmoker-reloperl-T2aq/bin/perl "-MExtUtils::Command::MM" "-MTest::Harness" "-e" "undef *Test::Harness::Switches; test_harness(0, 'inc', 'blib/lib', 'blib/arch')" t/*.t
t/00_compile.t ......... ok
t/01_impl_detection.t .. ok
# This test may take some minutes

#   Failed test '"vertices" and "weights" must be same size'
#   at t/02_pp_impl.t line 40.
# died: Moose::Exception::ValidationFailedForInlineTypeConstraint (Attribute (weights) does not pass the type constraint because: Validation failed for 'ArrayRef[MooseX::Types::Common::Numeric::PositiveNum]' with value [ 0, 1, 2, 3, 4, 5, ... ] at /home/sand/src/perl/repoperls/installed-perls/perl/perl-5.20.1-RC1/165a/lib/site_perl/5.20.1/x86_64-linux/Moose/Exception.pm line 37
# 	Moose::Exception::_build_trace at reader Moose::Exception::trace (defined at /home/sand/src/perl/repoperls/installed-perls/perl/perl-5.20.1-RC1/165a/lib/site_perl/5.20.1/x86_64-linux/Moose/Exception.pm line 9) line 8
# 	Moose::Exception::trace at /home/sand/src/perl/repoperls/installed-perls/perl/perl-5.20.1-RC1/165a/lib/site_perl/5.20.1/x86_64-linux/Moose/Exception.pm line 49
# 	Moose::Exception::BUILD at /home/sand/src/perl/repoperls/installed-perls/perl/perl-5.20.1-RC1/165a/lib/site_perl/5.20.1/x86_64-linux/Class/MOP/Method.pm line 126
# 	Class::MOP::Method::execute at /home/sand/src/perl/repoperls/installed-perls/perl/perl-5.20.1-RC1/165a/lib/site_perl/5.20.1/x86_64-linux/Moose/Object.pm line 55
# 	Moose::Object::BUILDALL at /home/sand/src/perl/repoperls/installed-perls/perl/perl-5.20.1-RC1/165a/lib/site_perl/5.20.1/x86_64-linux/Moose/Meta/Class.pm line 281
# 	Moose::Meta::Class::new_object at /home/sand/src/perl/repoperls/installed-perls/perl/perl-5.20.1-RC1/165a/lib/site_perl/5.20.1/x86_64-linux/Moose/Object.pm line 26
# 	Moose::Object::new at constructor Algorithm::KernelKMeans::PP::new (defined at /tmp/loop_over_bdir-15375-qXaBAx/Algorithm-KernelKMeans-0.03-kD5sVU/blib/lib/Algorithm/KernelKMeans/PP.pm line 215) line 70
# 	Algorithm::KernelKMeans::PP::new at t/02_pp_impl.t line 36
# 	Test::Exception::lives_ok at t/02_pp_impl.t line 40
# )
# Looks like you failed 1 test of 13.
t/02_pp_impl.t ......... 
Dubious, test returned 1 (wstat 256, 0x100)
Failed 1/13 subtests 
t/03_util.t ............ ok

Test Summary Report
-------------------
t/02_pp_impl.t       (Wstat: 256 Tests: 13 Failed: 1)
  Failed test:  3
  Non-zero exit status: 1
Files=4, Tests=22, 10 wallclock secs ( 0.01 usr  0.01 sys +  9.70 cusr  0.03 csys =  9.75 CPU)
Result: FAIL
Failed 1/4 test programs. 1/22 subtests failed.
Makefile:783: recipe for target 'test_dynamic' failed
make: *** [test_dynamic] Error 255

------------------------------
PREREQUISITES
------------------------------

Prerequisite modules loaded:

requires:

    Module                         Need     Have    
    ------------------------------ -------- --------
    Carp                           1.16     1.3301  
    Exporter::Lite                 0.02     0.06    
    List::MoreUtils                0.22     0.33    
    List::Util                     1.23     1.38    
    Moose                          1.1      2.1211  
    MooseX::Types::Common::Numeric 0.001001 0.001012
    MooseX::Types::Moose           0.23     0.44    
    namespace::autoclean           0.11     0.19    
    parent                         0.223    0.228   
    POSIX                          1.19     1.38_03 
    UNIVERSAL::require             0.13     0.17    

build_requires:

    Module                         Need     Have    
    ------------------------------ -------- --------
    ExtUtils::MakeMaker            6.42     6.98    
    ExtUtils::testlib              6.56     6.98    
    Test::Exception                0.29     0.32    
    Test::More                     0.88     1.001003

configure_requires:

    Module                         Need     Have    
    ------------------------------ -------- --------
    ExtUtils::MakeMaker            6.42     6.98    


------------------------------
ENVIRONMENT AND OTHER CONTEXT
------------------------------

Environment variables:

    AUTOMATED_TESTING = 1
    LANG = en_US.UTF-8
    LANGUAGE = en_US:en
    PATH = /usr/lib/ccache:/home/sand/bin:/usr/local/bin:/usr/bin:/bin:/usr/games:/usr/local/perl/bin:/usr/X11/bin:/sbin:/usr/sbin
    PERL = /tmp/basesmoker-reloperl-T2aq/bin/perl
    PERL5LIB = 
    PERL5OPT = 
    PERL5_CPANPLUS_IS_RUNNING = 14162
    PERL5_CPAN_IS_RUNNING = 14162
    PERL_MM_USE_DEFAULT = 1
    SHELL = /usr/bin/zsh
    TERM = screen

Perl special variables (and OS-specific diagnostics, for MSWin32):

    $^X = /tmp/basesmoker-reloperl-T2aq/bin/perl
    $UID/$EUID = 1005 / 1005
    $GID = 1005 1005
    $EGID = 1005 1005

Perl module toolchain versions installed:

    Module              Have    
    ------------------- --------
    CPAN                2.05    
    CPAN::Meta          2.142060
    Cwd                 3.48    
    ExtUtils::CBuilder  0.280217
    ExtUtils::Command   1.18    
    ExtUtils::Install   1.67    
    ExtUtils::MakeMaker 6.98    
    ExtUtils::Manifest  1.63    
    ExtUtils::ParseXS   3.24    
    File::Spec          3.48    
    JSON                2.90    
    JSON::PP            2.27203 
    Module::Build       0.4208  
    Module::Signature   0.73    
    Parse::CPAN::Meta   1.4414  
    Test::Harness       3.33    
    Test::More          1.001003
    YAML                1.09    
    YAML::Syck          1.27    
    version             0.9909  


--

Summary of my perl5 (revision 5 version 20 subversion 1) configuration:
   
  Platform:
    osname=linux, osvers=3.14-2-amd64, archname=x86_64-linux
    uname='linux k83 3.14-2-amd64 #1 smp debian 3.14.15-2 (2014-08-09) x86_64 gnulinux '
    config_args='-Dprefix=/home/sand/src/perl/repoperls/installed-perls/perl/perl-5.20.1-RC1/165a -Dmyhostname=k83 -Dinstallusrbinperl=n -Uversiononly -Dusedevel -des -Ui_db -Uuseithreads -Uuselongdouble -DDEBUGGING=-g'
    hint=recommended, useposix=true, d_sigaction=define
    useithreads=undef, usemultiplicity=undef
    use64bitint=define, use64bitall=define, uselongdouble=undef
    usemymalloc=n, bincompat5005=undef
  Compiler:
    cc='cc', ccflags ='-fwrapv -fno-strict-aliasing -pipe -fstack-protector -I/usr/local/include -D_LARGEFILE_SOURCE -D_FILE_OFFSET_BITS=64',
    optimize='-O2 -g',
    cppflags='-fwrapv -fno-strict-aliasing -pipe -fstack-protector -I/usr/local/include'
    ccversion='', gccversion='4.9.1', gccosandvers=''
    intsize=4, longsize=8, ptrsize=8, doublesize=8, byteorder=12345678
    d_longlong=define, longlongsize=8, d_longdbl=define, longdblsize=16
    ivtype='long', ivsize=8, nvtype='double', nvsize=8, Off_t='off_t', lseeksize=8
    alignbytes=8, prototype=define
  Linker and Libraries:
    ld='cc', ldflags =' -fstack-protector -L/usr/local/lib'
    libpth=/usr/local/lib /usr/lib/gcc/x86_64-linux-gnu/4.9/include-fixed /usr/include/x86_64-linux-gnu /usr/lib /lib/x86_64-linux-gnu /lib/../lib /usr/lib/x86_64-linux-gnu /usr/lib/../lib /lib
    libs=-lnsl -lgdbm -ldb -ldl -lm -lcrypt -lutil -lc -lgdbm_compat
    perllibs=-lnsl -ldl -lm -lcrypt -lutil -lc
    libc=libc-2.19.so, so=so, useshrplib=false, libperl=libperl.a
    gnulibc_version='2.19'
  Dynamic Linking:
    dlsrc=dl_dlopen.xs, dlext=so, d_dlsymun=undef, ccdlflags='-Wl,-E'
    cccdlflags='-fPIC', lddlflags='-shared -O2 -g -L/usr/local/lib -fstack-protector'


Characteristics of this binary (from libperl): 
  Compile-time options: HAS_TIMES PERLIO_LAYERS PERL_DONT_CREATE_GVSV
                        PERL_HASH_FUNC_ONE_AT_A_TIME_HARD PERL_MALLOC_WRAP
                        PERL_NEW_COPY_ON_WRITE PERL_PRESERVE_IVUV
                        PERL_USE_DEVEL USE_64_BIT_ALL USE_64_BIT_INT
                        USE_LARGE_FILES USE_LOCALE USE_LOCALE_COLLATE
                        USE_LOCALE_CTYPE USE_LOCALE_NUMERIC USE_PERLIO
                        USE_PERL_ATOF
  Locally applied patches:
	RC1
  Built under linux
  Compiled at Aug 26 2014 08:11:16
  %ENV:
    PERL="/tmp/basesmoker-reloperl-T2aq/bin/perl"
    PERL5LIB=""
    PERL5OPT=""
    PERL5_CPANPLUS_IS_RUNNING="14162"
    PERL5_CPAN_IS_RUNNING="14162"
    PERL_MM_USE_DEFAULT="1"
  @INC:
    /home/sand/src/perl/repoperls/installed-perls/perl/perl-5.20.1-RC1/165a/lib/site_perl/5.20.1/x86_64-linux
    /home/sand/src/perl/repoperls/installed-perls/perl/perl-5.20.1-RC1/165a/lib/site_perl/5.20.1
    /home/sand/src/perl/repoperls/installed-perls/perl/perl-5.20.1-RC1/165a/lib/5.20.1/x86_64-linux
    /home/sand/src/perl/repoperls/installed-perls/perl/perl-5.20.1-RC1/165a/lib/5.20.1
    .