Report for Catalyst-TraitFor-Component-ConfigPerSite-0.12

Back
From: metabase:user:30ae4450-2aae-11df-837a-5e0a49663a4f
Subject: FAIL Catalyst-TraitFor-Component-ConfigPerSite-0.12 v5.18.1 GNU/Linux
Date: 2014-01-19T22:54:15Z

This distribution has been tested as part of the CPAN Testers
project, supporting the Perl programming language.  See
http://wiki.cpantesters.org/ for more information or email
questions to cpan-testers-discuss@perl.org


--
Dear Aaron James Trevena,

This is a computer-generated report for Catalyst-TraitFor-Component-ConfigPerSite-0.12
on perl 5.18.1, created by CPAN-Reporter-1.2010.

Thank you for uploading your work to CPAN.  However, there was a problem
testing your distribution.

If you think this report is invalid, please consult the CPAN Testers Wiki
for suggestions on how to avoid getting FAIL reports for missing library
or binary dependencies, unsupported operating systems, and so on:

http://wiki.cpantesters.org/wiki/CPANAuthorNotes

Sections of this report:

    * Tester comments
    * Program output
    * Prerequisites
    * Environment and other context

------------------------------
TESTER COMMENTS
------------------------------

Additional comments from tester:

this report is from an automated smoke testing program
and was not reviewed by a human for accuracy

------------------------------
PROGRAM OUTPUT
------------------------------

Output from '/usr/bin/make test':

PERL_DL_NONLAZY=1 /home/c/perl5/perlbrew/perls/18.1i/bin/perl "-MExtUtils::Command::MM" "-MTest::Harness" "-e" "undef *Test::Harness::Switches; test_harness(0, 'blib/lib', 'blib/arch')" t/*.t
t/01_basic.t ........... ok
t/02_pod.t ............. ok
t/03_pod_coverage.t .... ok
t/another_site_blog.t .. ok
[error] Couldn't render template "file error - blog/view_posts.tt: not found"
[error] Couldn't render template "file error - blog/view_posts.tt: not found"

#   Failed test 'got main blog page ok'
#   at t/just_the_one.t line 15.
# /blog: internal server error
# content : 
# --------------------------------
# <!DOCTYPE html PUBLIC "-//W3C//DTD XHTML 1.0 Transitional//EN"
#     "http://www.w3.org/TR/xhtml1/DTD/xhtml1-transitional.dtd">
# <html xmlns="http://www.w3.org/1999/xhtml" xml:lang="en" lang="en">
# <head>
#     <meta http-equiv="Content-Language" content="en" />
#     <meta http-equiv="Content-Type" content="text/html; charset=utf-8" />
#     <title>TestBlogApp</title>
#     <script type="text/javascript">
#         <!--
#         function toggleDump (dumpElement) {
#             var e = document.getElementById( dumpElement );
#             if (e.style.display == "none") {
#                 e.style.display = "";
#             }
#             else {
#                 e.style.display = "none";
#             }
#         }
#         -->
#     </script>
#     <style type="text/css">
#         body {
#             font-family: "Bitstream Vera Sans", "Trebuchet MS", Verdana,
#                          Tahoma, Arial, helvetica, sans-serif;
#             color: #333;
#             background-color: #eee;
#             margin: 0px;
#             padding: 0px;
#         }
#         :link, :link:hover, :visited, :visited:hover {
#             color: #000;
#         }
#         div.box {
#             position: relative;
#             background-color: #ccc;
#             border: 1px solid #aaa;
#             padding: 4px;
#             margin: 10px;
#         }
#         div.error {
#             background-color: #cce;
#             border: 1px solid #755;
#             padding: 8px;
#             margin: 4px;
#             margin-bottom: 10px;
#         }
#         div.infos {
#             background-color: #eee;
#             border: 1px solid #575;
#             padding: 8px;
#             margin: 4px;
#             margin-bottom: 10px;
#         }
#         div.name {
#             background-color: #cce;
#             border: 1px solid #557;
#             padding: 8px;
#             margin: 4px;
#         }
#         code.error {
#             display: block;
#             margin: 1em 0;
#             overflow: auto;
#         }
#         div.name h1, div.error p {
#             margin: 0;
#         }
#         h2 {
#             margin-top: 0;
#             margin-bottom: 10px;
#             font-size: medium;
#             font-weight: bold;
#             text-decoration: underline;
#         }
#         h1 {
#             font-size: medium;
#             font-weight: normal;
#         }
#         /* from http://users.tkk.fi/~tkarvine/linux/doc/pre-wrap/pre-wrap-css3-mozilla-opera-ie.html */
#         /* Browser specific (not valid) styles to make preformatted text wrap */
#         pre {
#             white-space: pre-wrap;       /* css-3 */
#             white-space: -moz-pre-wrap;  /* Mozilla, since 1999 */
#             white-space: -pre-wrap;      /* Opera 4-6 */
#             white-space: -o-pre-wrap;    /* Opera 7 */
#             word-wrap: break-word;       /* Internet Explorer 5.5+ */
#         }
#     </style>
# </head>
# <body>
#     <div class="box">
#         <div class="error"></div>
#         <div class="infos"><pre>
# (en) Please come back later
# (fr) SVP veuillez revenir plus tard
# (de) Bitte versuchen sie es spaeter nocheinmal
# (at) Konnten's bitt'schoen spaeter nochmal reinschauen
# (no) Vennligst prov igjen senere
# (dk) Venligst prov igen senere
# (pl) Prosze sprobowac pozniej
# (pt) Por favor volte mais tarde
# (ru) Попробуйте еще раз позже
# (ua) Спробуйте ще раз пізніше
# </pre>
# </div>
#         <div class="name"></div>
#     </div>
# </body>
# </html>
#                                                                                                                                                                                                                                                                                                                                                                                                                                                                                                                                 
# -----------------------------------------

#   Failed test 'title matches'
#   at t/just_the_one.t line 24.
# Expected at least one tag of type 'title' in file HTTP::Response=HASH(0xbaecf40) matching condition, but got 0

#   Failed test 'main content appears as expected'
#   at t/just_the_one.t line 26.
# Expected at least one tag of type 'p' in file HTTP::Response=HASH(0xbaecf40) matching condition, but got 0

#   Failed test 'no unexpected errors'
#   at t/just_the_one.t line 28.
#          got: 'HTML::Element=HASH(0xbd6eb28)'
#     expected: '0'
# Expected no tags of type div matching criteria in file HTTP::Response=HASH(0xbaecf40), but got HTML::Element=HASH(0xbd6eb28)

#   Failed test 'Found link in HTML'
#   at t/just_the_one.t line 30.
# Expected at least one tag of type 'a or link' in file HTTP::Response=HASH(0xbaecf40) matching condition, but got 0
# Looks like you failed 5 tests of 5.
t/just_the_one.t ....... 
Dubious, test returned 5 (wstat 1280, 0x500)
Failed 5/5 subtests 
t/simple_blog.t ........ ok

Test Summary Report
-------------------
t/just_the_one.t     (Wstat: 1280 Tests: 5 Failed: 5)
  Failed tests:  1-5
  Non-zero exit status: 5
Files=6, Tests=24,  8 wallclock secs ( 0.07 usr  0.05 sys +  3.95 cusr  0.97 csys =  5.04 CPU)
Result: FAIL
Failed 1/6 test programs. 5/24 subtests failed.
make: *** [test_dynamic] Ошибка 255

------------------------------
PREREQUISITES
------------------------------

Prerequisite modules loaded:

requires:

    Module                           Need Have   
    -------------------------------- ---- -------
    Catalyst                         0    5.90053
    Catalyst::Action::RenderView     0    0.16   
    Catalyst::Model::DBIC::Schema    0    0.62   
    Catalyst::Plugin::ConfigLoader   0    0.33   
    Catalyst::Plugin::Static::Simple 0    0.31   
    Catalyst::View::TT               0    0.41   
    Config::General                  0    2.52   
    DateTime                         0    1.06   
    DBIx::Class::TimeStamp           0    0.14   
    Moose                            0    2.1201 
    Test::HTML::Form                 0    0.05   
    Test::Pod                        0    1.48   
    Test::Pod::Coverage              0    1.08   

build_requires:

    Module                           Need Have   
    -------------------------------- ---- -------
    ExtUtils::MakeMaker              0    6.86   

configure_requires:

    Module                           Need Have   
    -------------------------------- ---- -------
    ExtUtils::MakeMaker              0    6.86   


------------------------------
ENVIRONMENT AND OTHER CONTEXT
------------------------------

Environment variables:

    AUTOMATED_TESTING = 1
    LANG = ru_RU.utf8
    PATH = /home/c/perl5/perlbrew/bin:/home/c/perl5/perlbrew/perls/18.1i/bin:/usr/local/bin:/usr/bin:/bin:/usr/local/games:/usr/games
    PERL5LIB = /home/c/.cpan/build/Test-HTML-Form-0.05-63zi7C/blib/arch:/home/c/.cpan/build/Test-HTML-Form-0.05-63zi7C/blib/lib
    PERL5OPT = 
    PERL5_CPANPLUS_IS_RUNNING = 24496
    PERL5_CPAN_IS_RUNNING = 24496
    PERL5_CPAN_IS_RUNNING_IN_RECURSION = 27929,24496
    PERLBREW_MANPATH = /home/c/perl5/perlbrew/perls/18.1i/man
    PERLBREW_PATH = /home/c/perl5/perlbrew/bin:/home/c/perl5/perlbrew/perls/18.1i/bin
    PERLBREW_PERL = 18.1i
    PERLBREW_ROOT = /home/c/perl5/perlbrew
    PERLBREW_SKIP_INIT = 1
    PERLBREW_VERSION = 0.67
    PERL_CR_SMOKER_CURRENT = Catalyst-TraitFor-Component-ConfigPerSite-0.12
    PERL_EXTUTILS_AUTOINSTALL = --defaultdeps
    PERL_MM_USE_DEFAULT = 1
    SHELL = /bin/bash
    TERM = xterm

Perl special variables (and OS-specific diagnostics, for MSWin32):

    $^X = /home/c/perl5/perlbrew/perls/18.1i/bin/perl
    $UID/$EUID = 1000 / 1000
    $GID = 1000 24 25 29 30 44 46 103 105 108 110 1000
    $EGID = 1000 24 25 29 30 44 46 103 105 108 110 1000

Perl module toolchain versions installed:

    Module              Have    
    ------------------- --------
    CPAN                2.00    
    CPAN::Meta          2.133380
    Cwd                 3.40    
    ExtUtils::CBuilder  0.280210
    ExtUtils::Command   1.17    
    ExtUtils::Install   1.59    
    ExtUtils::MakeMaker 6.86    
    ExtUtils::Manifest  1.63    
    ExtUtils::ParseXS   3.22    
    File::Spec          3.40    
    JSON                2.90    
    JSON::PP            2.27203 
    Module::Build       0.4204  
    Module::Signature   n/a     
    Parse::CPAN::Meta   1.4405  
    Test::Harness       3.30    
    Test::More          1.001002
    YAML                0.88    
    YAML::Syck          1.27    
    version             0.9907  


--

Summary of my perl5 (revision 5 version 18 subversion 1) configuration:
   
  Platform:
    osname=linux, osvers=3.2.0-4-486, archname=i686-linux-thread-multi
    uname='linux deb7 3.2.0-4-486 #1 debian 3.2.51-1 i686 gnulinux '
    config_args='-de -Dprefix=/home/c/perl5/perlbrew/perls/18.1i -Dusethreads -Aeval:scriptdir=/home/c/perl5/perlbrew/perls/18.1i/bin'
    hint=recommended, useposix=true, d_sigaction=define
    useithreads=define, usemultiplicity=define
    useperlio=define, d_sfio=undef, uselargefiles=define, usesocks=undef
    use64bitint=undef, use64bitall=undef, uselongdouble=undef
    usemymalloc=n, bincompat5005=undef
  Compiler:
    cc='cc', ccflags ='-D_REENTRANT -D_GNU_SOURCE -fno-strict-aliasing -pipe -fstack-protector -I/usr/local/include -D_LARGEFILE_SOURCE -D_FILE_OFFSET_BITS=64',
    optimize='-O2',
    cppflags='-D_REENTRANT -D_GNU_SOURCE -fno-strict-aliasing -pipe -fstack-protector -I/usr/local/include'
    ccversion='', gccversion='4.7.2', gccosandvers=''
    intsize=4, longsize=4, ptrsize=4, doublesize=8, byteorder=1234
    d_longlong=define, longlongsize=8, d_longdbl=define, longdblsize=12
    ivtype='long', ivsize=4, nvtype='double', nvsize=8, Off_t='off_t', lseeksize=8
    alignbytes=4, prototype=define
  Linker and Libraries:
    ld='cc', ldflags =' -fstack-protector -L/usr/local/lib'
    libpth=/usr/local/lib /lib/i386-linux-gnu /lib/../lib /usr/lib/i386-linux-gnu /usr/lib/../lib /lib /usr/lib
    libs=-lnsl -lgdbm -ldb -ldl -lm -lcrypt -lutil -lpthread -lc -lgdbm_compat
    perllibs=-lnsl -ldl -lm -lcrypt -lutil -lpthread -lc
    libc=, so=so, useshrplib=false, libperl=libperl.a
    gnulibc_version='2.13'
  Dynamic Linking:
    dlsrc=dl_dlopen.xs, dlext=so, d_dlsymun=undef, ccdlflags='-Wl,-E'
    cccdlflags='-fPIC', lddlflags='-shared -O2 -L/usr/local/lib -fstack-protector'


Characteristics of this binary (from libperl): 
  Compile-time options: HAS_TIMES MULTIPLICITY PERLIO_LAYERS
                        PERL_DONT_CREATE_GVSV
                        PERL_HASH_FUNC_ONE_AT_A_TIME_HARD
                        PERL_IMPLICIT_CONTEXT PERL_MALLOC_WRAP
                        PERL_PRESERVE_IVUV PERL_SAWAMPERSAND USE_ITHREADS
                        USE_LARGE_FILES USE_LOCALE USE_LOCALE_COLLATE
                        USE_LOCALE_CTYPE USE_LOCALE_NUMERIC USE_PERLIO
                        USE_PERL_ATOF USE_REENTRANT_API
  Built under linux
  Compiled at Jan 14 2014 14:37:40
  %ENV:
    PERL5LIB="/home/c/.cpan/build/Test-HTML-Form-0.05-63zi7C/blib/arch:/home/c/.cpan/build/Test-HTML-Form-0.05-63zi7C/blib/lib"
    PERL5OPT=""
    PERL5_CPANPLUS_IS_RUNNING="24496"
    PERL5_CPAN_IS_RUNNING="24496"
    PERL5_CPAN_IS_RUNNING_IN_RECURSION="27929,24496"
    PERLBREW_MANPATH="/home/c/perl5/perlbrew/perls/18.1i/man"
    PERLBREW_PATH="/home/c/perl5/perlbrew/bin:/home/c/perl5/perlbrew/perls/18.1i/bin"
    PERLBREW_PERL="18.1i"
    PERLBREW_ROOT="/home/c/perl5/perlbrew"
    PERLBREW_SKIP_INIT="1"
    PERLBREW_VERSION="0.67"
    PERL_CR_SMOKER_CURRENT="Catalyst-TraitFor-Component-ConfigPerSite-0.12"
    PERL_EXTUTILS_AUTOINSTALL="--defaultdeps"
    PERL_MM_USE_DEFAULT="1"
  @INC:
    /home/c/.cpan/build/Test-HTML-Form-0.05-63zi7C/blib/arch
    /home/c/.cpan/build/Test-HTML-Form-0.05-63zi7C/blib/lib
    /home/c/perl5/perlbrew/perls/18.1i/lib/site_perl/5.18.1/i686-linux-thread-multi
    /home/c/perl5/perlbrew/perls/18.1i/lib/site_perl/5.18.1
    /home/c/perl5/perlbrew/perls/18.1i/lib/5.18.1/i686-linux-thread-multi
    /home/c/perl5/perlbrew/perls/18.1i/lib/5.18.1
    .