STEVEB-Dist-Mgr v0.04 Perl 5 v5.30.2 x86_64-linux
- Status
- Fail
- From
- Nigel Horne
- Dist
-
STEVEB-Dist-Mgr v0.04
- Platform
- Perl 5 v5.30.2 x86_64-linux
- Date
- 2020-12-24 06:38:23
- ID
- 9ece11a6-45b2-11eb-b9db-b6c7a8faccfa
This distribution has been tested as part of the CPAN Testers
project, supporting the Perl programming language. See
http://wiki.cpantesters.org/ for more information or email
questions to cpan-testers-discuss@perl.org
--
Dear Steve Bertrand,
This is a computer-generated report for STEVEB-Dist-Mgr-0.04
on perl 5.30.2, created by CPAN-Reporter-1.2018.
Thank you for uploading your work to CPAN. However, there was a problem
testing your distribution.
If you think this report is invalid, please consult the CPAN Testers Wiki
for suggestions on how to avoid getting FAIL reports for missing library
or binary dependencies, unsupported operating systems, and so on:
http://wiki.cpantesters.org/wiki/CPANAuthorNotes
Sections of this report:
* Tester comments
* Program output
* Prerequisites
* Environment and other context
------------------------------
TESTER COMMENTS
------------------------------
Additional comments from tester:
this report is from an automated smoke testing program
and was not reviewed by a human for accuracy
------------------------------
PROGRAM OUTPUT
------------------------------
Output from '/usr/bin/make test':
PERL_DL_NONLAZY=1 "/home/smoker/perl5/perlbrew/perls/perl-5.30.2/bin/perl5.30.2" "-MExtUtils::Command::MM" "-MTest::Harness" "-e" "undef *Test::Harness::Switches; test_harness(0, 'blib/lib', 'blib/arch')" t/*.t
Is a directory at t/lib/Helper.pm line 49.
# Tests were run but no plan was declared and done_testing() was not seen.
# Looks like your test exited with 21 just after 1.
t/05-bump_version.t ...........
Dubious, test returned 21 (wstat 5376, 0x1500)
All 1 subtests passed
# Testing STEVEB::Dist::Mgr 0.04, Module 5.030002, /home/smoker/perl5/perlbrew/perls/perl-5.30.2/bin/perl5.30.2
t/00-load.t ................... ok
t/10-get_version_info.t ....... ok
Is a directory at t/lib/Helper.pm line 45.
# Tests were run but no plan was declared and done_testing() was not seen.
# Looks like your test exited with 21 just after 2.
t/15-add_repo_add_bugtrack.t ..
Dubious, test returned 21 (wstat 5376, 0x1500)
All 2 subtests passed
t/manifest.t .................. skipped: Author tests not required for installation
Is a directory at t/lib/Helper.pm line 42.
# Tests were run but no plan was declared and done_testing() was not seen.
# Looks like your test exited with 21 just after 2.
t/20-ci_config_files.t ........
Dubious, test returned 21 (wstat 5376, 0x1500)
All 2 subtests passed
Is a directory at t/lib/Helper.pm line 49.
# Tests were run but no plan was declared and done_testing() was not seen.
# Looks like your test exited with 21 just after 1.
t/25-ci_badges.t ..............
Dubious, test returned 21 (wstat 5376, 0x1500)
All 1 subtests passed
t/pod-coverage.t .............. skipped: Author tests not required for installation
t/pod.t ....................... skipped: Author tests not required for installation
# Failed test 'in proper directory ok'
# at t/50-full_run.t line 48.
# '/tmp/build/STEVEB-Dist-Mgr-0.04-0'
# doesn't match '(?^:steveb-dist-mgr)'
No such file or directory at t/50-full_run.t line 50.
# Tests were run but no plan was declared and done_testing() was not seen.
# Looks like your test exited with 2 just after 3.
t/50-full_run.t ...............
Dubious, test returned 2 (wstat 512, 0x200)
Failed 1/3 subtests
No such file or directory at /tmp/build/STEVEB-Dist-Mgr-0.04-0/blib/lib/STEVEB/Dist/Mgr.pm line 367.
# Tests were run but no plan was declared and done_testing() was not seen.
# Looks like your test exited with 2 just after 2.
t/30-manifest_skip.t ..........
Dubious, test returned 2 (wstat 512, 0x200)
All 2 subtests passed
No such file or directory at /tmp/build/STEVEB-Dist-Mgr-0.04-0/blib/lib/STEVEB/Dist/Mgr.pm line 272.
# Tests were run but no plan was declared and done_testing() was not seen.
# Looks like your test exited with 2 just after 2.
t/35-git_ignore.t .............
Dubious, test returned 2 (wstat 512, 0x200)
All 2 subtests passed
# Failed test 'in proper directory ok'
# at t/40-remove_unwanted_files.t line 34.
# '/tmp/build/STEVEB-Dist-Mgr-0.04-0'
# doesn't match '(?^:steveb-dist-mgr)'
No such file or directory at t/40-remove_unwanted_files.t line 36.
# Tests were run but no plan was declared and done_testing() was not seen.
# Looks like your test exited with 2 just after 3.
t/40-remove_unwanted_files.t ..
Dubious, test returned 2 (wstat 512, 0x200)
Failed 1/3 subtests
# Failed test '...and error is sane'
# at t/45-init.t line 39.
# 'init() requires 'modules' in the parameter hash at t/45-init.t line 36.
# '
# doesn't match '(?^:Can't run init\(\))'
# Failed test 'back in root directory ok'
# at t/45-init.t line 133.
# '/tmp/build/STEVEB-Dist-Mgr-0.04-0'
# doesn't match '(?^:steveb-dist-mgr)'
# Failed test 'in proper directory ok'
# at t/45-init.t line 117.
# '/tmp/build/STEVEB-Dist-Mgr-0.04-0'
# doesn't match '(?^:steveb-dist-mgr)'
No such file or directory at t/45-init.t line 119.
# Tests were run but no plan was declared and done_testing() was not seen.
# Looks like your test exited with 2 just after 6.
t/45-init.t ...................
Dubious, test returned 2 (wstat 512, 0x200)
Failed 3/6 subtests
Test Summary Report
-------------------
t/05-bump_version.t (Wstat: 5376 Tests: 1 Failed: 0)
Non-zero exit status: 21
Parse errors: No plan found in TAP output
t/15-add_repo_add_bugtrack.t (Wstat: 5376 Tests: 2 Failed: 0)
Non-zero exit status: 21
Parse errors: No plan found in TAP output
t/20-ci_config_files.t (Wstat: 5376 Tests: 2 Failed: 0)
Non-zero exit status: 21
Parse errors: No plan found in TAP output
t/25-ci_badges.t (Wstat: 5376 Tests: 1 Failed: 0)
Non-zero exit status: 21
Parse errors: No plan found in TAP output
t/50-full_run.t (Wstat: 512 Tests: 3 Failed: 1)
Failed test: 3
Non-zero exit status: 2
Parse errors: No plan found in TAP output
t/30-manifest_skip.t (Wstat: 512 Tests: 2 Failed: 0)
Non-zero exit status: 2
Parse errors: No plan found in TAP output
t/35-git_ignore.t (Wstat: 512 Tests: 2 Failed: 0)
Non-zero exit status: 2
Parse errors: No plan found in TAP output
t/40-remove_unwanted_files.t (Wstat: 512 Tests: 3 Failed: 1)
Failed test: 3
Non-zero exit status: 2
Parse errors: No plan found in TAP output
t/45-init.t (Wstat: 512 Tests: 6 Failed: 3)
Failed tests: 4-6
Non-zero exit status: 2
Parse errors: No plan found in TAP output
Files=14, Tests=39, 0 wallclock secs ( 0.04 usr 0.01 sys + 1.43 cusr 1.86 csys = 3.34 CPU)
Result: FAIL
Failed 9/14 test programs. 5/39 subtests failed.
Makefile:874: recipe for target 'test_dynamic' failed
make: *** [test_dynamic] Error 2
------------------------------
PREREQUISITES
------------------------------
Prerequisite modules loaded:
requires:
Module Need Have
------------------- ----- --------
File::Find::Rule 0 0.34
File::Path 0 2.16
Module::Starter 0 1.77
perl 5.010 5.030002
PPI 0 1.270
Tie::File 0 1.02
version 0 0.9924
build_requires:
Module Need Have
------------------- ----- --------
Hook::Output::Tiny 1.00 1.00
Test::More 0 1.302162
configure_requires:
Module Need Have
------------------- ----- --------
ExtUtils::MakeMaker 0 7.44
------------------------------
ENVIRONMENT AND OTHER CONTEXT
------------------------------
Environment variables:
AUTOMATED_TESTING = 1
HARNESS_OPTIONS = j10
NONINTERACTIVE_TESTING = 1
PATH = /home/smoker/perl5/perlbrew/bin:/home/smoker/perl5/perlbrew/perls/perl-5.30.2/bin:/usr/local/sbin:/usr/local/bin:/usr/sbin:/usr/bin:/sbin:/bin
PERL5LIB = /tmp/build/PPI-1.270-0/blib/arch:/tmp/build/PPI-1.270-0/blib/lib:/tmp/build/Test-SubCalls-1.10-0/blib/arch:/tmp/build/Test-SubCalls-1.10-0/blib/lib:/tmp/build/Hook-LexWrap-0.26-0/blib/arch:/tmp/build/Hook-LexWrap-0.26-0/blib/lib:/tmp/build/Test-Object-0.08-0/blib/arch:/tmp/build/Test-Object-0.08-0/blib/lib:/tmp/build/Test-NoWarnings-1.04-0/blib/arch:/tmp/build/Test-NoWarnings-1.04-0/blib/lib:/tmp/build/Task-Weaken-1.06-0/blib/arch:/tmp/build/Task-Weaken-1.06-0/blib/lib:/tmp/build/Class-Inspector-1.36-0/blib/arch:/tmp/build/Class-Inspector-1.36-0/blib/lib:/tmp/build/Module-Starter-1.77-0/blib/arch:/tmp/build/Module-Starter-1.77-0/blib/lib:/tmp/build/Software-License-0.103014-0/blib/arch:/tmp/build/Software-License-0.103014-0/blib/lib:/tmp/build/Text-Template-1.59-0/blib/arch:/tmp/build/Text-Template-1.59-0/blib/lib:/tmp/build/Test-More-UTF8-0.05-0/blib/arch:/tmp/build/Test-More-UTF8-0.05-0/blib/lib:/tmp/build/Data-Section-0.200007-0/blib/arch:/tmp/build/Data-Section-0.200007-0/blib/lib:/tmp/build/Test-FailWarnings-0.008-0/blib/arch:/tmp/build/Test-FailWarnings-0.008-0/blib/lib:/tmp/build/Sub-Exporter-0.987-0/blib/arch:/tmp/build/Sub-Exporter-0.987-0/blib/lib:/tmp/build/Data-OptList-0.110-0/blib/arch:/tmp/build/Data-OptList-0.110-0/blib/lib:/tmp/build/Sub-Install-0.928-0/blib/arch:/tmp/build/Sub-Install-0.928-0/blib/lib:/tmp/build/Params-Util-1.102-0/blib/arch:/tmp/build/Params-Util-1.102-0/blib/lib:/tmp/build/Test-LeakTrace-0.16-0/blib/arch:/tmp/build/Test-LeakTrace-0.16-0/blib/lib:/tmp/build/MRO-Compat-0.13-0/blib/arch:/tmp/build/MRO-Compat-0.13-0/blib/lib:/tmp/build/Hook-Output-Tiny-1.00-0/blib/arch:/tmp/build/Hook-Output-Tiny-1.00-0/blib/lib
PERL5OPT =
PERL5_CPANPLUS_IS_RUNNING = 426883
PERL5_CPAN_IS_RUNNING = 426883
PERLBREW_HOME = /home/smoker/.perlbrew
PERLBREW_MANPATH = /home/smoker/perl5/perlbrew/perls/perl-5.30.2/man
PERLBREW_PATH = /home/smoker/perl5/perlbrew/bin:/home/smoker/perl5/perlbrew/perls/perl-5.30.2/bin
PERLBREW_PERL = perl-5.30.2
PERLBREW_ROOT = /home/smoker/perl5/perlbrew
PERLBREW_SHELLRC_VERSION = 0.88
PERLBREW_VERSION = 0.88
PERL_MM_USE_DEFAULT = 1
PERL_USE_UNSAFE_INC = 1
SHELL = /bin/bash
TERM = xterm
TMPDIR = /tmp/testwrapper.426871
Perl special variables (and OS-specific diagnostics, for MSWin32):
$^X = /home/smoker/perl5/perlbrew/perls/perl-5.30.2/bin/perl5.30.2
$UID/$EUID = 1000 / 1000
$GID = 1000
$EGID = 1000
Perl module toolchain versions installed:
Module Have
------------------- --------
CPAN 2.22
CPAN::Meta 2.150010
Cwd 3.78
ExtUtils::CBuilder 0.280231
ExtUtils::Command 7.44
ExtUtils::Install 2.14
ExtUtils::MakeMaker 7.44
ExtUtils::Manifest 1.72
ExtUtils::ParseXS 3.40
File::Spec 3.78
JSON 4.02
JSON::PP 4.02
Module::Build 0.4231
Module::Signature n/a
Parse::CPAN::Meta 2.150010
Test::Harness 3.42
Test::More 1.302162
YAML 1.30
YAML::Syck 1.32
version 0.9924
--
Summary of my perl5 (revision 5 version 30 subversion 2) configuration:
Platform:
osname=linux
osvers=5.4.0-4-amd64
archname=x86_64-linux
uname='linux 42b7bad9d591 5.4.0-4-amd64 #1 smp debian 5.4.19-1 (2020-02-13) x86_64 gnulinux '
config_args='-de -Dprefix=/home/smoker/perl5/perlbrew/perls/perl-5.30.2 -Dusedevel -Accflags=-O2 -pipe -Wall -Wextra -mtune=native -march=native -Aeval:scriptdir=/home/smoker/perl5/perlbrew/perls/perl-5.30.2/bin'
hint=recommended
useposix=true
d_sigaction=define
useithreads=undef
usemultiplicity=undef
use64bitint=define
use64bitall=define
uselongdouble=undef
usemymalloc=n
default_inc_excludes_dot=define
bincompat5005=undef
Compiler:
cc='cc'
ccflags ='-O2 -pipe -Wall -Wextra -mtune=native -march=native -fwrapv -fno-strict-aliasing -fstack-protector-strong -I/usr/local/include -D_LARGEFILE_SOURCE -D_FILE_OFFSET_BITS=64 -D_FORTIFY_SOURCE=2'
optimize='-O2'
cppflags='-O2 -pipe -Wall -Wextra -mtune=native -march=native -fwrapv -fno-strict-aliasing -fstack-protector-strong -I/usr/local/include'
ccversion=''
gccversion='6.3.0 20170516'
gccosandvers=''
intsize=4
longsize=8
ptrsize=8
doublesize=8
byteorder=12345678
doublekind=3
d_longlong=define
longlongsize=8
d_longdbl=define
longdblsize=16
longdblkind=3
ivtype='long'
ivsize=8
nvtype='double'
nvsize=8
Off_t='off_t'
lseeksize=8
alignbytes=8
prototype=define
Linker and Libraries:
ld='cc'
ldflags =' -fstack-protector-strong -L/usr/local/lib'
libpth=/usr/local/lib /usr/lib/gcc/x86_64-linux-gnu/6/include-fixed /usr/include/x86_64-linux-gnu /usr/lib /lib/x86_64-linux-gnu /lib/../lib /usr/lib/x86_64-linux-gnu /usr/lib/../lib /lib
libs=-lpthread -lnsl -ldl -lm -lcrypt -lutil -lc
perllibs=-lpthread -lnsl -ldl -lm -lcrypt -lutil -lc
libc=libc-2.24.so
so=so
useshrplib=false
libperl=libperl.a
gnulibc_version='2.24'
Dynamic Linking:
dlsrc=dl_dlopen.xs
dlext=so
d_dlsymun=undef
ccdlflags='-Wl,-E'
cccdlflags='-fPIC'
lddlflags='-shared -O2 -L/usr/local/lib -fstack-protector-strong'
Characteristics of this binary (from libperl):
Compile-time options:
HAS_TIMES
PERLIO_LAYERS
PERL_COPY_ON_WRITE
PERL_DONT_CREATE_GVSV
PERL_MALLOC_WRAP
PERL_OP_PARENT
PERL_PRESERVE_IVUV
PERL_USE_DEVEL
USE_64_BIT_ALL
USE_64_BIT_INT
USE_LARGE_FILES
USE_LOCALE
USE_LOCALE_COLLATE
USE_LOCALE_CTYPE
USE_LOCALE_NUMERIC
USE_LOCALE_TIME
USE_PERLIO
USE_PERL_ATOF
Locally applied patches:
Devel::PatchPerl 1.90
Built under linux
Compiled at Mar 26 2020 19:19:42
%ENV:
PERL5LIB="/tmp/build/PPI-1.270-0/blib/arch:/tmp/build/PPI-1.270-0/blib/lib:/tmp/build/Test-SubCalls-1.10-0/blib/arch:/tmp/build/Test-SubCalls-1.10-0/blib/lib:/tmp/build/Hook-LexWrap-0.26-0/blib/arch:/tmp/build/Hook-LexWrap-0.26-0/blib/lib:/tmp/build/Test-Object-0.08-0/blib/arch:/tmp/build/Test-Object-0.08-0/blib/lib:/tmp/build/Test-NoWarnings-1.04-0/blib/arch:/tmp/build/Test-NoWarnings-1.04-0/blib/lib:/tmp/build/Task-Weaken-1.06-0/blib/arch:/tmp/build/Task-Weaken-1.06-0/blib/lib:/tmp/build/Class-Inspector-1.36-0/blib/arch:/tmp/build/Class-Inspector-1.36-0/blib/lib:/tmp/build/Module-Starter-1.77-0/blib/arch:/tmp/build/Module-Starter-1.77-0/blib/lib:/tmp/build/Software-License-0.103014-0/blib/arch:/tmp/build/Software-License-0.103014-0/blib/lib:/tmp/build/Text-Template-1.59-0/blib/arch:/tmp/build/Text-Template-1.59-0/blib/lib:/tmp/build/Test-More-UTF8-0.05-0/blib/arch:/tmp/build/Test-More-UTF8-0.05-0/blib/lib:/tmp/build/Data-Section-0.200007-0/blib/arch:/tmp/build/Data-Section-0.200007-0/blib/lib:/tmp/build/Test-FailWarnings-0.008-0/blib/arch:/tmp/build/Test-FailWarnings-0.008-0/blib/lib:/tmp/build/Sub-Exporter-0.987-0/blib/arch:/tmp/build/Sub-Exporter-0.987-0/blib/lib:/tmp/build/Data-OptList-0.110-0/blib/arch:/tmp/build/Data-OptList-0.110-0/blib/lib:/tmp/build/Sub-Install-0.928-0/blib/arch:/tmp/build/Sub-Install-0.928-0/blib/lib:/tmp/build/Params-Util-1.102-0/blib/arch:/tmp/build/Params-Util-1.102-0/blib/lib:/tmp/build/Test-LeakTrace-0.16-0/blib/arch:/tmp/build/Test-LeakTrace-0.16-0/blib/lib:/tmp/build/MRO-Compat-0.13-0/blib/arch:/tmp/build/MRO-Compat-0.13-0/blib/lib:/tmp/build/Hook-Output-Tiny-1.00-0/blib/arch:/tmp/build/Hook-Output-Tiny-1.00-0/blib/lib"
PERL5OPT=""
PERL5_CPANPLUS_IS_RUNNING="426883"
PERL5_CPAN_IS_RUNNING="426883"
PERLBREW_HOME="/home/smoker/.perlbrew"
PERLBREW_MANPATH="/home/smoker/perl5/perlbrew/perls/perl-5.30.2/man"
PERLBREW_PATH="/home/smoker/perl5/perlbrew/bin:/home/smoker/perl5/perlbrew/perls/perl-5.30.2/bin"
PERLBREW_PERL="perl-5.30.2"
PERLBREW_ROOT="/home/smoker/perl5/perlbrew"
PERLBREW_SHELLRC_VERSION="0.88"
PERLBREW_VERSION="0.88"
PERL_MM_USE_DEFAULT="1"
PERL_USE_UNSAFE_INC="1"
@INC:
/tmp/build/PPI-1.270-0/blib/arch
/tmp/build/PPI-1.270-0/blib/lib
/tmp/build/Test-SubCalls-1.10-0/blib/arch
/tmp/build/Test-SubCalls-1.10-0/blib/lib
/tmp/build/Hook-LexWrap-0.26-0/blib/arch
/tmp/build/Hook-LexWrap-0.26-0/blib/lib
/tmp/build/Test-Object-0.08-0/blib/arch
/tmp/build/Test-Object-0.08-0/blib/lib
/tmp/build/Test-NoWarnings-1.04-0/blib/arch
/tmp/build/Test-NoWarnings-1.04-0/blib/lib
/tmp/build/Task-Weaken-1.06-0/blib/arch
/tmp/build/Task-Weaken-1.06-0/blib/lib
/tmp/build/Class-Inspector-1.36-0/blib/arch
/tmp/build/Class-Inspector-1.36-0/blib/lib
/tmp/build/Module-Starter-1.77-0/blib/arch
/tmp/build/Module-Starter-1.77-0/blib/lib
/tmp/build/Software-License-0.103014-0/blib/arch
/tmp/build/Software-License-0.103014-0/blib/lib
/tmp/build/Text-Template-1.59-0/blib/arch
/tmp/build/Text-Template-1.59-0/blib/lib
/tmp/build/Test-More-UTF8-0.05-0/blib/arch
/tmp/build/Test-More-UTF8-0.05-0/blib/lib
/tmp/build/Data-Section-0.200007-0/blib/arch
/tmp/build/Data-Section-0.200007-0/blib/lib
/tmp/build/Test-FailWarnings-0.008-0/blib/arch
/tmp/build/Test-FailWarnings-0.008-0/blib/lib
/tmp/build/Sub-Exporter-0.987-0/blib/arch
/tmp/build/Sub-Exporter-0.987-0/blib/lib
/tmp/build/Data-OptList-0.110-0/blib/arch
/tmp/build/Data-OptList-0.110-0/blib/lib
/tmp/build/Sub-Install-0.928-0/blib/arch
/tmp/build/Sub-Install-0.928-0/blib/lib
/tmp/build/Params-Util-1.102-0/blib/arch
/tmp/build/Params-Util-1.102-0/blib/lib
/tmp/build/Test-LeakTrace-0.16-0/blib/arch
/tmp/build/Test-LeakTrace-0.16-0/blib/lib
/tmp/build/MRO-Compat-0.13-0/blib/arch
/tmp/build/MRO-Compat-0.13-0/blib/lib
/tmp/build/Hook-Output-Tiny-1.00-0/blib/arch
/tmp/build/Hook-Output-Tiny-1.00-0/blib/lib
/home/smoker/perl5/perlbrew/perls/perl-5.30.2/lib/site_perl/5.30.2/x86_64-linux
/home/smoker/perl5/perlbrew/perls/perl-5.30.2/lib/site_perl/5.30.2
/home/smoker/perl5/perlbrew/perls/perl-5.30.2/lib/5.30.2/x86_64-linux
/home/smoker/perl5/perlbrew/perls/perl-5.30.2/lib/5.30.2
.