Back
From: metabase:user:d2c9f356-b46f-11df-9a90-20a83c0b7757
Subject: FAIL Test-Log4perl-0.1001 v5.15.5 SunOS/Solaris
Date: 2011-12-19T17:33:54Z
This distribution has been tested as part of the CPAN Testers
project, supporting the Perl programming language. See
http://wiki.cpantesters.org/ for more information or email
questions to cpan-testers-discuss@perl.org
--
Dear Fotango Ltd,
This is a computer-generated report for Test-Log4perl-0.1001
on perl 5.15.5, created by CPAN-Reporter-1.2003.
Thank you for uploading your work to CPAN. However, there was a problem
testing your distribution.
If you think this report is invalid, please consult the CPAN Testers Wiki
for suggestions on how to avoid getting FAIL reports for missing library
or binary dependencies, unsupported operating systems, and so on:
http://wiki.cpantesters.org/wiki/CPANAuthorNotes
Sections of this report:
* Tester comments
* Program output
* Prerequisites
* Environment and other context
------------------------------
TESTER COMMENTS
------------------------------
Additional comments from tester:
this report is from an automated smoke testing program
and was not reviewed by a human for accuracy
------------------------------
PROGRAM OUTPUT
------------------------------
Output from './Build test':
# Failed test 'logdie'
# at t/01basic.t line 135.
# STDOUT is:
# not ok 1 - Log4perl test
#
# not:
# ok 1 - Log4perl test
#
# as expected
# STDERR is:
# # Failed test 'Log4perl test'
# # at t/01basic.t line 134.
# # Ended logging run, but still expecting 1 more log(s)
# # Expecting fatal of type 'Foo' next:
# # 'my hair is on fire!'
#
# not:
#
# as expected
t/01basic.t ...
Failed 1/9 subtests
t/02ignore.t .. ok
t/03match.t ... ok
# Failed test 'getting wrong message'
# at t/04re.t line 42.
# STDERR is:
# # Failed test 'Log4perl test'
# # at t/04re.t line 40.
# # 1st message logged wasn't what we expected:
# # message was 'my hair is on fire!'
# # not like '(?^:tree)'
# # (Offending log call from line 39 in t/04re.t)
#
# not:
# /#\s+Failed\ test.*?\n?.*?at\ t\/04re\.t line 40.*\n?/
#
# # 1st message logged wasn't what we expected:
#
# # message was 'my hair is on fire!'
#
# # not like '(?-xism:tree)'
#
# # (Offending log call from line 39 in t/04re.t)
#
# as expected
t/04re.t ......
Failed 1/2 subtests
Test Summary Report
-------------------
t/01basic.t (Wstat: 0 Tests: 9 Failed: 1)
Failed test: 9
t/04re.t (Wstat: 0 Tests: 2 Failed: 1)
Failed test: 2
Files=4, Tests=21, 0 wallclock secs ( 0.03 usr 0.01 sys + 0.28 cusr 0.04 csys = 0.36 CPU)
Result: FAIL
Failed 2/4 test programs. 2/21 subtests failed.
------------------------------
PREREQUISITES
------------------------------
Prerequisite modules loaded:
requires:
Module Need Have
----------------------------- ---- ----
Carp 0 1.23
Class::Accessor::Chained 0 0.01
Lingua::EN::Numbers::Ordinate 0 1.02
Log::Log4perl 0 1.34
Scalar::Util 0 1.23
Test::Builder 0 0.98
build_requires:
Module Need Have
----------------------------- ---- ----
Test::Builder::Tester 0.9 1.22
Test::Exception 0 0.31
Test::More 0 0.98
------------------------------
ENVIRONMENT AND OTHER CONTEXT
------------------------------
Environment variables:
AUTOMATED_TESTING = 1
LANG = C
LD_LIBRARY_PATH = /usr/local/lib:
PATH = /export/home/cpant4/perl5/bin:/usr/local/bin:/usr/bin
PERL5LIB = /export/home/cpant4/.cpan/build/Lingua-EN-Numbers-Ordinate-1.02-Prkjdp/blib/arch:/export/home/cpant4/.cpan/build/Lingua-EN-Numbers-Ordinate-1.02-Prkjdp/blib/lib
PERL5OPT =
PERL5_CPANPLUS_IS_RUNNING = 19222
PERL5_CPAN_IS_RUNNING = 19222
PERL5_CPAN_IS_RUNNING_IN_RECURSION = 2919,19222
PERL_CR_SMOKER_CURRENT = Test-Log4perl-0.1001
PERL_EXTUTILS_AUTOINSTALL = --defaultdeps
PERL_MM_USE_DEFAULT = 1
SHELL = /bin/bash
TERM = xterm
Perl special variables (and OS-specific diagnostics, for MSWin32):
$^X = /export/home/cpant4/perl5/bin/perl5.15.5
$UID/$EUID = 104 / 104
$GID = 1 1
$EGID = 1 1
Perl module toolchain versions installed:
Module Have
------------------- --------
CPAN 1.9800
CPAN::Meta 2.112621
Cwd 3.37
ExtUtils::CBuilder 0.280204
ExtUtils::Command 1.17
ExtUtils::Install 1.57
ExtUtils::MakeMaker 6.63_02
ExtUtils::Manifest 1.60
ExtUtils::ParseXS 3.07
File::Spec 3.34
JSON 2.53
JSON::PP 2.27200
Module::Build 0.39_01
Module::Signature n/a
Parse::CPAN::Meta 1.4401
Test::Harness 3.23
Test::More 0.98
YAML 0.77
YAML::Syck 1.19
version 0.95
--
Summary of my perl5 (revision 5 version 15 subversion 5) configuration:
Platform:
osname=solaris, osvers=2.10, archname=i86pc-solaris-64int
uname='sunos vmrz0046 5.10 generic_141445-09 i86pc i386 i86pc solaris '
config_args='-Dcc=gcc -Dprefix=~/perl5 -Duse64bitint -Dusedevel -d'
hint=recommended, useposix=true, d_sigaction=define
useithreads=undef, usemultiplicity=undef
useperlio=define, d_sfio=undef, uselargefiles=define, usesocks=undef
use64bitint=define, use64bitall=undef, uselongdouble=undef
usemymalloc=n, bincompat5005=undef
Compiler:
cc='gcc', ccflags ='-DPTR_IS_LONG -fno-strict-aliasing -pipe -I/usr/local/include -D_LARGEFILE_SOURCE -D_FILE_OFFSET_BITS=64 -DPERL_USE_SAFE_PUTENV',
optimize='-O',
cppflags='-DPTR_IS_LONG -fno-strict-aliasing -pipe -I/usr/local/include'
ccversion='', gccversion='3.4.6', gccosandvers='solaris2.10'
intsize=4, longsize=4, ptrsize=4, doublesize=8, byteorder=12345678
d_longlong=define, longlongsize=8, d_longdbl=define, longdblsize=12
ivtype='long long', ivsize=8, nvtype='double', nvsize=8, Off_t='off_t', lseeksize=8
alignbytes=4, prototype=define
Linker and Libraries:
ld='gcc', ldflags =' -L/usr/local/lib '
libpth=/usr/local/lib /usr/lib /usr/ccs/lib
libs=-lsocket -lnsl -lgdbm -ldl -lm -lc
perllibs=-lsocket -lnsl -ldl -lm -lc
libc=/lib/libc.so, so=so, useshrplib=false, libperl=libperl.a
gnulibc_version=''
Dynamic Linking:
dlsrc=dl_dlopen.xs, dlext=so, d_dlsymun=undef, ccdlflags=' '
cccdlflags='-fPIC', lddlflags='-G -L/usr/local/lib'
Characteristics of this binary (from libperl):
Compile-time options: HAS_TIMES PERLIO_LAYERS PERL_DONT_CREATE_GVSV
PERL_MALLOC_WRAP PERL_PRESERVE_IVUV PERL_USE_DEVEL
PERL_USE_SAFE_PUTENV USE_64_BIT_INT USE_LARGE_FILES
USE_LOCALE USE_LOCALE_COLLATE USE_LOCALE_CTYPE
USE_LOCALE_NUMERIC USE_PERLIO USE_PERL_ATOF
Built under solaris
Compiled at Nov 28 2011 11:34:47
%ENV:
PERL5LIB="/export/home/cpant4/.cpan/build/Lingua-EN-Numbers-Ordinate-1.02-Prkjdp/blib/arch:/export/home/cpant4/.cpan/build/Lingua-EN-Numbers-Ordinate-1.02-Prkjdp/blib/lib"
PERL5OPT=""
PERL5_CPANPLUS_IS_RUNNING="19222"
PERL5_CPAN_IS_RUNNING="19222"
PERL5_CPAN_IS_RUNNING_IN_RECURSION="2919,19222"
PERL_CR_SMOKER_CURRENT="Test-Log4perl-0.1001"
PERL_EXTUTILS_AUTOINSTALL="--defaultdeps"
PERL_MM_USE_DEFAULT="1"
@INC:
/export/home/cpant4/.cpan/build/Lingua-EN-Numbers-Ordinate-1.02-Prkjdp/blib/arch
/export/home/cpant4/.cpan/build/Lingua-EN-Numbers-Ordinate-1.02-Prkjdp/blib/lib
/export/home/cpant4/perl5/lib/site_perl/5.15.5/i86pc-solaris-64int
/export/home/cpant4/perl5/lib/site_perl/5.15.5
/export/home/cpant4/perl5/lib/5.15.5/i86pc-solaris-64int
/export/home/cpant4/perl5/lib/5.15.5
/export/home/cpant4/perl5/lib/site_perl
.