Report for Socialtext-Resting-Utils-0.21

Back
From: metabase:user:320bfe00-2aae-11df-837a-5e0a49663a4f
Subject: FAIL Socialtext-Resting-Utils-0.21 v5.23.8 GNU/Linux
Date: 2016-02-11T20:25:42Z

This distribution has been tested as part of the CPAN Testers
project, supporting the Perl programming language.  See
http://wiki.cpantesters.org/ for more information or email
questions to cpan-testers-discuss@perl.org


--
Dear Luke Closs,

This is a computer-generated report for Socialtext-Resting-Utils-0.21
on perl 5.23.8, created by CPAN-Reporter-1.2015.

Thank you for uploading your work to CPAN.  However, there was a problem
testing your distribution.

If you think this report is invalid, please consult the CPAN Testers Wiki
for suggestions on how to avoid getting FAIL reports for missing library
or binary dependencies, unsupported operating systems, and so on:

http://wiki.cpantesters.org/wiki/CPANAuthorNotes

Sections of this report:

    * Tester comments
    * Program output
    * Prerequisites
    * Environment and other context

------------------------------
TESTER COMMENTS
------------------------------

Additional comments from tester:

this report is from an automated smoke testing program
and was not reviewed by a human for accuracy

------------------------------
PROGRAM OUTPUT
------------------------------

Output from '/usr/bin/make test':

PERL_DL_NONLAZY=1 "/tmp/basesmoker-reloperl-FYRP/bin/perl" "-MExtUtils::Command::MM" "-MTest::Harness" "-e" "undef *Test::Harness::Switches; test_harness(0, 'blib/lib', 'blib/arch')" t/*.t
# Testing Socialtext::Resting::Utils 0.21, Perl 5.023008, /tmp/basesmoker-reloperl-FYRP/bin/perl
t/00-load.t ......... ok
t/default-rester.t .. ok
Failed to write 'Baz', saving to baz.sav
Failed to write 'Baz', saving to baz.sav.1
t/edit-page.t ....... ok
t/factory.t ......... ok
t/getopt.t .......... ok
t/object.t .......... ok
t/pod-coverage.t .... ok

#   Failed test 'POD test for blib/lib/Socialtext/Resting/DefaultRester.pm'
#   at /home/sand/src/perl/repoperls/installed-perls/host/k93x64sid/v5.23.7-351-g841c58e/9af6/lib/site_perl/5.23.8/Test/Pod.pm line 187.
# blib/lib/Socialtext/Resting/DefaultRester.pm (43): Expected text after =item, not a bullet
# Looks like you failed 1 test of 17.
t/pod.t ............. 
Dubious, test returned 1 (wstat 256, 0x100)
Failed 1/17 subtests 
t/pre-block.t ....... ok
t/table-config.t .... ok
t/tagged-pages.t .... ok
t/wikedit.t ......... ok
t/wiki-localcopy.t .. ok
t/yaml-object.t ..... ok

Test Summary Report
-------------------
t/pod.t           (Wstat: 256 Tests: 17 Failed: 1)
  Failed test:  13
  Non-zero exit status: 1
Files=14, Tests=170,  2 wallclock secs ( 0.06 usr  0.04 sys +  1.48 cusr  0.32 csys =  1.90 CPU)
Result: FAIL
Failed 1/14 test programs. 1/170 subtests failed.
Makefile:961: recipe for target 'test_dynamic' failed
make: *** [test_dynamic] Error 255

------------------------------
PREREQUISITES
------------------------------

Prerequisite modules loaded:

requires:

    Module              Need Have    
    ------------------- ---- --------
    Crypt::CBC          0    2.33    
    Crypt::DES          0    2.07    
    Getopt::Long        2.36 2.48    
    JSON::XS            2.01 3.01    
    Socialtext::Resting 0.27 0.38    
    Test::Mock::LWP     0    0.08    
    Test::More          0    1.001014
    YAML                0    1.15    

build_requires:

    Module              Need Have    
    ------------------- ---- --------
    ExtUtils::MakeMaker 0    7.10_01 

configure_requires:

    Module              Need Have    
    ------------------- ---- --------
    ExtUtils::MakeMaker 0    7.10_01 


------------------------------
ENVIRONMENT AND OTHER CONTEXT
------------------------------

Environment variables:

    AUTOMATED_TESTING = 1
    LANG = C
    PATH = /usr/lib/ccache:/home/sand/bin:/usr/local/bin:/usr/bin:/bin:/usr/games:/usr/local/perl/bin:/usr/X11/bin:/sbin:/usr/sbin
    PERL5LIB = /tmp/loop_over_bdir-20255-ETUMjw/ProjectBuilder-0.12.2-0/blib/arch:/tmp/loop_over_bdir-20255-ETUMjw/ProjectBuilder-0.12.2-0/blib/lib
    PERL5OPT = 
    PERL5_CPANPLUS_IS_RUNNING = 23133
    PERL5_CPAN_IS_RUNNING = 23133
    PERL_MM_USE_DEFAULT = 1
    SHELL = /usr/bin/zsh
    TERM = screen

Perl special variables (and OS-specific diagnostics, for MSWin32):

    $^X = /tmp/basesmoker-reloperl-FYRP/bin/perl
    $UID/$EUID = 1005 / 1005
    $GID = 1005 1005
    $EGID = 1005 1005

Perl module toolchain versions installed:

    Module              Have    
    ------------------- --------
    CPAN                2.12    
    CPAN::Meta          2.150005
    Cwd                 3.62    
    ExtUtils::CBuilder  0.280225
    ExtUtils::Command   7.10    
    ExtUtils::Install   2.04    
    ExtUtils::MakeMaker 7.10_01 
    ExtUtils::Manifest  1.70    
    ExtUtils::ParseXS   3.31    
    File::Spec          3.62    
    JSON                2.90    
    JSON::PP            2.27300 
    Module::Build       0.4216  
    Module::Signature   0.79    
    Parse::CPAN::Meta   1.4417  
    Test::Harness       3.36    
    Test::More          1.001014
    YAML                1.15    
    YAML::Syck          1.29    
    version             0.9912  


--

Summary of my perl5 (revision 5 version 23 subversion 8) configuration:
  Commit id: 841c58e55c6a71e4c46b527906cf02c1e03b9473
  Platform:
    osname=linux, osvers=4.3.0-1-amd64, archname=x86_64-linux-thread-multi
    uname='linux k93x64sid 4.3.0-1-amd64 #1 smp debian 4.3.3-7 (2016-01-19) x86_64 gnulinux '
    config_args='-Dprefix=/home/sand/src/perl/repoperls/installed-perls/host/k93x64sid/v5.23.7-351-g841c58e/9af6 -Dmyhostname=k93x64sid -Dinstallusrbinperl=n -Uversiononly -Dusedevel -des -Ui_db -Dlibswanted=cl pthread socket inet nsl gdbm dbm malloc dl ld sun m crypt sec util c cposix posix ucb BSD gdbm_compat -Duseithreads -Uuselongdouble -DDEBUGGING=-g'
    hint=recommended, useposix=true, d_sigaction=define
    useithreads=define, usemultiplicity=define
    use64bitint=define, use64bitall=define, uselongdouble=undef
    usemymalloc=n, bincompat5005=undef
  Compiler:
    cc='cc', ccflags ='-D_REENTRANT -D_GNU_SOURCE -fwrapv -fno-strict-aliasing -pipe -fstack-protector-strong -I/usr/local/include -D_LARGEFILE_SOURCE -D_FILE_OFFSET_BITS=64 -D_FORTIFY_SOURCE=2',
    optimize='-O2 -g',
    cppflags='-D_REENTRANT -D_GNU_SOURCE -fwrapv -fno-strict-aliasing -pipe -fstack-protector-strong -I/usr/local/include'
    ccversion='', gccversion='5.3.1 20160205', gccosandvers=''
    intsize=4, longsize=8, ptrsize=8, doublesize=8, byteorder=12345678, doublekind=3
    d_longlong=define, longlongsize=8, d_longdbl=define, longdblsize=16, longdblkind=3
    ivtype='long', ivsize=8, nvtype='double', nvsize=8, Off_t='off_t', lseeksize=8
    alignbytes=8, prototype=define
  Linker and Libraries:
    ld='cc', ldflags =' -fstack-protector-strong -L/usr/local/lib'
    libpth=/usr/local/lib /usr/lib/gcc/x86_64-linux-gnu/5/include-fixed /usr/include/x86_64-linux-gnu /usr/lib /lib/x86_64-linux-gnu /lib/../lib /usr/lib/x86_64-linux-gnu /usr/lib/../lib /lib
    libs=-lpthread -lnsl -ldl -lm -lcrypt -lutil -lc
    perllibs=-lpthread -lnsl -ldl -lm -lcrypt -lutil -lc
    libc=libc-2.21.so, so=so, useshrplib=false, libperl=libperl.a
    gnulibc_version='2.21'
  Dynamic Linking:
    dlsrc=dl_dlopen.xs, dlext=so, d_dlsymun=undef, ccdlflags='-Wl,-E'
    cccdlflags='-fPIC', lddlflags='-shared -O2 -g -L/usr/local/lib -fstack-protector-strong'


Characteristics of this binary (from libperl): 
  Compile-time options: HAS_TIMES MULTIPLICITY PERLIO_LAYERS
                        PERL_COPY_ON_WRITE PERL_DONT_CREATE_GVSV
                        PERL_HASH_FUNC_ONE_AT_A_TIME_HARD
                        PERL_IMPLICIT_CONTEXT PERL_MALLOC_WRAP
                        PERL_PRESERVE_IVUV PERL_USE_DEVEL USE_64_BIT_ALL
                        USE_64_BIT_INT USE_ITHREADS USE_LARGE_FILES
                        USE_LOCALE USE_LOCALE_COLLATE USE_LOCALE_CTYPE
                        USE_LOCALE_NUMERIC USE_LOCALE_TIME USE_PERLIO
                        USE_PERL_ATOF USE_REENTRANT_API
  Built under linux
  Compiled at Feb 11 2016 05:10:14
  %ENV:
    PERL5LIB="/tmp/loop_over_bdir-20255-ETUMjw/ProjectBuilder-0.12.2-0/blib/arch:/tmp/loop_over_bdir-20255-ETUMjw/ProjectBuilder-0.12.2-0/blib/lib"
    PERL5OPT=""
    PERL5_CPANPLUS_IS_RUNNING="23133"
    PERL5_CPAN_IS_RUNNING="23133"
    PERL_MM_USE_DEFAULT="1"
  @INC:
    /tmp/loop_over_bdir-20255-ETUMjw/ProjectBuilder-0.12.2-0/blib/arch
    /tmp/loop_over_bdir-20255-ETUMjw/ProjectBuilder-0.12.2-0/blib/lib
    /home/sand/src/perl/repoperls/installed-perls/host/k93x64sid/v5.23.7-351-g841c58e/9af6/lib/site_perl/5.23.8/x86_64-linux-thread-multi
    /home/sand/src/perl/repoperls/installed-perls/host/k93x64sid/v5.23.7-351-g841c58e/9af6/lib/site_perl/5.23.8
    /home/sand/src/perl/repoperls/installed-perls/host/k93x64sid/v5.23.7-351-g841c58e/9af6/lib/5.23.8/x86_64-linux-thread-multi
    /home/sand/src/perl/repoperls/installed-perls/host/k93x64sid/v5.23.7-351-g841c58e/9af6/lib/5.23.8
    .