Report for Astro-VO-VOEvent-0.9.4

Back
From: metabase:user:30f0bd62-2aae-11df-837a-5e0a49663a4f
Subject: FAIL Astro-VO-VOEvent-0.9.4 v5.14.3 NetBSD
Date: 2012-11-23T07:01:37Z

This distribution has been tested as part of the CPAN Testers
project, supporting the Perl programming language.  See
http://wiki.cpantesters.org/ for more information or email
questions to cpan-testers-discuss@perl.org


--
Dear Alasdair Allan,

This is a computer-generated report for Astro-VO-VOEvent-0.9.4
on perl 5.14.3, created by CPAN-Reporter-1.2006.

Thank you for uploading your work to CPAN.  However, there was a problem
testing your distribution.

If you think this report is invalid, please consult the CPAN Testers Wiki
for suggestions on how to avoid getting FAIL reports for missing library
or binary dependencies, unsupported operating systems, and so on:

http://wiki.cpantesters.org/wiki/CPANAuthorNotes

Sections of this report:

    * Tester comments
    * Program output
    * Prerequisites
    * Environment and other context

------------------------------
TESTER COMMENTS
------------------------------

Additional comments from tester:

this report is from an automated smoke testing program
and was not reviewed by a human for accuracy

------------------------------
PROGRAM OUTPUT
------------------------------

Output from '/usr/bin/make test':

PERL_DL_NONLAZY=1 /home/sts/cpansmoke/perl-5.14.3/bin/perl "-MExtUtils::Command::MM" "-e" "test_harness(0, 'blib/lib', 'blib/arch')" t/*.t

#   Failed test 'use Astro::VO::VOEvent;'
#   at t/1_ref.t line 11.
#     Tried to use 'Astro::VO::VOEvent'.
#     Error:  Can't locate XML/Simple.pm in @INC (@INC contains: /home/sts/cpansmoke/perl-5.14.3/cpan/build/Astro-VO-VOEvent-0.9.4-zigtX4/blib/lib /home/sts/cpansmoke/perl-5.14.3/cpan/build/Astro-VO-VOEvent-0.9.4-zigtX4/blib/arch /home/sts/cpansmoke/perl-5.14.3/lib/site_perl/5.14.3/i386-netbsd-thread-multi /home/sts/cpansmoke/perl-5.14.3/lib/site_perl/5.14.3 /home/sts/cpansmoke/perl-5.14.3/lib/5.14.3/i386-netbsd-thread-multi /home/sts/cpansmoke/perl-5.14.3/lib/5.14.3 .) at /home/sts/cpansmoke/perl-5.14.3/cpan/build/Astro-VO-VOEvent-0.9.4-zigtX4/blib/lib/Astro/VO/VOEvent.pm line 36.
# BEGIN failed--compilation aborted at /home/sts/cpansmoke/perl-5.14.3/cpan/build/Astro-VO-VOEvent-0.9.4-zigtX4/blib/lib/Astro/VO/VOEvent.pm line 36.
# Compilation failed in require at (eval 4) line 2.
# BEGIN failed--compilation aborted at (eval 4) line 2.
Can't locate object method "new" via package "Astro::VO::VOEvent" at t/1_ref.t line 26, <DATA> line 6.
# Looks like you planned 8 tests but ran 2.
# Looks like you failed 1 test of 2 run.
# Looks like your test exited with 255 just after 2.
t/1_ref.t ...... 
Dubious, test returned 255 (wstat 65280, 0xff00)
Failed 7/8 subtests 

#   Failed test 'use Astro::VO::VOEvent;'
#   at t/2_simple.t line 11.
#     Tried to use 'Astro::VO::VOEvent'.
#     Error:  Can't locate XML/Simple.pm in @INC (@INC contains: /home/sts/cpansmoke/perl-5.14.3/cpan/build/Astro-VO-VOEvent-0.9.4-zigtX4/blib/lib /home/sts/cpansmoke/perl-5.14.3/cpan/build/Astro-VO-VOEvent-0.9.4-zigtX4/blib/arch /home/sts/cpansmoke/perl-5.14.3/lib/site_perl/5.14.3/i386-netbsd-thread-multi /home/sts/cpansmoke/perl-5.14.3/lib/site_perl/5.14.3 /home/sts/cpansmoke/perl-5.14.3/lib/5.14.3/i386-netbsd-thread-multi /home/sts/cpansmoke/perl-5.14.3/lib/5.14.3 .) at /home/sts/cpansmoke/perl-5.14.3/cpan/build/Astro-VO-VOEvent-0.9.4-zigtX4/blib/lib/Astro/VO/VOEvent.pm line 36.
# BEGIN failed--compilation aborted at /home/sts/cpansmoke/perl-5.14.3/cpan/build/Astro-VO-VOEvent-0.9.4-zigtX4/blib/lib/Astro/VO/VOEvent.pm line 36.
# Compilation failed in require at (eval 4) line 2.
# BEGIN failed--compilation aborted at (eval 4) line 2.
Can't locate object method "new" via package "Astro::VO::VOEvent" at t/2_simple.t line 26, <DATA> line 64.
# Looks like you planned 67 tests but ran 2.
# Looks like you failed 1 test of 2 run.
# Looks like your test exited with 255 just after 2.
t/2_simple.t ... 
Dubious, test returned 255 (wstat 65280, 0xff00)
Failed 66/67 subtests 

#   Failed test 'use Astro::VO::VOEvent;'
#   at t/2_stc.t line 11.
#     Tried to use 'Astro::VO::VOEvent'.
#     Error:  Can't locate XML/Simple.pm in @INC (@INC contains: /home/sts/cpansmoke/perl-5.14.3/cpan/build/Astro-VO-VOEvent-0.9.4-zigtX4/blib/lib /home/sts/cpansmoke/perl-5.14.3/cpan/build/Astro-VO-VOEvent-0.9.4-zigtX4/blib/arch /home/sts/cpansmoke/perl-5.14.3/lib/site_perl/5.14.3/i386-netbsd-thread-multi /home/sts/cpansmoke/perl-5.14.3/lib/site_perl/5.14.3 /home/sts/cpansmoke/perl-5.14.3/lib/5.14.3/i386-netbsd-thread-multi /home/sts/cpansmoke/perl-5.14.3/lib/5.14.3 .) at /home/sts/cpansmoke/perl-5.14.3/cpan/build/Astro-VO-VOEvent-0.9.4-zigtX4/blib/lib/Astro/VO/VOEvent.pm line 36.
# BEGIN failed--compilation aborted at /home/sts/cpansmoke/perl-5.14.3/cpan/build/Astro-VO-VOEvent-0.9.4-zigtX4/blib/lib/Astro/VO/VOEvent.pm line 36.
# Compilation failed in require at (eval 4) line 2.
# BEGIN failed--compilation aborted at (eval 4) line 2.
Can't locate object method "new" via package "Astro::VO::VOEvent" at t/2_stc.t line 26, <DATA> line 70.
# Looks like you planned 73 tests but ran 2.
# Looks like you failed 1 test of 2 run.
# Looks like your test exited with 255 just after 2.
t/2_stc.t ...... 
Dubious, test returned 255 (wstat 65280, 0xff00)
Failed 72/73 subtests 

#   Failed test 'use Astro::VO::VOEvent;'
#   at t/3_id.t line 11.
#     Tried to use 'Astro::VO::VOEvent'.
#     Error:  Can't locate XML/Simple.pm in @INC (@INC contains: /home/sts/cpansmoke/perl-5.14.3/cpan/build/Astro-VO-VOEvent-0.9.4-zigtX4/blib/lib /home/sts/cpansmoke/perl-5.14.3/cpan/build/Astro-VO-VOEvent-0.9.4-zigtX4/blib/arch /home/sts/cpansmoke/perl-5.14.3/lib/site_perl/5.14.3/i386-netbsd-thread-multi /home/sts/cpansmoke/perl-5.14.3/lib/site_perl/5.14.3 /home/sts/cpansmoke/perl-5.14.3/lib/5.14.3/i386-netbsd-thread-multi /home/sts/cpansmoke/perl-5.14.3/lib/5.14.3 .) at /home/sts/cpansmoke/perl-5.14.3/cpan/build/Astro-VO-VOEvent-0.9.4-zigtX4/blib/lib/Astro/VO/VOEvent.pm line 36.
# BEGIN failed--compilation aborted at /home/sts/cpansmoke/perl-5.14.3/cpan/build/Astro-VO-VOEvent-0.9.4-zigtX4/blib/lib/Astro/VO/VOEvent.pm line 36.
# Compilation failed in require at (eval 4) line 2.
# BEGIN failed--compilation aborted at (eval 4) line 2.
Can't locate object method "new" via package "Astro::VO::VOEvent" at t/3_id.t line 31, <DATA> line 58.
# Looks like you planned 3 tests but ran 2.
# Looks like you failed 1 test of 2 run.
# Looks like your test exited with 255 just after 2.
t/3_id.t ....... 
Dubious, test returned 255 (wstat 65280, 0xff00)
Failed 2/3 subtests 

#   Failed test 'use Astro::VO::VOEvent;'
#   at t/3_role.t line 11.
#     Tried to use 'Astro::VO::VOEvent'.
#     Error:  Can't locate XML/Simple.pm in @INC (@INC contains: /home/sts/cpansmoke/perl-5.14.3/cpan/build/Astro-VO-VOEvent-0.9.4-zigtX4/blib/lib /home/sts/cpansmoke/perl-5.14.3/cpan/build/Astro-VO-VOEvent-0.9.4-zigtX4/blib/arch /home/sts/cpansmoke/perl-5.14.3/lib/site_perl/5.14.3/i386-netbsd-thread-multi /home/sts/cpansmoke/perl-5.14.3/lib/site_perl/5.14.3 /home/sts/cpansmoke/perl-5.14.3/lib/5.14.3/i386-netbsd-thread-multi /home/sts/cpansmoke/perl-5.14.3/lib/5.14.3 .) at /home/sts/cpansmoke/perl-5.14.3/cpan/build/Astro-VO-VOEvent-0.9.4-zigtX4/blib/lib/Astro/VO/VOEvent.pm line 36.
# BEGIN failed--compilation aborted at /home/sts/cpansmoke/perl-5.14.3/cpan/build/Astro-VO-VOEvent-0.9.4-zigtX4/blib/lib/Astro/VO/VOEvent.pm line 36.
# Compilation failed in require at (eval 4) line 2.
# BEGIN failed--compilation aborted at (eval 4) line 2.
Can't locate object method "new" via package "Astro::VO::VOEvent" at t/3_role.t line 31, <DATA> line 58.
# Looks like you planned 3 tests but ran 2.
# Looks like you failed 1 test of 2 run.
# Looks like your test exited with 255 just after 2.
t/3_role.t ..... 
Dubious, test returned 255 (wstat 65280, 0xff00)
Failed 2/3 subtests 

#   Failed test 'use Astro::VO::VOEvent;'
#   at t/3_version.t line 11.
#     Tried to use 'Astro::VO::VOEvent'.
#     Error:  Can't locate XML/Simple.pm in @INC (@INC contains: /home/sts/cpansmoke/perl-5.14.3/cpan/build/Astro-VO-VOEvent-0.9.4-zigtX4/blib/lib /home/sts/cpansmoke/perl-5.14.3/cpan/build/Astro-VO-VOEvent-0.9.4-zigtX4/blib/arch /home/sts/cpansmoke/perl-5.14.3/lib/site_perl/5.14.3/i386-netbsd-thread-multi /home/sts/cpansmoke/perl-5.14.3/lib/site_perl/5.14.3 /home/sts/cpansmoke/perl-5.14.3/lib/5.14.3/i386-netbsd-thread-multi /home/sts/cpansmoke/perl-5.14.3/lib/5.14.3 .) at /home/sts/cpansmoke/perl-5.14.3/cpan/build/Astro-VO-VOEvent-0.9.4-zigtX4/blib/lib/Astro/VO/VOEvent.pm line 36.
# BEGIN failed--compilation aborted at /home/sts/cpansmoke/perl-5.14.3/cpan/build/Astro-VO-VOEvent-0.9.4-zigtX4/blib/lib/Astro/VO/VOEvent.pm line 36.
# Compilation failed in require at (eval 4) line 2.
# BEGIN failed--compilation aborted at (eval 4) line 2.
Can't locate object method "new" via package "Astro::VO::VOEvent" at t/3_version.t line 31, <DATA> line 58.
# Looks like you planned 3 tests but ran 2.
# Looks like you failed 1 test of 2 run.
# Looks like your test exited with 255 just after 2.
t/3_version.t .. 
Dubious, test returned 255 (wstat 65280, 0xff00)
Failed 2/3 subtests 

#   Failed test 'use Astro::VO::VOEvent;'
#   at t/4_caltech.t line 11.
#     Tried to use 'Astro::VO::VOEvent'.
#     Error:  Can't locate XML/Simple.pm in @INC (@INC contains: /home/sts/cpansmoke/perl-5.14.3/cpan/build/Astro-VO-VOEvent-0.9.4-zigtX4/blib/lib /home/sts/cpansmoke/perl-5.14.3/cpan/build/Astro-VO-VOEvent-0.9.4-zigtX4/blib/arch /home/sts/cpansmoke/perl-5.14.3/lib/site_perl/5.14.3/i386-netbsd-thread-multi /home/sts/cpansmoke/perl-5.14.3/lib/site_perl/5.14.3 /home/sts/cpansmoke/perl-5.14.3/lib/5.14.3/i386-netbsd-thread-multi /home/sts/cpansmoke/perl-5.14.3/lib/5.14.3 .) at /home/sts/cpansmoke/perl-5.14.3/cpan/build/Astro-VO-VOEvent-0.9.4-zigtX4/blib/lib/Astro/VO/VOEvent.pm line 36.
# BEGIN failed--compilation aborted at /home/sts/cpansmoke/perl-5.14.3/cpan/build/Astro-VO-VOEvent-0.9.4-zigtX4/blib/lib/Astro/VO/VOEvent.pm line 36.
# Compilation failed in require at (eval 4) line 2.
# BEGIN failed--compilation aborted at (eval 4) line 2.
Can't locate object method "new" via package "Astro::VO::VOEvent" at t/4_caltech.t line 31, <DATA> line 87.
# Looks like you planned 12 tests but ran 2.
# Looks like you failed 1 test of 2 run.
# Looks like your test exited with 255 just after 2.
t/4_caltech.t .. 
Dubious, test returned 255 (wstat 65280, 0xff00)
Failed 11/12 subtests 

#   Failed test 'use Astro::VO::VOEvent;'
#   at t/4_parse.t line 11.
#     Tried to use 'Astro::VO::VOEvent'.
#     Error:  Can't locate XML/Simple.pm in @INC (@INC contains: /home/sts/cpansmoke/perl-5.14.3/cpan/build/Astro-VO-VOEvent-0.9.4-zigtX4/blib/lib /home/sts/cpansmoke/perl-5.14.3/cpan/build/Astro-VO-VOEvent-0.9.4-zigtX4/blib/arch /home/sts/cpansmoke/perl-5.14.3/lib/site_perl/5.14.3/i386-netbsd-thread-multi /home/sts/cpansmoke/perl-5.14.3/lib/site_perl/5.14.3 /home/sts/cpansmoke/perl-5.14.3/lib/5.14.3/i386-netbsd-thread-multi /home/sts/cpansmoke/perl-5.14.3/lib/5.14.3 .) at /home/sts/cpansmoke/perl-5.14.3/cpan/build/Astro-VO-VOEvent-0.9.4-zigtX4/blib/lib/Astro/VO/VOEvent.pm line 36.
# BEGIN failed--compilation aborted at /home/sts/cpansmoke/perl-5.14.3/cpan/build/Astro-VO-VOEvent-0.9.4-zigtX4/blib/lib/Astro/VO/VOEvent.pm line 36.
# Compilation failed in require at (eval 4) line 2.
# BEGIN failed--compilation aborted at (eval 4) line 2.
Can't locate object method "new" via package "Astro::VO::VOEvent" at t/4_parse.t line 31, <DATA> line 58.
# Looks like you planned 14 tests but ran 2.
# Looks like you failed 1 test of 2 run.
# Looks like your test exited with 255 just after 2.
t/4_parse.t .... 
Dubious, test returned 255 (wstat 65280, 0xff00)
Failed 13/14 subtests 

#   Failed test 'use Astro::VO::VOEvent;'
#   at t/4_raptor.t line 11.
#     Tried to use 'Astro::VO::VOEvent'.
#     Error:  Can't locate XML/Simple.pm in @INC (@INC contains: /home/sts/cpansmoke/perl-5.14.3/cpan/build/Astro-VO-VOEvent-0.9.4-zigtX4/blib/lib /home/sts/cpansmoke/perl-5.14.3/cpan/build/Astro-VO-VOEvent-0.9.4-zigtX4/blib/arch /home/sts/cpansmoke/perl-5.14.3/lib/site_perl/5.14.3/i386-netbsd-thread-multi /home/sts/cpansmoke/perl-5.14.3/lib/site_perl/5.14.3 /home/sts/cpansmoke/perl-5.14.3/lib/5.14.3/i386-netbsd-thread-multi /home/sts/cpansmoke/perl-5.14.3/lib/5.14.3 .) at /home/sts/cpansmoke/perl-5.14.3/cpan/build/Astro-VO-VOEvent-0.9.4-zigtX4/blib/lib/Astro/VO/VOEvent.pm line 36.
# BEGIN failed--compilation aborted at /home/sts/cpansmoke/perl-5.14.3/cpan/build/Astro-VO-VOEvent-0.9.4-zigtX4/blib/lib/Astro/VO/VOEvent.pm line 36.
# Compilation failed in require at (eval 4) line 2.
# BEGIN failed--compilation aborted at (eval 4) line 2.
Can't locate object method "new" via package "Astro::VO::VOEvent" at t/4_raptor.t line 31, <DATA> line 54.
# Looks like you planned 12 tests but ran 2.
# Looks like you failed 1 test of 2 run.
# Looks like your test exited with 255 just after 2.
t/4_raptor.t ... 
Dubious, test returned 255 (wstat 65280, 0xff00)
Failed 11/12 subtests 

#   Failed test 'use Astro::VO::VOEvent;'
#   at t/4_stc.t line 11.
#     Tried to use 'Astro::VO::VOEvent'.
#     Error:  Can't locate XML/Simple.pm in @INC (@INC contains: /home/sts/cpansmoke/perl-5.14.3/cpan/build/Astro-VO-VOEvent-0.9.4-zigtX4/blib/lib /home/sts/cpansmoke/perl-5.14.3/cpan/build/Astro-VO-VOEvent-0.9.4-zigtX4/blib/arch /home/sts/cpansmoke/perl-5.14.3/lib/site_perl/5.14.3/i386-netbsd-thread-multi /home/sts/cpansmoke/perl-5.14.3/lib/site_perl/5.14.3 /home/sts/cpansmoke/perl-5.14.3/lib/5.14.3/i386-netbsd-thread-multi /home/sts/cpansmoke/perl-5.14.3/lib/5.14.3 .) at /home/sts/cpansmoke/perl-5.14.3/cpan/build/Astro-VO-VOEvent-0.9.4-zigtX4/blib/lib/Astro/VO/VOEvent.pm line 36.
# BEGIN failed--compilation aborted at /home/sts/cpansmoke/perl-5.14.3/cpan/build/Astro-VO-VOEvent-0.9.4-zigtX4/blib/lib/Astro/VO/VOEvent.pm line 36.
# Compilation failed in require at (eval 4) line 2.
# BEGIN failed--compilation aborted at (eval 4) line 2.
Can't locate object method "new" via package "Astro::VO::VOEvent" at t/4_stc.t line 31, <DATA> line 92.
# Looks like you planned 14 tests but ran 2.
# Looks like you failed 1 test of 2 run.
# Looks like your test exited with 255 just after 2.
t/4_stc.t ...... 
Dubious, test returned 255 (wstat 65280, 0xff00)
Failed 13/14 subtests 

#   Failed test 'use Astro::VO::VOEvent;'
#   at t/5_swift.t line 11.
#     Tried to use 'Astro::VO::VOEvent'.
#     Error:  Can't locate XML/Simple.pm in @INC (@INC contains: /home/sts/cpansmoke/perl-5.14.3/cpan/build/Astro-VO-VOEvent-0.9.4-zigtX4/blib/lib /home/sts/cpansmoke/perl-5.14.3/cpan/build/Astro-VO-VOEvent-0.9.4-zigtX4/blib/arch /home/sts/cpansmoke/perl-5.14.3/lib/site_perl/5.14.3/i386-netbsd-thread-multi /home/sts/cpansmoke/perl-5.14.3/lib/site_perl/5.14.3 /home/sts/cpansmoke/perl-5.14.3/lib/5.14.3/i386-netbsd-thread-multi /home/sts/cpansmoke/perl-5.14.3/lib/5.14.3 .) at /home/sts/cpansmoke/perl-5.14.3/cpan/build/Astro-VO-VOEvent-0.9.4-zigtX4/blib/lib/Astro/VO/VOEvent.pm line 36.
# BEGIN failed--compilation aborted at /home/sts/cpansmoke/perl-5.14.3/cpan/build/Astro-VO-VOEvent-0.9.4-zigtX4/blib/lib/Astro/VO/VOEvent.pm line 36.
# Compilation failed in require at (eval 4) line 2.
# BEGIN failed--compilation aborted at (eval 4) line 2.
Can't locate object method "new" via package "Astro::VO::VOEvent" at t/5_swift.t line 31, <DATA> line 48.
# Looks like you planned 8 tests but ran 2.
# Looks like you failed 1 test of 2 run.
# Looks like your test exited with 255 just after 2.
t/5_swift.t .... 
Dubious, test returned 255 (wstat 65280, 0xff00)
Failed 7/8 subtests 

#   Failed test 'use Astro::VO::VOEvent;'
#   at t/5_test.t line 11.
#     Tried to use 'Astro::VO::VOEvent'.
#     Error:  Can't locate XML/Simple.pm in @INC (@INC contains: /home/sts/cpansmoke/perl-5.14.3/cpan/build/Astro-VO-VOEvent-0.9.4-zigtX4/blib/lib /home/sts/cpansmoke/perl-5.14.3/cpan/build/Astro-VO-VOEvent-0.9.4-zigtX4/blib/arch /home/sts/cpansmoke/perl-5.14.3/lib/site_perl/5.14.3/i386-netbsd-thread-multi /home/sts/cpansmoke/perl-5.14.3/lib/site_perl/5.14.3 /home/sts/cpansmoke/perl-5.14.3/lib/5.14.3/i386-netbsd-thread-multi /home/sts/cpansmoke/perl-5.14.3/lib/5.14.3 .) at /home/sts/cpansmoke/perl-5.14.3/cpan/build/Astro-VO-VOEvent-0.9.4-zigtX4/blib/lib/Astro/VO/VOEvent.pm line 36.
# BEGIN failed--compilation aborted at /home/sts/cpansmoke/perl-5.14.3/cpan/build/Astro-VO-VOEvent-0.9.4-zigtX4/blib/lib/Astro/VO/VOEvent.pm line 36.
# Compilation failed in require at (eval 4) line 2.
# BEGIN failed--compilation aborted at (eval 4) line 2.
Can't locate object method "new" via package "Astro::VO::VOEvent" at t/5_test.t line 31, <DATA> line 50.
# Looks like you planned 8 tests but ran 2.
# Looks like you failed 1 test of 2 run.
# Looks like your test exited with 255 just after 2.
t/5_test.t ..... 
Dubious, test returned 255 (wstat 65280, 0xff00)
Failed 7/8 subtests 

Test Summary Report
-------------------
t/1_ref.t    (Wstat: 65280 Tests: 2 Failed: 1)
  Failed test:  1
  Non-zero exit status: 255
  Parse errors: Bad plan.  You planned 8 tests but ran 2.
t/2_simple.t (Wstat: 65280 Tests: 2 Failed: 1)
  Failed test:  1
  Non-zero exit status: 255
  Parse errors: Bad plan.  You planned 67 tests but ran 2.
t/2_stc.t    (Wstat: 65280 Tests: 2 Failed: 1)
  Failed test:  1
  Non-zero exit status: 255
  Parse errors: Bad plan.  You planned 73 tests but ran 2.
t/3_id.t     (Wstat: 65280 Tests: 2 Failed: 1)
  Failed test:  1
  Non-zero exit status: 255
  Parse errors: Bad plan.  You planned 3 tests but ran 2.
t/3_role.t   (Wstat: 65280 Tests: 2 Failed: 1)
  Failed test:  1
  Non-zero exit status: 255
  Parse errors: Bad plan.  You planned 3 tests but ran 2.
t/3_version.t (Wstat: 65280 Tests: 2 Failed: 1)
  Failed test:  1
  Non-zero exit status: 255
  Parse errors: Bad plan.  You planned 3 tests but ran 2.
t/4_caltech.t (Wstat: 65280 Tests: 2 Failed: 1)
  Failed test:  1
  Non-zero exit status: 255
  Parse errors: Bad plan.  You planned 12 tests but ran 2.
t/4_parse.t  (Wstat: 65280 Tests: 2 Failed: 1)
  Failed test:  1
  Non-zero exit status: 255
  Parse errors: Bad plan.  You planned 14 tests but ran 2.
t/4_raptor.t (Wstat: 65280 Tests: 2 Failed: 1)
  Failed test:  1
  Non-zero exit status: 255
  Parse errors: Bad plan.  You planned 12 tests but ran 2.
t/4_stc.t    (Wstat: 65280 Tests: 2 Failed: 1)
  Failed test:  1
  Non-zero exit status: 255
  Parse errors: Bad plan.  You planned 14 tests but ran 2.
t/5_swift.t  (Wstat: 65280 Tests: 2 Failed: 1)
  Failed test:  1
  Non-zero exit status: 255
  Parse errors: Bad plan.  You planned 8 tests but ran 2.
t/5_test.t   (Wstat: 65280 Tests: 2 Failed: 1)
  Failed test:  1
  Non-zero exit status: 255
  Parse errors: Bad plan.  You planned 8 tests but ran 2.
Files=12, Tests=24,  2 wallclock secs ( 0.12 usr  0.09 sys +  1.01 cusr  0.38 csys =  1.60 CPU)
Result: FAIL
Failed 12/12 test programs. 12/24 subtests failed.
*** Error code 255

Stop.
make: stopped in /home/sts/cpansmoke/perl-5.14.3/cpan/build/Astro-VO-VOEvent-0.9.4-zigtX4

------------------------------
PREREQUISITES
------------------------------

Prerequisite modules loaded:

build_requires:

    Module              Need Have   
    ------------------- ---- -------
    ExtUtils::MakeMaker 0    6.57_05


------------------------------
ENVIRONMENT AND OTHER CONTEXT
------------------------------

Environment variables:

    AUTOMATED_TESTING = 1
    PATH = /home/sts/bin:/bin:/sbin:/usr/bin:/usr/sbin:/usr/X11R7/bin:/usr/X11R6/bin:/usr/pkg/bin:/usr/pkg/sbin:/usr/games:/usr/local/bin:/usr/local/sbin
    PERL5LIB = 
    PERL5OPT = 
    PERL5_CPANPLUS_IS_RUNNING = 9035
    PERL5_CPAN_IS_RUNNING = 9035
    PERL5_CPAN_IS_RUNNING_IN_RECURSION = 1230,9035
    PERL_CR_SMOKER_CURRENT = Astro-VO-VOEvent-0.9.4
    PERL_EXTUTILS_AUTOINSTALL = --defaultdeps
    PERL_MM_USE_DEFAULT = 1
    SHELL = /usr/pkg/bin/bash
    TERM = screen
    TMPDIR = /home/sts/cpansmoke/tmp

Perl special variables (and OS-specific diagnostics, for MSWin32):

    $^X = /home/sts/cpansmoke/perl-5.14.3/bin/perl
    $UID/$EUID = 1000 / 1000
    $GID = 100 100 0
    $EGID = 100 100 0

Perl module toolchain versions installed:

    Module              Have    
    ------------------- --------
    CPAN                1.9800  
    CPAN::Meta          2.110440
    Cwd                 3.36    
    ExtUtils::CBuilder  0.280203
    ExtUtils::Command   1.17    
    ExtUtils::Install   1.56    
    ExtUtils::MakeMaker 6.57_05 
    ExtUtils::Manifest  1.58    
    ExtUtils::ParseXS   2.2210  
    File::Spec          3.33    
    JSON                2.53    
    JSON::PP            2.27105 
    Module::Build       0.3800  
    Module::Signature   n/a     
    Parse::CPAN::Meta   1.4401  
    Test::Harness       3.23    
    Test::More          0.98    
    YAML                n/a     
    YAML::Syck          n/a     
    version             0.88    


--

Summary of my perl5 (revision 5 version 14 subversion 3) configuration:
   
  Platform:
    osname=netbsd, osvers=6.0, archname=i386-netbsd-thread-multi
    uname='netbsd cpansmoke2 6.0 netbsd 6.0 (xen3_domu) i386 '
    config_args='-des -Dusethreads -Dprefix=/home/sts/cpansmoke/perl-5.14.3'
    hint=recommended, useposix=true, d_sigaction=define
    useithreads=define, usemultiplicity=define
    useperlio=define, d_sfio=undef, uselargefiles=define, usesocks=undef
    use64bitint=undef, use64bitall=undef, uselongdouble=undef
    usemymalloc=n, bincompat5005=undef
  Compiler:
    cc='cc', ccflags ='-fno-strict-aliasing -pipe -fstack-protector -I/usr/pkg/include',
    optimize='-O',
    cppflags='-fno-strict-aliasing -pipe -fstack-protector -I/usr/pkg/include'
    ccversion='', gccversion='4.5.3', gccosandvers=''
    intsize=4, longsize=4, ptrsize=4, doublesize=8, byteorder=1234
    d_longlong=define, longlongsize=8, d_longdbl=define, longdblsize=12
    ivtype='long', ivsize=4, nvtype='double', nvsize=8, Off_t='off_t', lseeksize=8
    alignbytes=4, prototype=define
  Linker and Libraries:
    ld='cc', ldflags =' -Wl,-rpath,/usr/pkg/lib -Wl,-rpath,/usr/local/lib -fstack-protector -L/usr/pkg/lib'
    libpth=/usr/pkg/lib /lib /usr/lib
    libs=-lm -lcrypt -lutil -lc -lposix -lpthread
    perllibs=-lm -lcrypt -lutil -lc -lposix -lpthread
    libc=/lib/libc.so, so=so, useshrplib=false, libperl=libperl.a
    gnulibc_version=''
  Dynamic Linking:
    dlsrc=dl_dlopen.xs, dlext=so, d_dlsymun=undef, ccdlflags='-Wl,-E '
    cccdlflags='-DPIC -fPIC ', lddlflags='--whole-archive -shared  -L/usr/pkg/lib -fstack-protector'


Characteristics of this binary (from libperl): 
  Compile-time options: MULTIPLICITY PERL_DONT_CREATE_GVSV
                        PERL_IMPLICIT_CONTEXT PERL_MALLOC_WRAP
                        PERL_PRESERVE_IVUV USE_ITHREADS USE_LARGE_FILES
                        USE_PERLIO USE_PERL_ATOF USE_REENTRANT_API
  Built under netbsd
  Compiled at Oct 18 2012 11:50:14
  %ENV:
    PERL5LIB=""
    PERL5OPT=""
    PERL5_CPANPLUS_IS_RUNNING="9035"
    PERL5_CPAN_IS_RUNNING="9035"
    PERL5_CPAN_IS_RUNNING_IN_RECURSION="1230,9035"
    PERL_CR_SMOKER_CURRENT="Astro-VO-VOEvent-0.9.4"
    PERL_EXTUTILS_AUTOINSTALL="--defaultdeps"
    PERL_MM_USE_DEFAULT="1"
  @INC:
    /home/sts/cpansmoke/perl-5.14.3/lib/site_perl/5.14.3/i386-netbsd-thread-multi
    /home/sts/cpansmoke/perl-5.14.3/lib/site_perl/5.14.3
    /home/sts/cpansmoke/perl-5.14.3/lib/5.14.3/i386-netbsd-thread-multi
    /home/sts/cpansmoke/perl-5.14.3/lib/5.14.3
    .