Report for HTML-GenToc-3.20

Back
From: metabase:user:322078bc-2aae-11df-837a-5e0a49663a4f
Subject: FAIL HTML-GenToc-3.20 v5.13.3 GNU/Linux
Date: 2011-04-09T03:58:27Z

This distribution has been tested as part of the CPAN Testers
project, supporting the Perl programming language.  See
http://wiki.cpantesters.org/ for more information or email
questions to cpan-testers-discuss@perl.org


--

Dear RUBYKAT,
    
This is a computer-generated error report created automatically by
CPANPLUS, version 0.9103. Testers personal comments may appear 
at the end of this report.


Thank you for uploading your work to CPAN.  However, it appears that
there were some problems testing your distribution.

TEST RESULTS:

Below is the error stack from stage 'make test':

[MSG] [Sat Apr  9 04:57:53 2011] Building HTML-LinkList

[MSG] [Sat Apr  9 04:57:53 2011] MAKE TEST passed:
t/00_dist.t .............. skipped: Test::Distribution not installed
# Testing HTML::LinkList 0.1503
t/01_load.t .............. ok
t/10_link_list.t ......... ok
t/20_link_tree.t ......... ok
t/30_full_tree.t ......... ok
t/40_breadcrumb_trail.t .. ok
t/50_nav_tree.t .......... ok
t/pod-coverage.t ......... skipped: Test::Pod::Coverage 1.04 required for testing POD coverage
t/pod.t .................. skipped: Test::Pod 1.14 required for testing POD
All tests successful.
Files=9, Tests=49,  0 wallclock secs ( 0.03 usr  0.01 sys +  0.22 cusr  0.04 csys =  0.30 CPU)
Result: PASS

[MSG] [Sat Apr  9 04:57:53 2011] Sending test report for 'HTML-LinkList-0.1503'
[MSG] [Sat Apr  9 04:57:53 2011] Successfully sent 'pass' report for 'HTML-LinkList-0.1503'
[MSG] [Sat Apr  9 04:57:53 2011] Using cached file '/home/cpan/pit/thr/conf/perl-5.13.3/.cpanplus/authors/id/K/KW/KWILLIAMS/CHECKSUMS' on disk; ttl (3600s) is not exceeded
[MSG] [Sat Apr  9 04:57:53 2011] Checksum matches for 'HTML-SimpleParse-0.12.tar.gz'
[MSG] [Sat Apr  9 04:57:53 2011] Extracted 'HTML::SimpleParse' to '/home/cpan/pit/thr/conf/perl-5.13.3/.cpanplus/5.13.3/build/HTML-SimpleParse-0.12'
[MSG] [Sat Apr  9 04:57:53 2011] CPANPLUS is prefering Build.PL
[MSG] [Sat Apr  9 04:57:53 2011] Created MYMETA.yml and MYMETA.json
Creating new 'Build' script for 'HTML-SimpleParse' version '0.12'

[MSG] [Sat Apr  9 04:57:53 2011] DEFAULT 'filter_prereqs' HANDLER RETURNING 'sub return value'
[MSG] [Sat Apr  9 04:57:53 2011] Checking for previous PASS result for "HTML-SimpleParse-0.12"
[MSG] [Sat Apr  9 04:57:54 2011] Building HTML-SimpleParse

[MSG] [Sat Apr  9 04:57:54 2011] MAKE TEST passed:
t/basic.t .. ok
All tests successful.
Files=1, Tests=23,  0 wallclock secs ( 0.02 usr  0.00 sys +  0.02 cusr  0.00 csys =  0.04 CPU)
Result: PASS

[MSG] [Sat Apr  9 04:57:54 2011] Sending test report for 'HTML-SimpleParse-0.12'
[MSG] [Sat Apr  9 04:57:54 2011] Successfully sent 'pass' report for 'HTML-SimpleParse-0.12'
[MSG] [Sat Apr  9 04:57:54 2011] Building HTML-GenToc

[ERROR] [Sat Apr  9 04:57:55 2011] MAKE TEST failed:
t/00-compile.t ............ ok
t/010_files.t ............. ok
t/020_strings.t ........... ok
t/030_anchors.t ........... ok
Unknown option: argfile
To process: tfiles/test1b.args tfiles/test1.wml
t/070_script.t ............ 
Dubious, test returned 1 (wstat 256, 0x100)
Failed 1/8 subtests 

#   Failed test 'hypertoc: test1b_toc.html matches tfiles/good_test1a_toc.html exactly'
#   at t/070_script.t line 65.
# Looks like you failed 1 test of 8.
t/release-distmeta.t ...... skipped: these tests are for release candidate testing
t/release-has-version.t ... skipped: these tests are for release candidate testing
t/release-kwalitee.t ...... skipped: these tests are for release candidate testing
t/release-pod-coverage.t .. skipped: these tests are for release candidate testing
t/release-pod-syntax.t .... skipped: these tests are for release candidate testing
t/release-portability.t ... skipped: these tests are for release candidate testing

Test Summary Report
-------------------
t/070_script.t          (Wstat: 256 Tests: 8 Failed: 1)
  Failed test:  8
  Non-zero exit status: 1
Files=11, Tests=53,  1 wallclock secs ( 0.04 usr  0.02 sys +  0.63 cusr  0.09 csys =  0.78 CPU)
Result: FAIL
Failed 1/11 test programs. 1/53 subtests failed.
BEGIN failed--compilation aborted at /home/cpan/pit/thr/perl-5.13.3/bin/cpanp-run-perl5.13.3 line 8.
 
[MSG] [Sat Apr  9 04:57:55 2011] DEFAULT 'proceed_on_test_failure' HANDLER RETURNING 'sub return value'

PREREQUISITES:

Here is a list of prerequisites you specified and versions we 
managed to load:
                                
	  Module Name                        Have     Want
	  Data::Dumper                      2.126        0
	  File::Basename                     2.79        0
	  File::Find                         1.17        0
	  File::Temp                         0.22        0
	  Getopt::Long                       2.38     2.34
	  HTML::Entities                     3.68        0
	  HTML::LinkList                   0.1503        0
	  HTML::SimpleParse                  0.12        0
	  Module::Build                    0.3800   0.3601
	  Pod::Usage                         1.36        0
	  Test::More                         0.98        0

Perl module toolchain versions installed:
	Module Name                        Have
	CPANPLUS                         0.9103
	CPANPLUS::Dist::Build              0.54
	Cwd                                3.33
	ExtUtils::CBuilder             0.280202
	ExtUtils::Command                  1.16
	ExtUtils::Install                  1.55
	ExtUtils::MakeMaker              6.5601
	ExtUtils::Manifest                 1.58
	ExtUtils::ParseXS                2.2206
	File::Spec                         3.33
	Module::Build                    0.3800
	Test::Harness                      3.23
	Test::More                         0.98
	version                            0.88

******************************** NOTE ********************************
The comments above are created mechanically, possibly without manual
checking by the sender.  As there are many people performing automatic
tests on each upload to CPAN, it is likely that you will receive 
identical messages about the same problem.

If you believe that the message is mistaken, please reply to the first
one with correction and/or additional informations, and do not take
it personally.  We appreciate your patience. :)
**********************************************************************

Additional comments:
 

This report was machine-generated by CPANPLUS::Dist::YACSmoke 0.62.
Powered by minismokebox version 0.44

------------------------------
ENVIRONMENT AND OTHER CONTEXT
------------------------------

Environment variables:

    AUTOMATED_TESTING = 1
    LANG = en_US
    LC_COLLATE = C
    PATH = /usr/local/bin:/usr/bin:/bin:/usr/games:/usr/lib64/java/bin:/usr/lib64/qt/bin:/usr/share/texmf/bin:.
    PERL5LIB = :/home/cpan/pit/thr/conf/perl-5.13.3/.cpanplus/5.13.3/build/HTML-Tagset-3.20/blib/lib:/home/cpan/pit/thr/conf/perl-5.13.3/.cpanplus/5.13.3/build/HTML-Tagset-3.20/blib/arch:/home/cpan/pit/thr/conf/perl-5.13.3/.cpanplus/5.13.3/build/HTML-Parser-3.68/blib/lib:/home/cpan/pit/thr/conf/perl-5.13.3/.cpanplus/5.13.3/build/HTML-Parser-3.68/blib/arch:/home/cpan/pit/thr/conf/perl-5.13.3/.cpanplus/5.13.3/build/HTML-LinkList-0.1503/blib/lib:/home/cpan/pit/thr/conf/perl-5.13.3/.cpanplus/5.13.3/build/HTML-LinkList-0.1503/blib/arch:/home/cpan/pit/thr/conf/perl-5.13.3/.cpanplus/5.13.3/build/HTML-SimpleParse-0.12/blib/lib:/home/cpan/pit/thr/conf/perl-5.13.3/.cpanplus/5.13.3/build/HTML-SimpleParse-0.12/blib/arch:/home/cpan/pit/thr/conf/perl-5.13.3/.cpanplus/5.13.3/build/HTML-GenToc-3.20/blib/lib:/home/cpan/pit/thr/conf/perl-5.13.3/.cpanplus/5.13.3/build/HTML-GenToc-3.20/blib/arch
    PERL5_CPANPLUS_IS_RUNNING = 29884
    PERL5_CPANPLUS_IS_VERSION = 0.9103
    PERL5_MINISMOKEBOX = 0.44
    PERL5_YACSMOKE_BASE = /home/cpan/pit/thr/conf/perl-5.13.3
    PERL_EXTUTILS_AUTOINSTALL = --defaultdeps
    PERL_MM_USE_DEFAULT = 1
    SHELL = /bin/bash
    TERM = screen

Perl special variables (and OS-specific diagnostics, for MSWin32):

    Perl: $^X = /home/cpan/pit/thr/perl-5.13.3/bin/perl5.13.3
    UID:  $<  = 1001
    EUID: $>  = 1001
    GID:  $(  = 100 100
    EGID: $)  = 100 100


-------------------------------


--

Summary of my perl5 (revision 5 version 13 subversion 3) configuration:
   
  Platform:
    osname=linux, osvers=2.6.33.4, archname=x86_64-linux-thread-multi
    uname='linux slack64 2.6.33.4 #3 smp wed may 12 23:13:09 cdt 2010 x86_64 intel(r) xeon(r) cpu e5520 @ 2.27ghz genuineintel gnulinux '
    config_args='-des -Dprefix=/home/cpan/pit/thr/perl-5.13.3 -Dusethreads -Dusedevel'
    hint=recommended, useposix=true, d_sigaction=define
    useithreads=define, usemultiplicity=define
    useperlio=define, d_sfio=undef, uselargefiles=define, usesocks=undef
    use64bitint=define, use64bitall=define, uselongdouble=undef
    usemymalloc=n, bincompat5005=undef
  Compiler:
    cc='cc', ccflags ='-D_REENTRANT -D_GNU_SOURCE -fno-strict-aliasing -pipe -fstack-protector -I/usr/local/include -D_LARGEFILE_SOURCE -D_FILE_OFFSET_BITS=64',
    optimize='-O2',
    cppflags='-D_REENTRANT -D_GNU_SOURCE -fno-strict-aliasing -pipe -fstack-protector -I/usr/local/include'
    ccversion='', gccversion='4.4.4', gccosandvers=''
    intsize=4, longsize=8, ptrsize=8, doublesize=8, byteorder=12345678
    d_longlong=define, longlongsize=8, d_longdbl=define, longdblsize=16
    ivtype='long', ivsize=8, nvtype='double', nvsize=8, Off_t='off_t', lseeksize=8
    alignbytes=8, prototype=define
  Linker and Libraries:
    ld='cc', ldflags =' -fstack-protector -L/usr/local/lib'
    libpth=/usr/local/lib /lib /usr/lib /lib64 /usr/lib64 /usr/local/lib64
    libs=-lnsl -lgdbm -ldb -ldl -lm -lcrypt -lutil -lpthread -lc
    perllibs=-lnsl -ldl -lm -lcrypt -lutil -lpthread -lc
    libc=, so=so, useshrplib=false, libperl=libperl.a
    gnulibc_version='2.11.1'
  Dynamic Linking:
    dlsrc=dl_dlopen.xs, dlext=so, d_dlsymun=undef, ccdlflags='-Wl,-E'
    cccdlflags='-fPIC', lddlflags='-shared -O2 -L/usr/local/lib -fstack-protector'


Characteristics of this binary (from libperl): 
  Compile-time options: MULTIPLICITY PERL_DONT_CREATE_GVSV
                        PERL_IMPLICIT_CONTEXT PERL_MALLOC_WRAP PERL_USE_DEVEL
                        USE_64_BIT_ALL USE_64_BIT_INT USE_ITHREADS
                        USE_LARGE_FILES USE_PERLIO USE_PERL_ATOF
                        USE_REENTRANT_API
  Built under linux
  Compiled at Feb 18 2011 12:04:52
  %ENV:
    PERL5LIB=":/home/cpan/pit/thr/conf/perl-5.13.3/.cpanplus/5.13.3/build/HTML-Tagset-3.20/blib/lib:/home/cpan/pit/thr/conf/perl-5.13.3/.cpanplus/5.13.3/build/HTML-Tagset-3.20/blib/arch:/home/cpan/pit/thr/conf/perl-5.13.3/.cpanplus/5.13.3/build/HTML-Parser-3.68/blib/lib:/home/cpan/pit/thr/conf/perl-5.13.3/.cpanplus/5.13.3/build/HTML-Parser-3.68/blib/arch:/home/cpan/pit/thr/conf/perl-5.13.3/.cpanplus/5.13.3/build/HTML-LinkList-0.1503/blib/lib:/home/cpan/pit/thr/conf/perl-5.13.3/.cpanplus/5.13.3/build/HTML-LinkList-0.1503/blib/arch:/home/cpan/pit/thr/conf/perl-5.13.3/.cpanplus/5.13.3/build/HTML-SimpleParse-0.12/blib/lib:/home/cpan/pit/thr/conf/perl-5.13.3/.cpanplus/5.13.3/build/HTML-SimpleParse-0.12/blib/arch:/home/cpan/pit/thr/conf/perl-5.13.3/.cpanplus/5.13.3/build/HTML-GenToc-3.20/blib/lib:/home/cpan/pit/thr/conf/perl-5.13.3/.cpanplus/5.13.3/build/HTML-GenToc-3.20/blib/arch"
    PERL5_CPANPLUS_IS_RUNNING="29884"
    PERL5_CPANPLUS_IS_VERSION="0.9103"
    PERL5_MINISMOKEBOX="0.44"
    PERL5_YACSMOKE_BASE="/home/cpan/pit/thr/conf/perl-5.13.3"
    PERL_EXTUTILS_AUTOINSTALL="--defaultdeps"
    PERL_MM_USE_DEFAULT="1"
  @INC:
    /home/cpan/pit/thr/conf/perl-5.13.3/.cpanplus/5.13.3/build/HTML-Tagset-3.20/blib/lib
    /home/cpan/pit/thr/conf/perl-5.13.3/.cpanplus/5.13.3/build/HTML-Tagset-3.20/blib/arch
    /home/cpan/pit/thr/conf/perl-5.13.3/.cpanplus/5.13.3/build/HTML-Parser-3.68/blib/lib
    /home/cpan/pit/thr/conf/perl-5.13.3/.cpanplus/5.13.3/build/HTML-Parser-3.68/blib/arch
    /home/cpan/pit/thr/conf/perl-5.13.3/.cpanplus/5.13.3/build/HTML-LinkList-0.1503/blib/lib
    /home/cpan/pit/thr/conf/perl-5.13.3/.cpanplus/5.13.3/build/HTML-LinkList-0.1503/blib/arch
    /home/cpan/pit/thr/conf/perl-5.13.3/.cpanplus/5.13.3/build/HTML-SimpleParse-0.12/blib/lib
    /home/cpan/pit/thr/conf/perl-5.13.3/.cpanplus/5.13.3/build/HTML-SimpleParse-0.12/blib/arch
    /home/cpan/pit/thr/conf/perl-5.13.3/.cpanplus/5.13.3/build/HTML-GenToc-3.20/blib/lib
    /home/cpan/pit/thr/conf/perl-5.13.3/.cpanplus/5.13.3/build/HTML-GenToc-3.20/blib/arch
    /home/cpan/pit/thr/perl-5.13.3/lib/site_perl/5.13.3/x86_64-linux-thread-multi
    /home/cpan/pit/thr/perl-5.13.3/lib/site_perl/5.13.3
    /home/cpan/pit/thr/perl-5.13.3/lib/5.13.3/x86_64-linux-thread-multi
    /home/cpan/pit/thr/perl-5.13.3/lib/5.13.3
    .