Back
From: metabase:user:9820532a-708b-1014-9a05-b18a96298da1
Subject: FAIL Test-CGI-Multipart-v0.0.3 v5.23.8 GNU/Linux
Date: 2016-03-08T12:16:46Z
This distribution has been tested as part of the CPAN Testers
project, supporting the Perl programming language. See
http://wiki.cpantesters.org/ for more information or email
questions to cpan-testers-discuss@perl.org
--
Dear Nicholas Bamber,
This is a computer-generated report for Test-CGI-Multipart-v0.0.3
on perl 5.23.8, created by CPAN-Reporter-1.2016.
Thank you for uploading your work to CPAN. However, there was a problem
testing your distribution.
If you think this report is invalid, please consult the CPAN Testers Wiki
for suggestions on how to avoid getting FAIL reports for missing library
or binary dependencies, unsupported operating systems, and so on:
http://wiki.cpantesters.org/wiki/CPANAuthorNotes
Sections of this report:
* Tester comments
* Program output
* Prerequisites
* Environment and other context
------------------------------
TESTER COMMENTS
------------------------------
Additional comments from tester:
this report is from an automated smoke testing program
and was not reviewed by a human for accuracy
------------------------------
PROGRAM OUTPUT
------------------------------
Output from './Build test':
# Testing Test::CGI::Multipart 0.0.3
t/00.load.t ............ ok
# Testing with CGI
# Testing with CGI::Simple
t/01.basic.t ........... ok
# Testing with CGI
# Testing with CGI::Simple
t/01.data_structure.t .. ok
CGI::param called in list context from t/02.param.t line 52, this can lead to vulnerabilities. See the warning in "Fetching the value or values of a single named parameter" at /opt/perlbrew/perls/perl-5.23.8-thread-multi-ld/lib/site_perl/5.23.8/CGI.pm line 405.
# Testing with CGI
# Testing with CGI::Simple
t/02.param.t ........... ok
CGI::param called in list context from t/03.upload.t line 75, this can lead to vulnerabilities. See the warning in "Fetching the value or values of a single named parameter" at /opt/perlbrew/perls/perl-5.23.8-thread-multi-ld/lib/site_perl/5.23.8/CGI.pm line 405.
# Testing with CGI
# Testing with CGI::Simple
t/03.upload.t .......... ok
CGI::param called in list context from t/04.multiple.t line 86, this can lead to vulnerabilities. See the warning in "Fetching the value or values of a single named parameter" at /opt/perlbrew/perls/perl-5.23.8-thread-multi-ld/lib/site_perl/5.23.8/CGI.pm line 405.
# Testing with CGI
# Failed test 'files'
# at t/04.multiple.t line 90.
# Structures begin differing at:
# $got->[0]{value} = 'Blah, Blah, Blah,....'
# $expected->[0]{value} = 'Nah, Nah, Nah,....'
# Looks like you failed 1 test of 27.
t/04.multiple.t ........
Dubious, test returned 1 (wstat 256, 0x100)
Failed 1/27 subtests
(less 5 skipped subtests: 21 okay)
CGI::param called in list context from t/04.separate.t line 80, this can lead to vulnerabilities. See the warning in "Fetching the value or values of a single named parameter" at /opt/perlbrew/perls/perl-5.23.8-thread-multi-ld/lib/site_perl/5.23.8/CGI.pm line 405.
# Testing with CGI
# Testing with CGI::Simple
t/04.separate.t ........ ok
# Failed test 'files'
# at t/05.callbacks.t line 83.
# Structures begin differing at:
# $got->[0]{file} = 'doo_doo.blah'
# $expected->[0]{file} = 'nah_nah.blah'
CGI::param called in list context from t/05.callbacks.t line 79, this can lead to vulnerabilities. See the warning in "Fetching the value or values of a single named parameter" at /opt/perlbrew/perls/perl-5.23.8-thread-multi-ld/lib/site_perl/5.23.8/CGI.pm line 405.
# Testing with CGI
# Looks like you failed 1 test of 31.
t/05.callbacks.t .......
Dubious, test returned 1 (wstat 256, 0x100)
Failed 1/31 subtests
(less 6 skipped subtests: 24 okay)
t/10.text.t ............ skipped: This test requires Text::Lorem
CGI::param called in list context from t/11.reset.t line 44, this can lead to vulnerabilities. See the warning in "Fetching the value or values of a single named parameter" at /opt/perlbrew/perls/perl-5.23.8-thread-multi-ld/lib/site_perl/5.23.8/CGI.pm line 405.
# Testing with CGI
# Testing with CGI::Simple
# Testing with CGI
# Testing with CGI::Simple
t/11.reset.t ........... ok
CGI::param called in list context from t/20.image.t line 84, this can lead to vulnerabilities. See the warning in "Fetching the value or values of a single named parameter" at /opt/perlbrew/perls/perl-5.23.8-thread-multi-ld/lib/site_perl/5.23.8/CGI.pm line 405.
# Testing with CGI
# Testing with CGI::Simple
t/20.image.t ........... ok
t/changes.t ............ skipped: Author test. Set $ENV{TEST_AUTHOR} to a true value to run.
t/manifest.t ........... skipped: Author test. Set $ENV{TEST_AUTHOR} to a true value to run.
t/perlcritic.t ......... skipped: Author test. Set $ENV{TEST_AUTHOR} to a true value to run.
# Failed test 'Pod coverage on Test::CGI::Multipart::Gen::Text'
# at /opt/perlbrew/perls/perl-5.23.8-thread-multi-ld/lib/site_perl/5.23.8/Test/Pod/Coverage.pm line 133.
# Test::CGI::Multipart::Gen::Text: requiring 'Test::CGI::Multipart::Gen::Text' failed
# Looks like you failed 1 test of 3.
t/pod-coverage.t .......
Dubious, test returned 1 (wstat 256, 0x100)
Failed 1/3 subtests
t/pod.t ................ ok
t/podspell.t ........... skipped: Author test. Set $ENV{TEST_AUTHOR} to a true value to run.
t/prereq.t ............. skipped: Author test. Set $ENV{TEST_PREREQ} to a true value to run.
Test Summary Report
-------------------
t/04.multiple.t (Wstat: 256 Tests: 27 Failed: 1)
Failed test: 20
Non-zero exit status: 1
t/05.callbacks.t (Wstat: 256 Tests: 31 Failed: 1)
Failed test: 16
Non-zero exit status: 1
t/pod-coverage.t (Wstat: 256 Tests: 3 Failed: 1)
Failed test: 2
Non-zero exit status: 1
Files=18, Tests=195, 2 wallclock secs ( 0.05 usr 0.02 sys + 1.66 cusr 0.25 csys = 1.98 CPU)
Result: FAIL
Failed 3/18 test programs. 3/195 subtests failed.
------------------------------
PREREQUISITES
------------------------------
Prerequisite modules loaded:
requires:
Module Need Have
------------------ ------ --------
autodie 0 2.29
CGI 3.41 4.26
MIME::Entity 0 5.507
Params::Validate 0 1.22
perl v5.6.1 5.023008
Readonly 0 2.01
UNIVERSAL::require 0 0.18
version 0 0.9914
build_requires:
Module Need Have
------------------ ------ --------
Perl6::Slurp 0 0.051005
Test::Exception 0 0.43
Test::More 0 1.001014
configure_requires:
Module Need Have
------------------ ------ --------
Module::Build 0.36 0.4216
------------------------------
ENVIRONMENT AND OTHER CONTEXT
------------------------------
Environment variables:
AUTOMATED_TESTING = 1
LANG = en_GB.UTF-8
LANGUAGE = en_GB:en
PATH = /opt/perlbrew/bin:/opt/perlbrew/perls/perl-5.23.8-thread-multi-ld/bin:/home/perlbrew/bin:/usr/local/sbin:/usr/local/bin:/usr/sbin:/usr/bin:/sbin:/bin:/usr/games:/usr/local/games:/home/perlbrew/.rvm/bin
PERL5LIB =
PERL5OPT =
PERL5_CPANPLUS_IS_RUNNING = 24297
PERL5_CPAN_IS_RUNNING = 24297
PERL5_CPAN_IS_RUNNING_IN_RECURSION = 13681,24297
PERLBREW_BASHRC_VERSION = 0.74
PERLBREW_HOME = /home/perlbrew/.perlbrew
PERLBREW_MANPATH = /opt/perlbrew/perls/perl-5.23.8-thread-multi-ld/man
PERLBREW_PATH = /opt/perlbrew/bin:/opt/perlbrew/perls/perl-5.23.8-thread-multi-ld/bin
PERLBREW_PERL = perl-5.23.8-thread-multi-ld
PERLBREW_ROOT = /opt/perlbrew
PERLBREW_VERSION = 0.74
PERL_CPANM_OPT = --mirror http://cpan.cpantesters.org
PERL_CR_SMOKER_CURRENT = CGI-Application-Plugin-AJAXUpload-v0.0.3
PERL_EXTUTILS_AUTOINSTALL = --defaultdeps
PERL_MM_USE_DEFAULT = 1
SHELL = /bin/bash
TERM = xterm
Perl special variables (and OS-specific diagnostics, for MSWin32):
$^X = /opt/perlbrew/perls/perl-5.23.8-thread-multi-ld/bin/perl5.23.8
$UID/$EUID = 1001 / 1001
$GID = 1001 27 1001
$EGID = 1001 27 1001
Perl module toolchain versions installed:
Module Have
------------------- --------
CPAN 2.11
CPAN::Meta 2.150005
Cwd 3.63
ExtUtils::CBuilder 0.280225
ExtUtils::Command 7.10
ExtUtils::Install 2.04
ExtUtils::MakeMaker 7.10_01
ExtUtils::Manifest 1.70
ExtUtils::ParseXS 3.31
File::Spec 3.63
JSON 2.90
JSON::PP 2.27300
Module::Build 0.4216
Module::Signature 0.79
Parse::CPAN::Meta 1.4417
Test::Harness 3.36
Test::More 1.001014
YAML 1.15
YAML::Syck 1.29
version 0.9914
--
Summary of my perl5 (revision 5 version 23 subversion 8) configuration:
Platform:
osname=linux, osvers=4.2.0-30-generic, archname=x86_64-linux-thread-multi-ld
uname='linux ubuntu 4.2.0-30-generic #36~14.04.1-ubuntu smp fri feb 26 18:49:23 utc 2016 x86_64 x86_64 x86_64 gnulinux '
config_args='-de -Dprefix=/opt/perlbrew/perls/perl-5.23.8-thread-multi-ld -Duselongdouble -Dusemultiplicity -Dusethreads -Dusedevel -Aeval:scriptdir=/opt/perlbrew/perls/perl-5.23.8-thread-multi-ld/bin'
hint=recommended, useposix=true, d_sigaction=define
useithreads=define, usemultiplicity=define
use64bitint=define, use64bitall=define, uselongdouble=define
usemymalloc=n, bincompat5005=undef
Compiler:
cc='cc', ccflags ='-D_REENTRANT -D_GNU_SOURCE -fwrapv -fno-strict-aliasing -pipe -fstack-protector -I/usr/local/include -D_LARGEFILE_SOURCE -D_FILE_OFFSET_BITS=64',
optimize='-O2',
cppflags='-D_REENTRANT -D_GNU_SOURCE -fwrapv -fno-strict-aliasing -pipe -fstack-protector -I/usr/local/include'
ccversion='', gccversion='4.8.4', gccosandvers=''
intsize=4, longsize=8, ptrsize=8, doublesize=8, byteorder=12345678, doublekind=3
d_longlong=define, longlongsize=8, d_longdbl=define, longdblsize=16, longdblkind=3
ivtype='long', ivsize=8, nvtype='long double', nvsize=16, Off_t='off_t', lseeksize=8
alignbytes=16, prototype=define
Linker and Libraries:
ld='cc', ldflags =' -fstack-protector -L/usr/local/lib'
libpth=/usr/local/lib /usr/lib/gcc/x86_64-linux-gnu/4.8/include-fixed /usr/include/x86_64-linux-gnu /usr/lib /lib/x86_64-linux-gnu /lib/../lib /usr/lib/x86_64-linux-gnu /usr/lib/../lib /lib
libs=-lpthread -lnsl -lgdbm -ldl -lm -lcrypt -lutil -lc -lgdbm_compat
perllibs=-lpthread -lnsl -ldl -lm -lcrypt -lutil -lc
libc=libc-2.19.so, so=so, useshrplib=false, libperl=libperl.a
gnulibc_version='2.19'
Dynamic Linking:
dlsrc=dl_dlopen.xs, dlext=so, d_dlsymun=undef, ccdlflags='-Wl,-E'
cccdlflags='-fPIC', lddlflags='-shared -O2 -L/usr/local/lib -fstack-protector'
Characteristics of this binary (from libperl):
Compile-time options: HAS_TIMES MULTIPLICITY PERLIO_LAYERS
PERL_COPY_ON_WRITE PERL_DONT_CREATE_GVSV
PERL_HASH_FUNC_ONE_AT_A_TIME_HARD
PERL_IMPLICIT_CONTEXT PERL_MALLOC_WRAP
PERL_PRESERVE_IVUV PERL_USE_DEVEL USE_64_BIT_ALL
USE_64_BIT_INT USE_ITHREADS USE_LARGE_FILES
USE_LOCALE USE_LOCALE_COLLATE USE_LOCALE_CTYPE
USE_LOCALE_NUMERIC USE_LOCALE_TIME USE_LONG_DOUBLE
USE_PERLIO USE_PERL_ATOF USE_REENTRANT_API
Locally applied patches:
Devel::PatchPerl 1.38
Built under linux
Compiled at Feb 29 2016 11:35:07
%ENV:
PERL5LIB=""
PERL5OPT=""
PERL5_CPANPLUS_IS_RUNNING="24297"
PERL5_CPAN_IS_RUNNING="24297"
PERL5_CPAN_IS_RUNNING_IN_RECURSION="13681,24297"
PERLBREW_BASHRC_VERSION="0.74"
PERLBREW_HOME="/home/perlbrew/.perlbrew"
PERLBREW_MANPATH="/opt/perlbrew/perls/perl-5.23.8-thread-multi-ld/man"
PERLBREW_PATH="/opt/perlbrew/bin:/opt/perlbrew/perls/perl-5.23.8-thread-multi-ld/bin"
PERLBREW_PERL="perl-5.23.8-thread-multi-ld"
PERLBREW_ROOT="/opt/perlbrew"
PERLBREW_VERSION="0.74"
PERL_CPANM_OPT="--mirror http://cpan.cpantesters.org"
PERL_CR_SMOKER_CURRENT="CGI-Application-Plugin-AJAXUpload-v0.0.3"
PERL_EXTUTILS_AUTOINSTALL="--defaultdeps"
PERL_MM_USE_DEFAULT="1"
@INC:
/opt/perlbrew/perls/perl-5.23.8-thread-multi-ld/lib/site_perl/5.23.8/x86_64-linux-thread-multi-ld
/opt/perlbrew/perls/perl-5.23.8-thread-multi-ld/lib/site_perl/5.23.8
/opt/perlbrew/perls/perl-5.23.8-thread-multi-ld/lib/5.23.8/x86_64-linux-thread-multi-ld
/opt/perlbrew/perls/perl-5.23.8-thread-multi-ld/lib/5.23.8
.