Back
From: metabase:user:9c36dc84-a30f-11e0-a9fc-0a18abbd4f2f
Subject: FAIL AtteanX-Query-Cache-0.002 v5.20.3 OpenBSD
Date: 2016-11-16T18:51:04Z
This distribution has been tested as part of the CPAN Testers
project, supporting the Perl programming language. See
http://wiki.cpantesters.org/ for more information or email
questions to cpan-testers-discuss@perl.org
--
Dear Kjetil Kjernsmo,
This is a computer-generated report for AtteanX-Query-Cache-0.002
on perl 5.20.3, created by CPAN-Reporter-1.2018.
Thank you for uploading your work to CPAN. However, there was a problem
testing your distribution.
If you think this report is invalid, please consult the CPAN Testers Wiki
for suggestions on how to avoid getting FAIL reports for missing library
or binary dependencies, unsupported operating systems, and so on:
http://wiki.cpantesters.org/wiki/CPANAuthorNotes
Sections of this report:
* Tester comments
* Program output
* Prerequisites
* Environment and other context
------------------------------
TESTER COMMENTS
------------------------------
Additional comments from tester:
this report is from an automated smoke testing program
and was not reviewed by a human for accuracy
------------------------------
PROGRAM OUTPUT
------------------------------
Output from '/usr/bin/make test':
PERL_DL_NONLAZY=1 "/home/bar/perl5/perlbrew/perls/perl-5.20.3/bin/perl" "-MExtUtils::Command::MM" "-MTest::Harness" "-e" "undef *Test::Harness::Switches; test_harness(0, 'blib/lib', 'blib/arch')" t/*.t
t/01basic.t .................... ok
*** failed to launch redis-server ***
Can't exec "redis-server": No such file or directory at /home/bar/perl5/perlbrew/perls/perl-5.20.3/lib/site_perl/5.20.3/Test/RedisServer.pm line 148.
exec failed: no such file or directory
at t/analysis-best-cost.t line 50.
t/analysis-best-cost.t .........
Dubious, test returned 255 (wstat 65280, 0xff00)
No subtests run
*** failed to launch redis-server ***
Can't exec "redis-server": No such file or directory at /home/bar/perl5/perlbrew/perls/perl-5.20.3/lib/site_perl/5.20.3/Test/RedisServer.pm line 148.
exec failed: no such file or directory
at t/analysis-count.t line 50.
t/analysis-count.t .............
Dubious, test returned 255 (wstat 65280, 0xff00)
No subtests run
Any::Moose is deprecated. Please use Moo instead at /home/bar/perl5/perlbrew/perls/perl-5.20.3/lib/site_perl/5.20.3/RDF/Helper/Properties.pm line 6.
*** failed to launch redis-server ***
Can't exec "redis-server": No such file or directory at /home/bar/perl5/perlbrew/perls/perl-5.20.3/lib/site_perl/5.20.3/Test/RedisServer.pm line 148.
exec failed: no such file or directory
at t/analysis.t line 61.
t/analysis.t ...................
Dubious, test returned 255 (wstat 65280, 0xff00)
No subtests run
t/caching-ua.t ................. ok
# Failed test 'no (unexpected) warnings (via END block)'
# at /home/bar/perl5/perlbrew/perls/perl-5.20.3/lib/site_perl/5.20.3/Test/Builder.pm line 129.
*** failed to launch redis-server ***
Can't exec "redis-server": No such file or directory at /home/bar/perl5/perlbrew/perls/perl-5.20.3/lib/site_perl/5.20.3/Test/RedisServer.pm line 148.
exec failed: no such file or directory
at t/planner-with-tpf-cache.t line 27.
# Tests were run but no plan was declared and done_testing() was not seen.
# Looks like your test exited with 255 just after 2.
t/planner-with-tpf-cache.t .....
Dubious, test returned 255 (wstat 65280, 0xff00)
Failed 1/3 subtests
Any::Moose is deprecated. Please use Moo instead at /home/bar/perl5/perlbrew/perls/perl-5.20.3/lib/site_perl/5.20.3/RDF/Helper/Properties.pm line 6.
# Failed test 'no (unexpected) warnings (via done_testing)'
# at t/retriever.t line 117.
# Looks like you failed 1 test of 5.
t/retriever.t ..................
Dubious, test returned 1 (wstat 256, 0x100)
Failed 1/5 subtests
parse_term_from_string is deprecated and will be removed in Attean 0.018 (use parse_term_from_bytes instead) at /cpan_build/bar/AtteanX-Query-Cache-0.002-0/blib/lib/AtteanX/Query/AccessPlan/Cache.pm line 46.
parse_term_from_string is deprecated and will be removed in Attean 0.018 (use parse_term_from_bytes instead) at /cpan_build/bar/AtteanX-Query-Cache-0.002-0/blib/lib/AtteanX/Query/AccessPlan/Cache.pm line 46.
parse_term_from_string is deprecated and will be removed in Attean 0.018 (use parse_term_from_bytes instead) at /cpan_build/bar/AtteanX-Query-Cache-0.002-0/blib/lib/AtteanX/Query/AccessPlan/Cache.pm line 62.
parse_term_from_string is deprecated and will be removed in Attean 0.018 (use parse_term_from_bytes instead) at /cpan_build/bar/AtteanX-Query-Cache-0.002-0/blib/lib/AtteanX/Query/AccessPlan/Cache.pm line 64.
parse_term_from_string is deprecated and will be removed in Attean 0.018 (use parse_term_from_bytes instead) at /cpan_build/bar/AtteanX-Query-Cache-0.002-0/blib/lib/AtteanX/Query/AccessPlan/Cache.pm line 62.
parse_term_from_string is deprecated and will be removed in Attean 0.018 (use parse_term_from_bytes instead) at /cpan_build/bar/AtteanX-Query-Cache-0.002-0/blib/lib/AtteanX/Query/AccessPlan/Cache.pm line 64.
parse_term_from_string is deprecated and will be removed in Attean 0.018 (use parse_term_from_bytes instead) at /cpan_build/bar/AtteanX-Query-Cache-0.002-0/blib/lib/AtteanX/Query/AccessPlan/Cache.pm line 62.
parse_term_from_string is deprecated and will be removed in Attean 0.018 (use parse_term_from_bytes instead) at /cpan_build/bar/AtteanX-Query-Cache-0.002-0/blib/lib/AtteanX/Query/AccessPlan/Cache.pm line 64.
parse_term_from_string is deprecated and will be removed in Attean 0.018 (use parse_term_from_bytes instead) at /cpan_build/bar/AtteanX-Query-Cache-0.002-0/blib/lib/AtteanX/Query/AccessPlan/Cache.pm line 46.
parse_term_from_string is deprecated and will be removed in Attean 0.018 (use parse_term_from_bytes instead) at /cpan_build/bar/AtteanX-Query-Cache-0.002-0/blib/lib/AtteanX/Query/AccessPlan/Cache.pm line 46.
# Failed test 'no (unexpected) warnings (via done_testing)'
# at t/simple-cache-planner.t line 178.
# Looks like you failed 1 test of 9.
t/simple-cache-planner.t .......
Dubious, test returned 1 (wstat 256, 0x100)
Failed 1/9 subtests
parse_term_from_string is deprecated and will be removed in Attean 0.018 (use parse_term_from_bytes instead) at /cpan_build/bar/AtteanX-Query-Cache-0.002-0/blib/lib/AtteanX/Query/AccessPlan/Cache.pm line 62.
parse_term_from_string is deprecated and will be removed in Attean 0.018 (use parse_term_from_bytes instead) at /cpan_build/bar/AtteanX-Query-Cache-0.002-0/blib/lib/AtteanX/Query/AccessPlan/Cache.pm line 64.
parse_term_from_string is deprecated and will be removed in Attean 0.018 (use parse_term_from_bytes instead) at /cpan_build/bar/AtteanX-Query-Cache-0.002-0/blib/lib/AtteanX/Query/AccessPlan/Cache.pm line 62.
parse_term_from_string is deprecated and will be removed in Attean 0.018 (use parse_term_from_bytes instead) at /cpan_build/bar/AtteanX-Query-Cache-0.002-0/blib/lib/AtteanX/Query/AccessPlan/Cache.pm line 64.
parse_term_from_string is deprecated and will be removed in Attean 0.018 (use parse_term_from_bytes instead) at /cpan_build/bar/AtteanX-Query-Cache-0.002-0/blib/lib/AtteanX/Query/AccessPlan/Cache.pm line 62.
parse_term_from_string is deprecated and will be removed in Attean 0.018 (use parse_term_from_bytes instead) at /cpan_build/bar/AtteanX-Query-Cache-0.002-0/blib/lib/AtteanX/Query/AccessPlan/Cache.pm line 64.
parse_term_from_string is deprecated and will be removed in Attean 0.018 (use parse_term_from_bytes instead) at /cpan_build/bar/AtteanX-Query-Cache-0.002-0/blib/lib/AtteanX/Query/AccessPlan/Cache.pm line 46.
parse_term_from_string is deprecated and will be removed in Attean 0.018 (use parse_term_from_bytes instead) at /cpan_build/bar/AtteanX-Query-Cache-0.002-0/blib/lib/AtteanX/Query/AccessPlan/Cache.pm line 46.
# Failed test 'no (unexpected) warnings (via done_testing)'
# at t/simple-sparql-planner.t line 340.
# Looks like you failed 1 test of 17.
t/simple-sparql-planner.t ......
Dubious, test returned 1 (wstat 256, 0x100)
Failed 1/17 subtests
*** failed to launch redis-server ***
Can't exec "redis-server": No such file or directory at /home/bar/perl5/perlbrew/perls/perl-5.20.3/lib/site_perl/5.20.3/Test/RedisServer.pm line 148.
Test::RedisServer::exec(Test::RedisServer=HASH(0x14007c29b2e0)) called at /home/bar/perl5/perlbrew/perls/perl-5.20.3/lib/site_perl/5.20.3/Test/RedisServer.pm line 86
Test::RedisServer::start(Test::RedisServer=HASH(0x14007c29b2e0)) called at /home/bar/perl5/perlbrew/perls/perl-5.20.3/lib/site_perl/5.20.3/Test/RedisServer.pm line 61
Test::RedisServer::BUILD(Test::RedisServer=HASH(0x14007c29b2e0), HASH(0x140135131628)) called at t/simple-sparql-tpf-planner.t line 62
exec failed: no such file or directory
at /home/bar/perl5/perlbrew/perls/perl-5.20.3/lib/site_perl/5.20.3/Test/RedisServer.pm line 125.
Test::RedisServer::start(Test::RedisServer=HASH(0x14007c29b2e0)) called at /home/bar/perl5/perlbrew/perls/perl-5.20.3/lib/site_perl/5.20.3/Test/RedisServer.pm line 61
Test::RedisServer::BUILD(Test::RedisServer=HASH(0x14007c29b2e0), HASH(0x140135131628)) called at /home/bar/perl5/perlbrew/perls/perl-5.20.3/lib/site_perl/5.20.3/Test/RedisServer.pm line 125.
Test::RedisServer::start(Test::RedisServer=HASH(0x14007c29b2e0)) called at /home/bar/perl5/perlbrew/perls/perl-5.20.3/lib/site_perl/5.20.3/Test/RedisServer.pm line 61
Test::RedisServer::BUILD(Test::RedisServer=HASH(0x14007c29b2e0), HASH(0x140135131628)) called at t/simple-sparql-tpf-planner.t line 62
# Tests were run but no plan was declared and done_testing() was not seen.
# Looks like your test exited with 255 just after 4.
t/simple-sparql-tpf-planner.t ..
Dubious, test returned 255 (wstat 65280, 0xff00)
All 5 subtests passed
Test Summary Report
-------------------
t/analysis-best-cost.t (Wstat: 65280 Tests: 0 Failed: 0)
Non-zero exit status: 255
Parse errors: No plan found in TAP output
t/analysis-count.t (Wstat: 65280 Tests: 0 Failed: 0)
Non-zero exit status: 255
Parse errors: No plan found in TAP output
t/analysis.t (Wstat: 65280 Tests: 0 Failed: 0)
Non-zero exit status: 255
Parse errors: No plan found in TAP output
t/planner-with-tpf-cache.t (Wstat: 65280 Tests: 3 Failed: 1)
Failed test: 2
Non-zero exit status: 255
Parse errors: Tests out of sequence. Found (2) but expected (3)
No plan found in TAP output
t/retriever.t (Wstat: 256 Tests: 5 Failed: 1)
Failed test: 5
Non-zero exit status: 1
t/simple-cache-planner.t (Wstat: 256 Tests: 9 Failed: 1)
Failed test: 9
Non-zero exit status: 1
t/simple-sparql-planner.t (Wstat: 256 Tests: 17 Failed: 1)
Failed test: 17
Non-zero exit status: 1
t/simple-sparql-tpf-planner.t (Wstat: 65280 Tests: 5 Failed: 0)
Non-zero exit status: 255
Parse errors: Tests out of sequence. Found (4) but expected (5)
No plan found in TAP output
Files=10, Tests=42, 36 wallclock secs ( 0.03 usr 0.15 sys + 27.50 cusr 6.12 csys = 33.80 CPU)
Result: FAIL
Failed 8/10 test programs. 4/42 subtests failed.
*** Error 255 in /cpan_build/bar/AtteanX-Query-Cache-0.002-0 (Makefile:905 'test_dynamic')
------------------------------
PREREQUISITES
------------------------------
Prerequisite modules loaded:
requires:
Module Need Have
-------------------------- -------- --------
Attean 0.015 0.017
AtteanX::Endpoint 0 0.001
AtteanX::Store::LDF 0.02 0.04
AtteanX::Store::SPARQL 0.008 0.010
Class::Method::Modifiers 0 2.12
Digest::MD4 0 1.9
IRI 0.005 0.006
List::MoreUtils 0 0.416
LWP::UserAgent::CHICaching 0.04 0.04
Moo 1.006000 2.002005
MooX::Log::Any 0 0.004004
namespace::clean 0 0.27
perl 5.014 5.020003
Redis 0 1.991
Types::Standard 0.008 1.000005
build_requires:
Module Need Have
-------------------------- -------- --------
autodie 0 2.29
Carp::Always 0 0.13
HTTP::Message::PSGI 0 0
LWP::Protocol::PSGI 0 0.09
RDF::Endpoint 0 0.07
RDF::Generator::Void 0.04 0.16
RDF::LinkedData 0 0.74
Test::LWP::UserAgent 0.027 0.031
Test::Modern 0 0.013
Test::RedisServer 0 0.20
configure_requires:
Module Need Have
-------------------------- -------- --------
ExtUtils::MakeMaker 6.17 7.24
------------------------------
ENVIRONMENT AND OTHER CONTEXT
------------------------------
Environment variables:
AUTOMATED_TESTING = 1
PATH = /home/bar/bin:/home/bar/perl5/perlbrew/bin:/home/bar/perl5/perlbrew/perls/perl-5.20.3/bin:/usr/bin:/bin:/usr/sbin:/sbin:/usr/X11R6/bin:/usr/local/bin:/usr/local/sbin
PERL5LIB =
PERL5OPT =
PERL5_CPANPLUS_IS_RUNNING = 27839
PERL5_CPAN_IS_RUNNING = 27839
PERL5_CPAN_IS_RUNNING_IN_RECURSION = 28228,27839
PERLBREW_BASHRC_VERSION = 0.76
PERLBREW_HOME = /home/bar/.perlbrew
PERLBREW_MANPATH = /home/bar/perl5/perlbrew/perls/perl-5.20.3/man
PERLBREW_PATH = /home/bar/perl5/perlbrew/bin:/home/bar/perl5/perlbrew/perls/perl-5.20.3/bin
PERLBREW_PERL = perl-5.20.3
PERLBREW_ROOT = /home/bar/perl5/perlbrew
PERLBREW_VERSION = 0.76
PERL_CR_SMOKER_CURRENT = AtteanX-Query-Cache-0.002
PERL_EXTUTILS_AUTOINSTALL = --defaultdeps
PERL_MM_USE_DEFAULT = 1
SHELL = /usr/local/bin/bash
TERM = vt220
Perl special variables (and OS-specific diagnostics, for MSWin32):
$^X = /home/bar/perl5/perlbrew/perls/perl-5.20.3/bin/perl
$UID/$EUID = 1002 / 1002
$GID = 1002 1002
$EGID = 1002 1002
Perl module toolchain versions installed:
Module Have
------------------- --------
CPAN 2.14
CPAN::Meta 2.150010
Cwd 3.62
ExtUtils::CBuilder 0.280224
ExtUtils::Command 7.24
ExtUtils::Install 1.67
ExtUtils::MakeMaker 7.24
ExtUtils::Manifest 1.70
ExtUtils::ParseXS 3.24
File::Spec 3.62
JSON 2.90
JSON::PP 2.27400
Module::Build 0.4220
Module::Signature n/a
Parse::CPAN::Meta 2.150010
Test::Harness 3.36
Test::More 1.302062
YAML 1.18
YAML::Syck 1.29
version 0.9917
--
Summary of my perl5 (revision 5 version 20 subversion 3) configuration:
Platform:
osname=openbsd, osvers=5.9, archname=OpenBSD.amd64-openbsd
uname='openbsd baiacu.spo.virtua.com.br 5.9 generic.mp#1888 amd64 '
config_args='-de -Dprefix=/home/bar/perl5/perlbrew/perls/perl-5.20.3 -Aeval:scriptdir=/home/bar/perl5/perlbrew/perls/perl-5.20.3/bin'
hint=recommended, useposix=true, d_sigaction=define
useithreads=undef, usemultiplicity=undef
use64bitint=define, use64bitall=define, uselongdouble=undef
usemymalloc=n, bincompat5005=undef
Compiler:
cc='cc', ccflags ='-fno-strict-aliasing -pipe -fstack-protector -I/usr/local/include',
optimize='-O2',
cppflags='-fno-strict-aliasing -pipe -fstack-protector -I/usr/local/include'
ccversion='', gccversion='4.2.1 20070719 ', gccosandvers='openbsd5.9'
intsize=4, longsize=8, ptrsize=8, doublesize=8, byteorder=12345678
d_longlong=define, longlongsize=8, d_longdbl=define, longdblsize=16
ivtype='long', ivsize=8, nvtype='double', nvsize=8, Off_t='off_t', lseeksize=8
alignbytes=8, prototype=define
Linker and Libraries:
ld='cc', ldflags ='-Wl,-E -fstack-protector -L/usr/local/lib'
libpth=/usr/lib /usr/local/lib
libs=-lpthread -lm -lutil -lc
perllibs=-lpthread -lm -lutil -lc
libc=/usr/lib/libc.so.84.2, so=so, useshrplib=false, libperl=libperl.a
gnulibc_version=''
Dynamic Linking:
dlsrc=dl_dlopen.xs, dlext=so, d_dlsymun=undef, ccdlflags=' '
cccdlflags='-DPIC -fPIC ', lddlflags='-shared -fPIC -L/usr/local/lib -fstack-protector'
Characteristics of this binary (from libperl):
Compile-time options: HAS_TIMES PERLIO_LAYERS PERL_DONT_CREATE_GVSV
PERL_HASH_FUNC_ONE_AT_A_TIME_HARD PERL_MALLOC_WRAP
PERL_NEW_COPY_ON_WRITE PERL_PRESERVE_IVUV
USE_64_BIT_ALL USE_64_BIT_INT USE_LARGE_FILES
USE_LOCALE USE_LOCALE_COLLATE USE_LOCALE_CTYPE
USE_LOCALE_NUMERIC USE_PERLIO USE_PERL_ATOF
Locally applied patches:
Devel::PatchPerl 1.38
Built under openbsd
Compiled at Sep 12 2016 22:30:16
%ENV:
PERL5LIB=""
PERL5OPT=""
PERL5_CPANPLUS_IS_RUNNING="27839"
PERL5_CPAN_IS_RUNNING="27839"
PERL5_CPAN_IS_RUNNING_IN_RECURSION="28228,27839"
PERLBREW_BASHRC_VERSION="0.76"
PERLBREW_HOME="/home/bar/.perlbrew"
PERLBREW_MANPATH="/home/bar/perl5/perlbrew/perls/perl-5.20.3/man"
PERLBREW_PATH="/home/bar/perl5/perlbrew/bin:/home/bar/perl5/perlbrew/perls/perl-5.20.3/bin"
PERLBREW_PERL="perl-5.20.3"
PERLBREW_ROOT="/home/bar/perl5/perlbrew"
PERLBREW_VERSION="0.76"
PERL_CR_SMOKER_CURRENT="AtteanX-Query-Cache-0.002"
PERL_EXTUTILS_AUTOINSTALL="--defaultdeps"
PERL_MM_USE_DEFAULT="1"
@INC:
/home/bar/perl5/perlbrew/perls/perl-5.20.3/lib/site_perl/5.20.3/OpenBSD.amd64-openbsd
/home/bar/perl5/perlbrew/perls/perl-5.20.3/lib/site_perl/5.20.3
/home/bar/perl5/perlbrew/perls/perl-5.20.3/lib/5.20.3/OpenBSD.amd64-openbsd
/home/bar/perl5/perlbrew/perls/perl-5.20.3/lib/5.20.3
.