Back
From: metabase:user:30dda8bc-2aae-11df-837a-5e0a49663a4f
Subject: FAIL Test-Harness-FileFilter-0.01 v5.12.3 GNU/Linux
Date: 2011-07-15T07:04:05Z
This distribution has been tested as part of the CPAN Testers
project, supporting the Perl programming language. See
http://wiki.cpantesters.org/ for more information or email
questions to cpan-testers-discuss@perl.org
--
Dear Claes Jakobsson,
This is a computer-generated report for Test-Harness-FileFilter-0.01
on perl 5.12.3, created by CPAN-Reporter-1.19_04.
Thank you for uploading your work to CPAN. However, there was a problem
testing your distribution.
If you think this report is invalid, please consult the CPAN Testers Wiki
for suggestions on how to avoid getting FAIL reports for missing library
or binary dependencies, unsupported operating systems, and so on:
http://wiki.cpantesters.org/wiki/CPANAuthorNotes
Sections of this report:
* Tester comments
* Program output
* Prerequisites
* Environment and other context
------------------------------
TESTER COMMENTS
------------------------------
Additional comments from tester:
this report is from an automated smoke testing program
and was not reviewed by a human for accuracy
------------------------------
PROGRAM OUTPUT
------------------------------
Output from '/usr/bin/make test':
PERL_DL_NONLAZY=1 /usr/bin/perl "-MExtUtils::Command::MM" "-e" "test_harness(0, 'blib/lib', 'blib/arch')" t/*.t
# Testing Test::Harness::FileFilter 0.01, Perl 5.012003, /usr/bin/perl
t/00-load.t ....... ok
# Testing HARNESS_IGNORE_FILES
Deep recursion on anonymous subroutine at /tmp/cpan/Fedora-14-i686/build/Test-Harness-FileFilter-0.01-ALPHLC/blib/lib/Test/Harness/FileFilter.pm line 41.
Out of memory!
# Looks like you planned 2 tests but ran 1.
# Looks like your test exited with 1 just after 1.
t/01-ignore.t .....
Dubious, test returned 1 (wstat 256, 0x100)
Failed 1/2 subtests
# Testing HARNESS_ACCEPT_FILES
Deep recursion on anonymous subroutine at /tmp/cpan/Fedora-14-i686/build/Test-Harness-FileFilter-0.01-ALPHLC/blib/lib/Test/Harness/FileFilter.pm line 41.
Out of memory!
# Looks like you planned 2 tests but ran 1.
# Looks like your test exited with 1 just after 1.
t/02-accept.t .....
Dubious, test returned 1 (wstat 256, 0x100)
Failed 1/2 subtests
t/pod-coverage.t .. ok
t/pod.t ........... ok
Test Summary Report
-------------------
t/01-ignore.t (Wstat: 256 Tests: 1 Failed: 0)
Non-zero exit status: 1
Parse errors: Bad plan. You planned 2 tests but ran 1.
t/02-accept.t (Wstat: 256 Tests: 1 Failed: 0)
Non-zero exit status: 1
Parse errors: Bad plan. You planned 2 tests but ran 1.
Files=5, Tests=5, 174 wallclock secs ( 0.04 usr 0.01 sys + 162.94 cusr 6.37 csys = 169.36 CPU)
Result: FAIL
Failed 2/5 test programs. 0/5 subtests failed.
make: *** [test_dynamic] Error 255
------------------------------
PREREQUISITES
------------------------------
Prerequisite modules loaded:
requires:
Module Need Have
------------------- ---- ----
File::Spec 0 3.33
Test::Harness 0 3.23
Test::More 0 0.98
build_requires:
Module Need Have
------------------- ---- ----
ExtUtils::MakeMaker 0 6.58
------------------------------
ENVIRONMENT AND OTHER CONTEXT
------------------------------
Environment variables:
AUTOMATED_TESTING = 1
LANG = en_US.utf8
PATH = /net/netfile2/ag-russell/perl-smoker/Fedora-14-i686/bin:/net/netfile2/ag-russell/install/Fedora-14-i686/perlbrew/bin:/bin:/sbin:/usr/bin:/usr/sbin:/usr/local/bin
PATH_WITHOUT_PERLBREW = /bin:/sbin:/usr/bin:/usr/sbin:/usr/local/bin
PERL5LIB = /net/netfile2/ag-russell/perl-smoker/Fedora-14-i686/lib/perl5/i386-linux-thread-multi:/net/netfile2/ag-russell/perl-smoker/Fedora-14-i686/lib/perl5
PERL5OPT =
PERL5_CPANPLUS_IS_RUNNING = 22748
PERL5_CPAN_IS_RUNNING = 22748
PERL5_CPAN_IS_RUNNING_IN_RECURSION = 12637,22748
PERLBREW_PATH = /net/netfile2/ag-russell/install/Fedora-14-i686/perlbrew/bin
PERLBREW_ROOT = /net/netfile2/ag-russell/install/Fedora-14-i686/perlbrew
PERLBREW_VERSION = 0.17
PERL_CR_SMOKER_CURRENT = Test-Harness-FileFilter-0.01
PERL_EXTUTILS_AUTOINSTALL = --defaultdeps
PERL_LOCAL_LIB_ROOT = /net/netfile2/ag-russell/perl-smoker/Fedora-14-i686
PERL_MB_OPT = --install_base /net/netfile2/ag-russell/perl-smoker/Fedora-14-i686
PERL_MM_OPT = INSTALL_BASE=/net/netfile2/ag-russell/perl-smoker/Fedora-14-i686
PERL_MM_USE_DEFAULT = 1
SHELL = /bin/bash
TERM = xterm
Perl special variables (and OS-specific diagnostics, for MSWin32):
$^X = /usr/bin/perl
$UID/$EUID = 2699 / 2699
$GID = 2048 2048 10000 10003 10004 10099
$EGID = 2048 2048 10000 10003 10004 10099
Perl module toolchain versions installed:
Module Have
------------------- -----------
CPAN 1.97_51
CPAN::Meta 2.110930001
Cwd 3.33
ExtUtils::CBuilder 0.280202
ExtUtils::Command 1.17
ExtUtils::Install 1.54
ExtUtils::MakeMaker 6.58
ExtUtils::Manifest 1.58
ExtUtils::ParseXS 3.00_01
File::Spec 3.33
JSON 2.53
JSON::PP 2.27200
Module::Build 0.3800
Module::Signature 0.68
Parse::CPAN::Meta 1.4401
Test::Harness 3.23
Test::More 0.98
YAML 0.73
YAML::Syck 1.17
version 0.91
--
Summary of my perl5 (revision 5 version 12 subversion 3) configuration:
Platform:
osname=linux, osvers=2.6.32-71.el6.x86_64, archname=i386-linux-thread-multi
uname='linux x86-01.phx2.fedoraproject.org 2.6.32-71.el6.x86_64 #1 smp wed sep 1 01:33:01 edt 2010 i686 i686 i386 gnulinux '
config_args='-des -Doptimize=-O2 -g -pipe -Wall -Wp,-D_FORTIFY_SOURCE=2 -fexceptions -fstack-protector --param=ssp-buffer-size=4 -m32 -march=i686 -mtune=atom -fasynchronous-unwind-tables -Dccdlflags=-Wl,--enable-new-dtags -DDEBUGGING=-g -Dversion=5.12.3 -Dmyhostname=localhost -Dperladmin=root@localhost -Dcc=gcc -Dcf_by=Red Hat, Inc. -Dprefix=/usr -Dvendorprefix=/usr -Dsiteprefix=/usr/local -Dsitelib=/usr/local/share/perl5 -Dsitearch=/usr/local/lib/perl5 -Dprivlib=/usr/share/perl5 -Dvendorlib=/usr/share/perl5 -Darchlib=/usr/lib/perl5 -Dvendorarch=/usr/lib/perl5 -Darchname=i386-linux-thread-multi -Duseshrplib -Dusethreads -Duseithreads -Dusedtrace=/usr/bin/dtrace -Duselargefiles -Dd_semctl_semun -Di_db -Ui_ndbm -Di_gdbm -Di_shadow -Di_syslog -Dman3ext=3pm -Duseperlio -Dinstallusrbinperl=n -Ubincompat5005 -Uversiononly -Dpager=/usr/bin/less -isr -Dd_gethostent_r_proto -Ud_endhostent_r_proto -Ud_sethostent_r_proto -Ud_endprotoent_r_proto -Ud_setprotoent_r_proto -Ud_endservent_r_proto -Ud_setservent_r_proto -Dscriptdir=/usr/bin -Dotherlibdirs=/usr/local/lib/perl5/site_perl/5.10.0/i386-linux-thread-multi:/usr/local/lib/perl5/site_perl/5.10.0:/usr/lib/perl5/vendor_perl/5.10.0/i386-linux-thread-multi:/usr/lib/perl5/vendor_perl:/usr/lib/perl5/site_perl'
hint=recommended, useposix=true, d_sigaction=define
useithreads=define, usemultiplicity=define
useperlio=define, d_sfio=undef, uselargefiles=define, usesocks=undef
use64bitint=undef, use64bitall=undef, uselongdouble=undef
usemymalloc=n, bincompat5005=undef
Compiler:
cc='gcc', ccflags ='-D_REENTRANT -D_GNU_SOURCE -fno-strict-aliasing -pipe -fstack-protector -I/usr/local/include -D_LARGEFILE_SOURCE -D_FILE_OFFSET_BITS=64',
optimize='-O2 -g -pipe -Wall -Wp,-D_FORTIFY_SOURCE=2 -fexceptions -fstack-protector --param=ssp-buffer-size=4 -m32 -march=i686 -mtune=atom -fasynchronous-unwind-tables',
cppflags='-D_REENTRANT -D_GNU_SOURCE -fno-strict-aliasing -pipe -fstack-protector -I/usr/local/include'
ccversion='', gccversion='4.5.1 20100924 (Red Hat 4.5.1-4)', gccosandvers=''
intsize=4, longsize=4, ptrsize=4, doublesize=8, byteorder=1234
d_longlong=define, longlongsize=8, d_longdbl=define, longdblsize=12
ivtype='long', ivsize=4, nvtype='double', nvsize=8, Off_t='off_t', lseeksize=8
alignbytes=4, prototype=define
Linker and Libraries:
ld='gcc', ldflags =' -fstack-protector -L/usr/local/lib'
libpth=/usr/local/lib /lib /usr/lib
libs=-lresolv -lnsl -lgdbm -ldb -ldl -lm -lcrypt -lutil -lpthread -lc -lgdbm_compat
perllibs=-lresolv -lnsl -ldl -lm -lcrypt -lutil -lpthread -lc
libc=/lib/libc-2.12.90.so, so=so, useshrplib=true, libperl=libperl.so
gnulibc_version='2.12.90'
Dynamic Linking:
dlsrc=dl_dlopen.xs, dlext=so, d_dlsymun=undef, ccdlflags='-Wl,--enable-new-dtags -Wl,-rpath,/usr/lib/perl5/CORE'
cccdlflags='-fPIC', lddlflags='-shared -O2 -g -pipe -Wall -Wp,-D_FORTIFY_SOURCE=2 -fexceptions -fstack-protector --param=ssp-buffer-size=4 -m32 -march=i686 -mtune=atom -fasynchronous-unwind-tables -L/usr/local/lib'
Characteristics of this binary (from libperl):
Compile-time options: MULTIPLICITY PERL_DONT_CREATE_GVSV
PERL_IMPLICIT_CONTEXT PERL_MALLOC_WRAP USE_ITHREADS
USE_LARGE_FILES USE_PERLIO USE_PERL_ATOF
USE_REENTRANT_API
Built under linux
Compiled at Jan 24 2011 10:31:17
%ENV:
PERL5LIB="/net/netfile2/ag-russell/perl-smoker/Fedora-14-i686/lib/perl5/i386-linux-thread-multi:/net/netfile2/ag-russell/perl-smoker/Fedora-14-i686/lib/perl5"
PERL5OPT=""
PERL5_CPANPLUS_IS_RUNNING="22748"
PERL5_CPAN_IS_RUNNING="22748"
PERL5_CPAN_IS_RUNNING_IN_RECURSION="12637,22748"
PERLBREW_PATH="/net/netfile2/ag-russell/install/Fedora-14-i686/perlbrew/bin"
PERLBREW_ROOT="/net/netfile2/ag-russell/install/Fedora-14-i686/perlbrew"
PERLBREW_VERSION="0.17"
PERL_CR_SMOKER_CURRENT="Test-Harness-FileFilter-0.01"
PERL_EXTUTILS_AUTOINSTALL="--defaultdeps"
PERL_LOCAL_LIB_ROOT="/net/netfile2/ag-russell/perl-smoker/Fedora-14-i686"
PERL_MB_OPT="--install_base /net/netfile2/ag-russell/perl-smoker/Fedora-14-i686"
PERL_MM_OPT="INSTALL_BASE=/net/netfile2/ag-russell/perl-smoker/Fedora-14-i686"
PERL_MM_USE_DEFAULT="1"
@INC:
/net/netfile2/ag-russell/perl-smoker/Fedora-14-i686/lib/perl5/i386-linux-thread-multi
/net/netfile2/ag-russell/perl-smoker/Fedora-14-i686/lib/perl5/i386-linux-thread-multi
/net/netfile2/ag-russell/perl-smoker/Fedora-14-i686/lib/perl5
/usr/local/lib/perl5
/usr/local/share/perl5
/usr/lib/perl5
/usr/share/perl5
/usr/lib/perl5
/usr/share/perl5
/usr/local/lib/perl5/site_perl/5.10.0/i386-linux-thread-multi
/usr/local/lib/perl5/site_perl/5.10.0
/usr/lib/perl5/vendor_perl/5.10.0/i386-linux-thread-multi
/usr/lib/perl5/vendor_perl
/usr/lib/perl5/site_perl
.