Data-Processor v1.0.1 Perl 5 v5.8.9 x86_64-gnukfreebsd

Status
Na
From
Chris Williams (BINGOS)
Dist
Data-Processor v1.0.1
Platform
Perl 5 v5.8.9 x86_64-gnukfreebsd
Date
2018-05-29 18:25:13
ID
a07f5250-636d-11e8-a1cf-bb670eaac09d
This distribution has been tested as part of the CPAN Testers
project, supporting the Perl programming language.  See
http://wiki.cpantesters.org/ for more information or email
questions to cpan-testers-discuss@perl.org


--

Dear MBP,

This is a computer-generated error report created automatically by
CPANPLUS, version 0.9172. Testers personal comments may appear
at the end of this report.


Thank you for uploading your work to CPAN.  However, it appears that
there were some problems testing your distribution.

TEST RESULTS:

Below is the error stack from stage 'make test':

PERL_DL_NONLAZY=1 "/home/cpan/pit/bare/perl-5.8.9/bin/perl" "-MExtUtils::Command::MM" "-MTest::Harness" "-e" "undef *Test::Harness::Switches; test_harness(0, 'blib/lib', 'blib/arch')" t/*.t
Perl v5.10.1 required--this is only v5.8.9, stopped at lib/Data/Processor.pm line 4.
BEGIN failed--compilation aborted at lib/Data/Processor.pm line 4.
Compilation failed in require at t/001_basic.t line 4.
BEGIN failed--compilation aborted at t/001_basic.t line 4.
t/001_basic.t ................. 
Dubious, test returned 255 (wstat 65280, 0xff00)
No subtests run 
Perl v5.10.1 required--this is only v5.8.9, stopped at lib/Data/Processor.pm line 4.
BEGIN failed--compilation aborted at lib/Data/Processor.pm line 4.
Compilation failed in require at t/002_validate.t line 4.
BEGIN failed--compilation aborted at t/002_validate.t line 4.
t/002_validate.t .............. 
Dubious, test returned 255 (wstat 65280, 0xff00)
No subtests run 
Perl v5.10.1 required--this is only v5.8.9, stopped at lib/Data/Processor.pm line 4.
BEGIN failed--compilation aborted at lib/Data/Processor.pm line 4.
Compilation failed in require at t/005_synopsis.t line 4.
BEGIN failed--compilation aborted at t/005_synopsis.t line 4.
t/005_synopsis.t .............. 
Dubious, test returned 255 (wstat 65280, 0xff00)
No subtests run 
Perl v5.10.1 required--this is only v5.8.9, stopped at lib/Data/Processor.pm line 4.
BEGIN failed--compilation aborted at lib/Data/Processor.pm line 4.
Compilation failed in require at t/006_regex_keys.t line 4.
BEGIN failed--compilation aborted at t/006_regex_keys.t line 4.
t/006_regex_keys.t ............ 
Dubious, test returned 255 (wstat 65280, 0xff00)
No subtests run 
Perl v5.10.1 required--this is only v5.8.9, stopped at lib/Data/Processor.pm line 4.
BEGIN failed--compilation aborted at lib/Data/Processor.pm line 4.
Compilation failed in require at t/007_no_value_check.t line 4.
BEGIN failed--compilation aborted at t/007_no_value_check.t line 4.
t/007_no_value_check.t ........ 
Dubious, test returned 255 (wstat 65280, 0xff00)
No subtests run 
Perl v5.10.1 required--this is only v5.8.9, stopped at lib/Data/Processor.pm line 4.
BEGIN failed--compilation aborted at lib/Data/Processor.pm line 4.
Compilation failed in require at t/008_error_stringify.t line 4.
BEGIN failed--compilation aborted at t/008_error_stringify.t line 4.
t/008_error_stringify.t ....... 
Dubious, test returned 255 (wstat 65280, 0xff00)
No subtests run 
Perl v5.10.1 required--this is only v5.8.9, stopped at lib/Data/Processor.pm line 4.
BEGIN failed--compilation aborted at lib/Data/Processor.pm line 4.
Compilation failed in require at t/010_transformer.t line 4.
BEGIN failed--compilation aborted at t/010_transformer.t line 4.
t/010_transformer.t ........... 
Dubious, test returned 255 (wstat 65280, 0xff00)
No subtests run 
Perl v5.10.1 required--this is only v5.8.9, stopped at lib/Data/Processor.pm line 4.
BEGIN failed--compilation aborted at lib/Data/Processor.pm line 4.
Compilation failed in require at t/011_default_values.t line 4.
BEGIN failed--compilation aborted at t/011_default_values.t line 4.
t/011_default_values.t ........ 
Dubious, test returned 255 (wstat 65280, 0xff00)
No subtests run 
Perl v5.10.1 required--this is only v5.8.9, stopped at lib/Data/Processor/ValidatorFactory.pm line 1.
BEGIN failed--compilation aborted at lib/Data/Processor/ValidatorFactory.pm line 1.
Compilation failed in require at t/012_factory.t line 5.
BEGIN failed--compilation aborted at t/012_factory.t line 5.
t/012_factory.t ............... 
Dubious, test returned 255 (wstat 65280, 0xff00)
No subtests run 
Perl v5.10.1 required--this is only v5.8.9, stopped at lib/Data/Processor.pm line 4.
BEGIN failed--compilation aborted at lib/Data/Processor.pm line 4.
Compilation failed in require at t/013_array.t line 4.
BEGIN failed--compilation aborted at t/013_array.t line 4.
t/013_array.t ................. 
Dubious, test returned 255 (wstat 65280, 0xff00)
No subtests run 
Perl v5.10.1 required--this is only v5.8.9, stopped at lib/Data/Processor.pm line 4.
BEGIN failed--compilation aborted at lib/Data/Processor.pm line 4.
Compilation failed in require at t/014_transformer_direct.t line 4.
BEGIN failed--compilation aborted at t/014_transformer_direct.t line 4.
t/014_transformer_direct.t .... 
Dubious, test returned 255 (wstat 65280, 0xff00)
No subtests run 
Perl v5.10.1 required--this is only v5.8.9, stopped at lib/Data/Processor.pm line 4.
BEGIN failed--compilation aborted at lib/Data/Processor.pm line 4.
Compilation failed in require at t/015_rx_validator.t line 4.
BEGIN failed--compilation aborted at t/015_rx_validator.t line 4.
t/015_rx_validator.t .......... 
Dubious, test returned 255 (wstat 65280, 0xff00)
No subtests run 
Perl v5.10.1 required--this is only v5.8.9, stopped at lib/Data/Processor.pm line 4.
BEGIN failed--compilation aborted at lib/Data/Processor.pm line 4.
Compilation failed in require at t/016_schemaschema.t line 4.
BEGIN failed--compilation aborted at t/016_schemaschema.t line 4.
t/016_schemaschema.t .......... 
Dubious, test returned 255 (wstat 65280, 0xff00)
No subtests run 
Perl v5.10.1 required--this is only v5.8.9, stopped at lib/Data/Processor.pm line 4.
BEGIN failed--compilation aborted at lib/Data/Processor.pm line 4.
Compilation failed in require at t/017_merge.t line 4.
BEGIN failed--compilation aborted at t/017_merge.t line 4.
t/017_merge.t ................. 
Dubious, test returned 255 (wstat 65280, 0xff00)
No subtests run 
Perl v5.10.1 required--this is only v5.8.9, stopped at lib/Data/Processor.pm line 4.
BEGIN failed--compilation aborted at lib/Data/Processor.pm line 4.
Compilation failed in require at t/018_reference_examples.t line 4.
BEGIN failed--compilation aborted at t/018_reference_examples.t line 4.
t/018_reference_examples.t .... 
Dubious, test returned 255 (wstat 65280, 0xff00)
No subtests run 
Perl v5.10.1 required--this is only v5.8.9, stopped at lib/Data/Processor.pm line 4.
BEGIN failed--compilation aborted at lib/Data/Processor.pm line 4.
Compilation failed in require at t/100_make_config_template.t line 4.
BEGIN failed--compilation aborted at t/100_make_config_template.t line 4.
t/100_make_config_template.t .. 
Dubious, test returned 255 (wstat 65280, 0xff00)
No subtests run 
Perl v5.10.1 required--this is only v5.8.9, stopped at lib/Data/Processor.pm line 4.
BEGIN failed--compilation aborted at lib/Data/Processor.pm line 4.
Compilation failed in require at t/200_pod_writer.t line 4.
BEGIN failed--compilation aborted at t/200_pod_writer.t line 4.
t/200_pod_writer.t ............ 
Dubious, test returned 255 (wstat 65280, 0xff00)
No subtests run 
Perl v5.10.1 required--this is only v5.8.9, stopped at lib/Data/Processor.pm line 4.
BEGIN failed--compilation aborted at lib/Data/Processor.pm line 4.
Compilation failed in require at t/300_make_config_template.t line 4.
BEGIN failed--compilation aborted at t/300_make_config_template.t line 4.
t/300_make_config_template.t .. 
Dubious, test returned 255 (wstat 65280, 0xff00)
No subtests run 
t/author-pod-syntax.t ......... skipped: these tests are for testing by the author

Test Summary Report
-------------------
t/001_basic.t               (Wstat: 65280 Tests: 0 Failed: 0)
  Non-zero exit status: 255
  Parse errors: No plan found in TAP output
t/002_validate.t            (Wstat: 65280 Tests: 0 Failed: 0)
  Non-zero exit status: 255
  Parse errors: No plan found in TAP output
t/005_synopsis.t            (Wstat: 65280 Tests: 0 Failed: 0)
  Non-zero exit status: 255
  Parse errors: No plan found in TAP output
t/006_regex_keys.t          (Wstat: 65280 Tests: 0 Failed: 0)
  Non-zero exit status: 255
  Parse errors: No plan found in TAP output
t/007_no_value_check.t      (Wstat: 65280 Tests: 0 Failed: 0)
  Non-zero exit status: 255
  Parse errors: No plan found in TAP output
t/008_error_stringify.t     (Wstat: 65280 Tests: 0 Failed: 0)
  Non-zero exit status: 255
  Parse errors: No plan found in TAP output
t/010_transformer.t         (Wstat: 65280 Tests: 0 Failed: 0)
  Non-zero exit status: 255
  Parse errors: No plan found in TAP output
t/011_default_values.t      (Wstat: 65280 Tests: 0 Failed: 0)
  Non-zero exit status: 255
  Parse errors: No plan found in TAP output
t/012_factory.t             (Wstat: 65280 Tests: 0 Failed: 0)
  Non-zero exit status: 255
  Parse errors: No plan found in TAP output
t/013_array.t               (Wstat: 65280 Tests: 0 Failed: 0)
  Non-zero exit status: 255
  Parse errors: No plan found in TAP output
t/014_transformer_direct.t  (Wstat: 65280 Tests: 0 Failed: 0)
  Non-zero exit status: 255
  Parse errors: No plan found in TAP output
t/015_rx_validator.t        (Wstat: 65280 Tests: 0 Failed: 0)
  Non-zero exit status: 255
  Parse errors: No plan found in TAP output
t/016_schemaschema.t        (Wstat: 65280 Tests: 0 Failed: 0)
  Non-zero exit status: 255
  Parse errors: No plan found in TAP output
t/017_merge.t               (Wstat: 65280 Tests: 0 Failed: 0)
  Non-zero exit status: 255
  Parse errors: No plan found in TAP output
t/018_reference_examples.t  (Wstat: 65280 Tests: 0 Failed: 0)
  Non-zero exit status: 255
  Parse errors: No plan found in TAP output
t/100_make_config_template.t (Wstat: 65280 Tests: 0 Failed: 0)
  Non-zero exit status: 255
  Parse errors: No plan found in TAP output
t/200_pod_writer.t          (Wstat: 65280 Tests: 0 Failed: 0)
  Non-zero exit status: 255
  Parse errors: No plan found in TAP output
t/300_make_config_template.t (Wstat: 65280 Tests: 0 Failed: 0)
  Non-zero exit status: 255
  Parse errors: No plan found in TAP output
Files=19, Tests=0,  1 wallclock secs ( 0.02 usr  0.03 sys +  0.45 cusr  0.13 csys =  0.63 CPU)
Result: FAIL
Failed 18/19 test programs. 0/0 subtests failed.
Makefile:863: recipe for target 'test_dynamic' failed
make: *** [test_dynamic] Error 255

[MSG] [Tue May 29 19:25:12 2018] 'Data::Processor' requires a higher version of perl than your current version -- sending N/A grade.

PREREQUISITES:

Here is a list of prerequisites you specified and versions we
managed to load:

	  Module Name                        Have     Want
	  ExtUtils::MakeMaker                7.34        0
	  Test::More                     1.302135     0.96

Perl module toolchain versions installed:
	Module Name                        Have
	CPANPLUS                         0.9172
	CPANPLUS::Dist::Build              0.88
	Cwd                                3.74
	ExtUtils::CBuilder             0.280230
	ExtUtils::Command                  7.34
	ExtUtils::Install                  2.14
	ExtUtils::MakeMaker                7.34
	ExtUtils::Manifest                 1.70
	ExtUtils::ParseXS                  3.35
	File::Spec                         3.74
	Module::Build                    0.4224
	Pod::Parser                        1.35
	Pod::Simple                        3.32
	Test2                          1.302135
	Test::Harness                      3.42
	Test::More                     1.302135
	version                          0.9918

******************************** NOTE ********************************
The comments above are created mechanically, possibly without manual
checking by the sender.  As there are many people performing automatic
tests on each upload to CPAN, it is likely that you will receive
identical messages about the same problem.

If you believe that the message is mistaken, please reply to the first
one with correction and/or additional informations, and do not take
it personally.  We appreciate your patience. :)
**********************************************************************

Additional comments:


This report was machine-generated by CPANPLUS::Dist::YACSmoke 1.02.
Powered by minismokebox version 0.68

------------------------------
ENVIRONMENT AND OTHER CONTEXT
------------------------------

Environment variables:

    AUTOMATED_TESTING = 1
    LANG = en_GB.UTF-8
    LANGUAGE = en_GB:en
    NONINTERACTIVE_TESTING = 1
    PATH = /usr/local/bin:/usr/bin:/bin:/usr/local/games:/usr/games
    PERL5LIB = :/home/cpan/pit/bare/conf/perl-5.8.9/.cpanplus/5.8.9/build/SVL97zE2FL/Data-Processor-1.0.1/blib/lib:/home/cpan/pit/bare/conf/perl-5.8.9/.cpanplus/5.8.9/build/SVL97zE2FL/Data-Processor-1.0.1/blib/arch
    PERL5_CPANPLUS_IS_RUNNING = 19070
    PERL5_CPANPLUS_IS_VERSION = 0.9172
    PERL5_MINISMOKEBOX = 0.68
    PERL5_YACSMOKE_BASE = /home/cpan/pit/bare/conf/perl-5.8.9
    PERL_EXTUTILS_AUTOINSTALL = --defaultdeps
    PERL_MM_USE_DEFAULT = 1
    SHELL = /bin/bash
    TERM = screen

Perl special variables (and OS-specific diagnostics, for MSWin32):

    Perl: $^X = /home/cpan/pit/bare/perl-5.8.9/bin/perl
    UID:  $<  = 1001
    EUID: $>  = 1001
    GID:  $(  = 1001 1001
    EGID: $)  = 1001 1001


-------------------------------


--

Summary of my perl5 (revision 5 version 8 subversion 9) configuration:
  Platform:
    osname=gnukfreebsd, osvers=10.1-0-amd64, archname=x86_64-gnukfreebsd
    uname='gnukfreebsd kondor 10.1-0-amd64 #0 wed, 16 mar 2016 23:16:33 +0000 x86_64 amd64 qemu virtual cpu version 2.0.0 gnukfreebsd '
    config_args='-des -Dprefix=/home/cpan/pit/bare/perl-5.8.9'
    hint=recommended, useposix=true, d_sigaction=define
    usethreads=undef use5005threads=undef useithreads=undef usemultiplicity=undef
    useperlio=define d_sfio=undef uselargefiles=define usesocks=undef
    use64bitint=define use64bitall=define uselongdouble=undef
    usemymalloc=n, bincompat5005=undef
  Compiler:
    cc='cc', ccflags ='-fno-strict-aliasing -pipe -I/usr/local/include -D_LARGEFILE_SOURCE -D_FILE_OFFSET_BITS=64',
    optimize='-O2',
    cppflags='-fno-strict-aliasing -pipe -I/usr/local/include'
    ccversion='', gccversion='4.9.2', gccosandvers=''
    intsize=4, longsize=8, ptrsize=8, doublesize=8, byteorder=12345678
    d_longlong=define, longlongsize=8, d_longdbl=define, longdblsize=16
    ivtype='long', ivsize=8, nvtype='double', nvsize=8, Off_t='off_t', lseeksize=8
    alignbytes=8, prototype=define
  Linker and Libraries:
    ld='cc', ldflags =' -L/usr/local/lib'
    libpth=/usr/local/lib /lib/x86_64-kfreebsd-gnu /lib/../lib /usr/lib/x86_64-kfreebsd-gnu /usr/lib/../lib /lib /usr/lib
    libs=-lnsl -lgdbm -ldl -lm -lcrypt -lutil -lc -lgdbm_compat
    perllibs=-lnsl -ldl -lm -lcrypt -lutil -lc -lgdbm_compat
    libc=/usr/lib/x86_64-kfreebsd-gnu/libc.so, so=so, useshrplib=false, libperl=libperl.a
    gnulibc_version='2.19'
  Dynamic Linking:
    dlsrc=dl_dlopen.xs, dlext=so, d_dlsymun=undef, ccdlflags='-Wl,-E'
    cccdlflags='-fpic', lddlflags='-shared -O2 -L/usr/local/lib'


Characteristics of this binary (from libperl): 
  Compile-time options: PERL_MALLOC_WRAP USE_64_BIT_ALL USE_64_BIT_INT
                        USE_FAST_STDIO USE_LARGE_FILES USE_PERLIO
  Locally applied patches:
	Devel::PatchPerl 1.42
  Built under gnukfreebsd
  Compiled at May  6 2016 22:18:18
  %ENV:
    PERL5LIB=":/home/cpan/pit/bare/conf/perl-5.8.9/.cpanplus/5.8.9/build/SVL97zE2FL/Data-Processor-1.0.1/blib/lib:/home/cpan/pit/bare/conf/perl-5.8.9/.cpanplus/5.8.9/build/SVL97zE2FL/Data-Processor-1.0.1/blib/arch"
    PERL5_CPANPLUS_IS_RUNNING="19070"
    PERL5_CPANPLUS_IS_VERSION="0.9172"
    PERL5_MINISMOKEBOX="0.68"
    PERL5_YACSMOKE_BASE="/home/cpan/pit/bare/conf/perl-5.8.9"
    PERL_EXTUTILS_AUTOINSTALL="--defaultdeps"
    PERL_MM_USE_DEFAULT="1"
  @INC:
    /home/cpan/pit/bare/conf/perl-5.8.9/.cpanplus/5.8.9/build/SVL97zE2FL/Data-Processor-1.0.1/blib/lib
    /home/cpan/pit/bare/conf/perl-5.8.9/.cpanplus/5.8.9/build/SVL97zE2FL/Data-Processor-1.0.1/blib/arch
    /home/cpan/pit/bare/perl-5.8.9/lib/5.8.9/x86_64-gnukfreebsd
    /home/cpan/pit/bare/perl-5.8.9/lib/5.8.9
    /home/cpan/pit/bare/perl-5.8.9/lib/site_perl/5.8.9/x86_64-gnukfreebsd
    /home/cpan/pit/bare/perl-5.8.9/lib/site_perl/5.8.9
    .