StorageDisplay v1.2.1 Perl 5 v5.28.1 i686-linux-thread-multi-quadmath

Status
Fail
From
Chris Williams (BINGOS)
Dist
StorageDisplay v1.2.1
Platform
Perl 5 v5.28.1 i686-linux-thread-multi-quadmath
Date
2023-03-18 04:44:54
ID
a09655fe-c547-11ed-aba6-9a79f339625c
This distribution has been tested as part of the CPAN Testers
project, supporting the Perl programming language.  See
http://wiki.cpantesters.org/ for more information or email
questions to cpan-testers-discuss@perl.org


--

Dear VDANJEAN,

This is a computer-generated error report created automatically by
CPANPLUS, version 0.9914. Testers personal comments may appear
at the end of this report.


Thank you for uploading your work to CPAN.  However, it appears that
there were some problems testing your distribution.

TEST RESULTS:

Below is the error stack from stage 'make test':

PERL_DL_NONLAZY=1 "/home/cpan/pit/thr-qm/perl-5.28.1/bin/perl" "-MExtUtils::Command::MM" "-MTest::Harness" "-e" "undef *Test::Harness::Switches; test_harness(0, 'blib/lib', 'blib/arch')" t/*.t
# Testing with Perl 5.028001, /home/cpan/pit/thr-qm/perl-5.28.1/bin/perl
#     Carp version is 1.50
#     Data::Compare version is 1.28
#     Data::Dumper version is 2.170
#     ExtUtils::MakeMaker version is 7.64
#     Getopt::Long version is 2.5
#     IO::Select version is 1.39
#     JSON::PP version is 2.97001
#     Moose version is 2.2203
#     MooseX::NonMoose version is 0.26
#     MooseX::Role::Parameterized version is 1.11
#     Net::OpenSSH version is 0.83
#     Object::ID version is v0.1.2
#     POSIX version is 1.84
#     Path::Class version is 0.37
#     Path::Class::Dir version is 0.37
#     Scalar::Util version is 1.63
#     Storable version is 3.25
#     Term::ReadKey version is 2.38
#     Test2::V0 version is 0.000148
#     Test::File::Contents version is 0.242
#     Test::More version is 1.302191
#     Test::Script version is 1.29
#     Types::Standard version is 2.002001
#     base version is 2.27
#     bignum version is 0.66
#     bigrat version is 0.66
#     lib version is 0.64
#     namespace::sweep version is 0.006
#     parent version is 0.236
#     strict version is 1.11
#     utf8 version is 1.21
#     warnings version is 1.42
t/000-report-versions.t .. ok
t/05_round.t ............. ok
t/06_int-data-dumper.t ... ok
# JSON support from JSON::PP instead of JSON::MaybeXS
# 	boolean_values method required
# 	module included in basic perl modules
# JSON::PP: boolean_values support: 0
# JSON::PP: allow_bignum support: 1
# StorageDisplay::Collect::JSON uses plain JSON::PP: 0
t/07_json.t .............. ok

#   Failed test 'data/aya.ref.data and data/aya.data contents are the same'
#   at t/10_reference.t line 48.
# --- data/aya.ref.data	Thu Mar 16 23:03:05 2023
# +++ data/aya.data	Sat Mar 18 04:44:38 2023
# @@ -1654,7 +1654,7 @@
#                                      'rq-size' => 128,
#                                      'sched' => undef,
#                                      'serial' => undef,
# -                                    'size' => 6442450944,
# +                                    'size' => '6442450944',
#                                      'state' => 'running',
#                                      'subsystems' => 'block',
#                                      'tran' => undef,

#   Failed test 'data/localhost.ref.data and data/localhost.data contents are the same'
#   at t/10_reference.t line 48.
# --- data/localhost.ref.data	Thu Mar 16 23:03:05 2023
# +++ data/localhost.data	Sat Mar 18 04:44:50 2023
# @@ -428,7 +428,7 @@
#                                     'rq-size' => 128,
#                                     'sched' => undef,
#                                     'serial' => undef,
# -                                   'size' => 8589934592,
# +                                   'size' => '8589934592',
#                                     'start' => undef,
#                                     'state' => 'running',
#                                     'subsystems' => 'block',
# @@ -1293,7 +1293,7 @@
#                                     'disc-gran' => 0,
#                                     'disc-max' => 0,
#                                     'disc-zero' => 0,
# -                                   'fsavail' => 5164232704,
# +                                   'fsavail' => '5164232704',
#                                     'fsroots' => [
#                                                    '/'
#                                                  ],
# @@ -1363,7 +1363,7 @@
#                                     'disc-gran' => 0,
#                                     'disc-max' => 0,
#                                     'disc-zero' => 0,
# -                                   'fsavail' => 8281575424,
# +                                   'fsavail' => '8281575424',
#                                     'fsroots' => [
#                                                    '/'
#                                                  ],
# @@ -1548,7 +1548,7 @@
#                                     'rq-size' => 128,
#                                     'sched' => undef,
#                                     'serial' => undef,
# -                                   'size' => 5368709120,
# +                                   'size' => '5368709120',
#                                     'start' => undef,
#                                     'state' => 'running',
#                                     'subsystems' => 'block',
# Seeded srand with seed '20230318' from local date.
# Looks like you failed 2 tests of 58.
t/10_reference.t ......... 
Dubious, test returned 2 (wstat 512, 0x200)
Failed 2/58 subtests 
t/author-critic.t ........ skipped: these tests are for testing by the author
t/author-distmeta.t ...... skipped: these tests are for testing by the author
t/author-pod-syntax.t .... skipped: these tests are for testing by the author

Test Summary Report
-------------------
t/10_reference.t       (Wstat: 512 (exited 2) Tests: 58 Failed: 2)
  Failed tests:  6, 48
  Non-zero exit status: 2
Files=8, Tests=105, 20 wallclock secs ( 0.04 usr  0.01 sys + 17.34 cusr  1.86 csys = 19.25 CPU)
Result: FAIL
Failed 1/8 test programs. 2/105 subtests failed.
make: *** [Makefile:989: test_dynamic] Error 255


PREREQUISITES:

Here is a list of prerequisites you specified and versions we
managed to load:

	  Module Name                        Have     Want
	  Carp                               1.50        0
	  Data::Compare                      1.28        0
	  Data::Dumper                      2.170        0
	  ExtUtils::MakeMaker                7.64        0
	  Getopt::Long                        2.5        0
	  IO::Select                         1.39        0
	  JSON::PP                        2.97001        0
	  Moose                            2.2203        0
	  Moose::Role                      2.2203        0
	  MooseX::NonMoose                   0.26        0
	  MooseX::Role::Parameterized        1.11        0
	  Net::OpenSSH                       0.83        0
	  Object::ID                       v0.1.2        0
	  POSIX                              1.84        0
	  Path::Class                        0.37        0
	  Path::Class::Dir                   0.37        0
	  Scalar::Util                       1.63        0
	  Storable                           3.25        0
	  Term::ReadKey                      2.38        0
	  Test2::V0                      0.000148        0
	  Test::File::Contents              0.242        0
	  Test::More                     1.302191     0.94
	  Test::Script                       1.29        0
	  Types::Standard                2.002001        0
	  base                               2.27        0
	  bignum                             0.66     0.51
	  bigrat                             0.66     0.51
	  lib                                0.64        0
	  namespace::sweep                  0.006        0
	  parent                            0.236        0
	  strict                             1.11        0
	  utf8                               1.21        0
	  warnings                           1.42        0

Perl module toolchain versions installed:
	Module Name                        Have
	CPANPLUS                         0.9914
	CPANPLUS::Dist::Build              0.90
	Cwd                                3.75
	ExtUtils::CBuilder             0.280236
	ExtUtils::Command                  7.64
	ExtUtils::Install                  2.20
	ExtUtils::MakeMaker                7.64
	ExtUtils::Manifest                 1.73
	ExtUtils::ParseXS                  3.44
	File::Spec                         3.75
	Module::Build                    0.4231
	Pod::Parser                        1.63
	Pod::Simple                        3.35
	Test2                          1.302191
	Test::Harness                      3.44
	Test::More                     1.302191
	version                          0.9929

******************************** NOTE ********************************
The comments above are created mechanically, possibly without manual
checking by the sender.  As there are many people performing automatic
tests on each upload to CPAN, it is likely that you will receive
identical messages about the same problem.

If you believe that the message is mistaken, please reply to the first
one with correction and/or additional informations, and do not take
it personally.  We appreciate your patience. :)
**********************************************************************

Additional comments:


This report was machine-generated by CPANPLUS::Dist::YACSmoke 1.08.
Powered by minismokebox version 0.68

CPANPLUS is prefering Build.PL

------------------------------
ENVIRONMENT AND OTHER CONTEXT
------------------------------

Environment variables:

    AUTOMATED_TESTING = 1
    LANG = en_GB.UTF-8
    LANGUAGE = en_GB:en
    NONINTERACTIVE_TESTING = 1
    PATH = /home/cpan/pit/thr-qm/conf/perl-5.28.1/.cpanplus/5.28.1/build/tFJc1sFnLE/StorageDisplay-1.2.1/blib/script:/usr/local/bin:/usr/bin:/bin:/usr/local/games:/usr/games
    PERL5LIB = /home/cpan/pit/jail/xbdUX4Y8Fa/lib/perl5:/home/cpan/pit/thr-qm/conf/perl-5.28.1/.cpanplus/5.28.1/build/tFJc1sFnLE/StorageDisplay-1.2.1/blib/lib:/home/cpan/pit/thr-qm/conf/perl-5.28.1/.cpanplus/5.28.1/build/tFJc1sFnLE/StorageDisplay-1.2.1/blib/arch
    PERL5_CPANPLUS_IS_RUNNING = 32696
    PERL5_CPANPLUS_IS_VERSION = 0.9914
    PERL5_MINISMOKEBOX = 0.68
    PERL5_YACSMOKE_BASE = /home/cpan/pit/thr-qm/conf/perl-5.28.1
    PERL_EXTUTILS_AUTOINSTALL = --defaultdeps
    PERL_LOCAL_LIB_ROOT = /home/cpan/pit/jail/xbdUX4Y8Fa
    PERL_MB_OPT = --install_base "/home/cpan/pit/jail/xbdUX4Y8Fa"
    PERL_MM_OPT = INSTALL_BASE=/home/cpan/pit/jail/xbdUX4Y8Fa
    PERL_MM_USE_DEFAULT = 1
    SHELL = /bin/bash
    TERM = screen.xterm-256color

Perl special variables (and OS-specific diagnostics, for MSWin32):

    Perl: $^X = /home/cpan/pit/thr-qm/perl-5.28.1/bin/perl
    UID:  $<  = 1001
    EUID: $>  = 1001
    GID:  $(  = 1001 1001
    EGID: $)  = 1001 1001


-------------------------------


--

Summary of my perl5 (revision 5 version 28 subversion 1) configuration:
   
  Platform:
    osname=linux
    osvers=5.10.0-12-686
    archname=i686-linux-thread-multi-quadmath
    uname='linux dagobah 5.10.0-12-686 #1 smp debian 5.10.103-1 (2022-03-07) i686 gnulinux '
    config_args='-des -Dprefix=/home/cpan/pit/thr-qm/perl-5.28.1 -Dusethreads -Dusequadmath'
    hint=recommended
    useposix=true
    d_sigaction=define
    useithreads=define
    usemultiplicity=define
    use64bitint=undef
    use64bitall=undef
    uselongdouble=undef
    usemymalloc=n
    default_inc_excludes_dot=define
    bincompat5005=undef
  Compiler:
    cc='cc'
    ccflags ='-D_REENTRANT -D_GNU_SOURCE -fwrapv -fno-strict-aliasing -pipe -fstack-protector-strong -I/usr/local/include -D_LARGEFILE_SOURCE -D_FILE_OFFSET_BITS=64 -D_FORTIFY_SOURCE=2'
    optimize='-O2'
    cppflags='-D_REENTRANT -D_GNU_SOURCE -fwrapv -fno-strict-aliasing -pipe -fstack-protector-strong -I/usr/local/include'
    ccversion=''
    gccversion='10.2.1 20210110'
    gccosandvers=''
    intsize=4
    longsize=4
    ptrsize=4
    doublesize=8
    byteorder=1234
    doublekind=3
    d_longlong=define
    longlongsize=8
    d_longdbl=define
    longdblsize=12
    longdblkind=3
    ivtype='long'
    ivsize=4
    nvtype='__float128'
    nvsize=16
    Off_t='off_t'
    lseeksize=8
    alignbytes=16
    prototype=define
  Linker and Libraries:
    ld='cc'
    ldflags =' -fstack-protector-strong -L/usr/local/lib'
    libpth=/usr/local/lib /usr/include/i386-linux-gnu /usr/lib /lib/i386-linux-gnu /lib/../lib /usr/lib/i386-linux-gnu /usr/lib/../lib /lib /lib64 /usr/lib64
    libs=-lpthread -lnsl -lgdbm -ldl -lm -lcrypt -lutil -lc -lquadmath
    perllibs=-lpthread -lnsl -ldl -lm -lcrypt -lutil -lc -lquadmath
    libc=libc-2.31.so
    so=so
    useshrplib=false
    libperl=libperl.a
    gnulibc_version='2.31'
  Dynamic Linking:
    dlsrc=dl_dlopen.xs
    dlext=so
    d_dlsymun=undef
    ccdlflags='-Wl,-E'
    cccdlflags='-fPIC'
    lddlflags='-shared -O2 -L/usr/local/lib -fstack-protector-strong'


Characteristics of this binary (from libperl): 
  Compile-time options:
    HAS_TIMES
    MULTIPLICITY
    PERLIO_LAYERS
    PERL_COPY_ON_WRITE
    PERL_DONT_CREATE_GVSV
    PERL_IMPLICIT_CONTEXT
    PERL_MALLOC_WRAP
    PERL_OP_PARENT
    PERL_PRESERVE_IVUV
    USE_ITHREADS
    USE_LARGE_FILES
    USE_LOCALE
    USE_LOCALE_COLLATE
    USE_LOCALE_CTYPE
    USE_LOCALE_NUMERIC
    USE_LOCALE_TIME
    USE_PERLIO
    USE_PERL_ATOF
    USE_QUADMATH
    USE_REENTRANT_API
  Locally applied patches:
    Devel::PatchPerl 2.08
  Built under linux
  Compiled at Mar 20 2022 19:07:50
  %ENV:
    PERL5LIB="/home/cpan/pit/jail/xbdUX4Y8Fa/lib/perl5:/home/cpan/pit/thr-qm/conf/perl-5.28.1/.cpanplus/5.28.1/build/tFJc1sFnLE/StorageDisplay-1.2.1/blib/lib:/home/cpan/pit/thr-qm/conf/perl-5.28.1/.cpanplus/5.28.1/build/tFJc1sFnLE/StorageDisplay-1.2.1/blib/arch"
    PERL5_CPANPLUS_IS_RUNNING="32696"
    PERL5_CPANPLUS_IS_VERSION="0.9914"
    PERL5_MINISMOKEBOX="0.68"
    PERL5_YACSMOKE_BASE="/home/cpan/pit/thr-qm/conf/perl-5.28.1"
    PERL_EXTUTILS_AUTOINSTALL="--defaultdeps"
    PERL_LOCAL_LIB_ROOT="/home/cpan/pit/jail/xbdUX4Y8Fa"
    PERL_MB_OPT="--install_base "/home/cpan/pit/jail/xbdUX4Y8Fa""
    PERL_MM_OPT="INSTALL_BASE=/home/cpan/pit/jail/xbdUX4Y8Fa"
    PERL_MM_USE_DEFAULT="1"
  @INC:
    /home/cpan/pit/jail/xbdUX4Y8Fa/lib/perl5/5.28.1/i686-linux-thread-multi-quadmath
    /home/cpan/pit/jail/xbdUX4Y8Fa/lib/perl5/5.28.1
    /home/cpan/pit/jail/xbdUX4Y8Fa/lib/perl5/i686-linux-thread-multi-quadmath
    /home/cpan/pit/jail/xbdUX4Y8Fa/lib/perl5
    /home/cpan/pit/thr-qm/conf/perl-5.28.1/.cpanplus/5.28.1/build/tFJc1sFnLE/StorageDisplay-1.2.1/blib/lib
    /home/cpan/pit/thr-qm/conf/perl-5.28.1/.cpanplus/5.28.1/build/tFJc1sFnLE/StorageDisplay-1.2.1/blib/arch
    /home/cpan/pit/thr-qm/perl-5.28.1/lib/site_perl/5.28.1/i686-linux-thread-multi-quadmath
    /home/cpan/pit/thr-qm/perl-5.28.1/lib/site_perl/5.28.1
    /home/cpan/pit/thr-qm/perl-5.28.1/lib/5.28.1/i686-linux-thread-multi-quadmath
    /home/cpan/pit/thr-qm/perl-5.28.1/lib/5.28.1