Back
From: metabase:user:9c36dc84-a30f-11e0-a9fc-0a18abbd4f2f
Subject: FAIL ExtUtils-Typemaps-STL-Extra-0.001 v5.20.3 OpenBSD
Date: 2016-11-16T18:51:04Z
This distribution has been tested as part of the CPAN Testers
project, supporting the Perl programming language. See
http://wiki.cpantesters.org/ for more information or email
questions to cpan-testers-discuss@perl.org
--
Dear Pablo Rodriguez,
This is a computer-generated report for ExtUtils-Typemaps-STL-Extra-0.001
on perl 5.20.3, created by CPAN-Reporter-1.2018.
Thank you for uploading your work to CPAN. However, there was a problem
testing your distribution.
If you think this report is invalid, please consult the CPAN Testers Wiki
for suggestions on how to avoid getting FAIL reports for missing library
or binary dependencies, unsupported operating systems, and so on:
http://wiki.cpantesters.org/wiki/CPANAuthorNotes
Sections of this report:
* Tester comments
* Program output
* Prerequisites
* Environment and other context
------------------------------
TESTER COMMENTS
------------------------------
Additional comments from tester:
this report is from an automated smoke testing program
and was not reviewed by a human for accuracy
------------------------------
PROGRAM OUTPUT
------------------------------
Output from './Build test':
# Testing ExtUtils::Typemaps::STL::Extra 0.01, Perl 5.020003, /home/bar/perl5/perlbrew/perls/perl-5.20.3/bin/perl
t/00-load.t ............... ok
Could not get valid metadata. Error is: ERROR: Missing required field 'dist_abstract' for metafile
Could not create MYMETA files
cc1plus: error: unrecognized command line option "-std=c++11"
error building src/vector_of_vectors.o from 'src/vector_of_vectors.cpp' at /home/bar/perl5/perlbrew/perls/perl-5.20.3/lib/site_perl/5.20.3/ExtUtils/CBuilder/Base.pm line 173.
# Looks like your test exited with 2 before it could output anything.
t/01-vector_of_vectors.t ..
Dubious, test returned 2 (wstat 512, 0x200)
Failed 1/1 subtests
t/author-critic.t ......... skipped: these tests are for testing by the author
t/author-pod-coverage.t ... skipped: these tests are for testing by the author
t/author-pod-syntax.t ..... skipped: these tests are for testing by the author
t/manifest.t .............. skipped: Author tests not required for installation
t/pod-coverage.t .......... skipped: Author tests not required for installation
t/pod.t ................... skipped: Author tests not required for installation
Test Summary Report
-------------------
t/01-vector_of_vectors.t (Wstat: 512 Tests: 0 Failed: 0)
Non-zero exit status: 2
Parse errors: Bad plan. You planned 1 tests but ran 0.
Files=8, Tests=1, 2 wallclock secs ( 0.03 usr 0.03 sys + 0.52 cusr 0.45 csys = 1.03 CPU)
Result: FAIL
Failed 1/8 test programs. 0/1 subtests failed.
------------------------------
PREREQUISITES
------------------------------
Prerequisite modules loaded:
requires:
Module Need Have
----------------------- ----- --------
ExtUtils::Typemaps 1.02 3.24
perl 5.006 5.020003
strict 0 1.08
utf8 0 1.13_01
warnings 0 1.23
build_requires:
Module Need Have
----------------------- ----- --------
Data::Dumper 0 2.161
Module::Build 0.28 0.4220
Module::Build::WithXSpp 0 0.14
Module::Load 0 0.32
Test::More 0 1.302062
Test::Most 0 0.35
XSLoader 0 0.24
configure_requires:
Module Need Have
----------------------- ----- --------
Module::Build 0.28 0.4220
------------------------------
ENVIRONMENT AND OTHER CONTEXT
------------------------------
Environment variables:
AUTOMATED_TESTING = 1
PATH = /home/bar/bin:/home/bar/perl5/perlbrew/bin:/home/bar/perl5/perlbrew/perls/perl-5.20.3/bin:/usr/bin:/bin:/usr/sbin:/sbin:/usr/X11R6/bin:/usr/local/bin:/usr/local/sbin
PERL5LIB =
PERL5OPT =
PERL5_CPANPLUS_IS_RUNNING = 13004
PERL5_CPAN_IS_RUNNING = 13004
PERL5_CPAN_IS_RUNNING_IN_RECURSION = 28228,13004
PERLBREW_BASHRC_VERSION = 0.76
PERLBREW_HOME = /home/bar/.perlbrew
PERLBREW_MANPATH = /home/bar/perl5/perlbrew/perls/perl-5.20.3/man
PERLBREW_PATH = /home/bar/perl5/perlbrew/bin:/home/bar/perl5/perlbrew/perls/perl-5.20.3/bin
PERLBREW_PERL = perl-5.20.3
PERLBREW_ROOT = /home/bar/perl5/perlbrew
PERLBREW_VERSION = 0.76
PERL_CR_SMOKER_CURRENT = ExtUtils-Typemaps-STL-Extra-0.001
PERL_EXTUTILS_AUTOINSTALL = --defaultdeps
PERL_MM_USE_DEFAULT = 1
SHELL = /usr/local/bin/bash
TERM = vt220
Perl special variables (and OS-specific diagnostics, for MSWin32):
$^X = /home/bar/perl5/perlbrew/perls/perl-5.20.3/bin/perl
$UID/$EUID = 1002 / 1002
$GID = 1002 1002
$EGID = 1002 1002
Perl module toolchain versions installed:
Module Have
------------------- --------
CPAN 2.14
CPAN::Meta 2.150010
Cwd 3.62
ExtUtils::CBuilder 0.280224
ExtUtils::Command 7.24
ExtUtils::Install 1.67
ExtUtils::MakeMaker 7.24
ExtUtils::Manifest 1.70
ExtUtils::ParseXS 3.24
File::Spec 3.62
JSON 2.90
JSON::PP 2.27400
Module::Build 0.4220
Module::Signature n/a
Parse::CPAN::Meta 2.150010
Test::Harness 3.36
Test::More 1.302062
YAML 1.18
YAML::Syck 1.29
version 0.9917
--
Summary of my perl5 (revision 5 version 20 subversion 3) configuration:
Platform:
osname=openbsd, osvers=5.9, archname=OpenBSD.amd64-openbsd
uname='openbsd baiacu.spo.virtua.com.br 5.9 generic.mp#1888 amd64 '
config_args='-de -Dprefix=/home/bar/perl5/perlbrew/perls/perl-5.20.3 -Aeval:scriptdir=/home/bar/perl5/perlbrew/perls/perl-5.20.3/bin'
hint=recommended, useposix=true, d_sigaction=define
useithreads=undef, usemultiplicity=undef
use64bitint=define, use64bitall=define, uselongdouble=undef
usemymalloc=n, bincompat5005=undef
Compiler:
cc='cc', ccflags ='-fno-strict-aliasing -pipe -fstack-protector -I/usr/local/include',
optimize='-O2',
cppflags='-fno-strict-aliasing -pipe -fstack-protector -I/usr/local/include'
ccversion='', gccversion='4.2.1 20070719 ', gccosandvers='openbsd5.9'
intsize=4, longsize=8, ptrsize=8, doublesize=8, byteorder=12345678
d_longlong=define, longlongsize=8, d_longdbl=define, longdblsize=16
ivtype='long', ivsize=8, nvtype='double', nvsize=8, Off_t='off_t', lseeksize=8
alignbytes=8, prototype=define
Linker and Libraries:
ld='cc', ldflags ='-Wl,-E -fstack-protector -L/usr/local/lib'
libpth=/usr/lib /usr/local/lib
libs=-lpthread -lm -lutil -lc
perllibs=-lpthread -lm -lutil -lc
libc=/usr/lib/libc.so.84.2, so=so, useshrplib=false, libperl=libperl.a
gnulibc_version=''
Dynamic Linking:
dlsrc=dl_dlopen.xs, dlext=so, d_dlsymun=undef, ccdlflags=' '
cccdlflags='-DPIC -fPIC ', lddlflags='-shared -fPIC -L/usr/local/lib -fstack-protector'
Characteristics of this binary (from libperl):
Compile-time options: HAS_TIMES PERLIO_LAYERS PERL_DONT_CREATE_GVSV
PERL_HASH_FUNC_ONE_AT_A_TIME_HARD PERL_MALLOC_WRAP
PERL_NEW_COPY_ON_WRITE PERL_PRESERVE_IVUV
USE_64_BIT_ALL USE_64_BIT_INT USE_LARGE_FILES
USE_LOCALE USE_LOCALE_COLLATE USE_LOCALE_CTYPE
USE_LOCALE_NUMERIC USE_PERLIO USE_PERL_ATOF
Locally applied patches:
Devel::PatchPerl 1.38
Built under openbsd
Compiled at Sep 12 2016 22:30:16
%ENV:
PERL5LIB=""
PERL5OPT=""
PERL5_CPANPLUS_IS_RUNNING="13004"
PERL5_CPAN_IS_RUNNING="13004"
PERL5_CPAN_IS_RUNNING_IN_RECURSION="28228,13004"
PERLBREW_BASHRC_VERSION="0.76"
PERLBREW_HOME="/home/bar/.perlbrew"
PERLBREW_MANPATH="/home/bar/perl5/perlbrew/perls/perl-5.20.3/man"
PERLBREW_PATH="/home/bar/perl5/perlbrew/bin:/home/bar/perl5/perlbrew/perls/perl-5.20.3/bin"
PERLBREW_PERL="perl-5.20.3"
PERLBREW_ROOT="/home/bar/perl5/perlbrew"
PERLBREW_VERSION="0.76"
PERL_CR_SMOKER_CURRENT="ExtUtils-Typemaps-STL-Extra-0.001"
PERL_EXTUTILS_AUTOINSTALL="--defaultdeps"
PERL_MM_USE_DEFAULT="1"
@INC:
/home/bar/perl5/perlbrew/perls/perl-5.20.3/lib/site_perl/5.20.3/OpenBSD.amd64-openbsd
/home/bar/perl5/perlbrew/perls/perl-5.20.3/lib/site_perl/5.20.3
/home/bar/perl5/perlbrew/perls/perl-5.20.3/lib/5.20.3/OpenBSD.amd64-openbsd
/home/bar/perl5/perlbrew/perls/perl-5.20.3/lib/5.20.3
.