Back
From: metabase:user:320bfe00-2aae-11df-837a-5e0a49663a4f
Subject: FAIL uni-perl-0.03 v5.15.8 GNU/Linux
Date: 2012-03-12T08:44:49Z
This distribution has been tested as part of the CPAN Testers
project, supporting the Perl programming language. See
http://wiki.cpantesters.org/ for more information or email
questions to cpan-testers-discuss@perl.org
--
Dear Mons Anderson,
This is a computer-generated report for uni-perl-0.03
on perl 5.15.8, created by CPAN-Reporter-1.2005.
Thank you for uploading your work to CPAN. However, there was a problem
testing your distribution.
If you think this report is invalid, please consult the CPAN Testers Wiki
for suggestions on how to avoid getting FAIL reports for missing library
or binary dependencies, unsupported operating systems, and so on:
http://wiki.cpantesters.org/wiki/CPANAuthorNotes
Sections of this report:
* Tester comments
* Program output
* Prerequisites
* Environment and other context
------------------------------
TESTER COMMENTS
------------------------------
Additional comments from tester:
this report is from an automated smoke testing program
and was not reviewed by a human for accuracy
------------------------------
PROGRAM OUTPUT
------------------------------
Output from '/usr/bin/make test':
PERL_DL_NONLAZY=1 /home/sand/src/perl/repoperls/installed-perls/perl/v5.15.8-84-gffb73d6/a2da/bin/perl "-MExtUtils::Command::MM" "-e" "test_harness(0, 'inc', 'blib/lib', 'blib/arch')" t/00-load.t t/01-tests.t t/02-carp.t t/03-ru.t t/90-examples.t t/96-metayml.t t/97-changes.t t/98-fixme.t t/99-kwalitee.t t/pod-coverage.t t/pod.t
Use of uninitialized value $^WARNING_BITS in bitwise xor (^) at /tmp/loop_over_bdir-6bFnQt/uni-perl-0.03-KbIH97/lib/uni/perl.pm line 7.
# Testing uni::perl 0.03, Perl 5.015008, /home/sand/src/perl/repoperls/installed-perls/perl/v5.15.8-84-gffb73d6/a2da/bin/perl
t/00-load.t ....... ok
# Failed test 'say() should be available'
# at t/01-tests.t line 22.
# got: 'syntax error at (eval 10) line 1, near "say "# say() should be available""
# '
# expected: ''
# Failed test 'state should be available'
# at t/01-tests.t line 25.
# got: 'Global symbol "$x" requires explicit package name at (eval 12) line 2.
# '
# expected: ''
# Failed test 'switch should be available'
# at t/01-tests.t line 28.
# got: 'syntax error at (eval 14) line 1, near ") {"
# '
# expected: ''
# Failed test 'no warnings'
# at /home/src/perl/repoperls/installed-perls/perl/v5.15.8-84-gffb73d6/a2da/lib/site_perl/5.15.8/Test/NoWarnings.pm line 45.
# There were 1 warning(s)
# Previous test 0 ''
# Use of uninitialized value $^WARNING_BITS in bitwise xor (^) at /tmp/loop_over_bdir-6bFnQt/uni-perl-0.03-KbIH97/lib/uni/perl.pm line 7.
# at /tmp/loop_over_bdir-6bFnQt/uni-perl-0.03-KbIH97/lib/uni/perl.pm line 7.
# uni::perl::BEGIN() called at /tmp/loop_over_bdir-6bFnQt/uni-perl-0.03-KbIH97/lib/uni/perl.pm line 9
# eval {...} called at /tmp/loop_over_bdir-6bFnQt/uni-perl-0.03-KbIH97/lib/uni/perl.pm line 9
# require uni/perl.pm called at t/01-tests.t line 6
# main::BEGIN() called at /tmp/loop_over_bdir-6bFnQt/uni-perl-0.03-KbIH97/lib/uni/perl.pm line 9
# eval {...} called at /tmp/loop_over_bdir-6bFnQt/uni-perl-0.03-KbIH97/lib/uni/perl.pm line 9
#
# Looks like you failed 4 tests of 9.
t/01-tests.t ......
Dubious, test returned 4 (wstat 1024, 0x400)
Failed 4/9 subtests
# Failed test 'no warnings'
# at /home/src/perl/repoperls/installed-perls/perl/v5.15.8-84-gffb73d6/a2da/lib/site_perl/5.15.8/Test/NoWarnings.pm line 45.
# There were 1 warning(s)
# Previous test 0 ''
# Use of uninitialized value $^WARNING_BITS in bitwise xor (^) at /tmp/loop_over_bdir-6bFnQt/uni-perl-0.03-KbIH97/lib/uni/perl.pm line 7.
# at /tmp/loop_over_bdir-6bFnQt/uni-perl-0.03-KbIH97/lib/uni/perl.pm line 7.
# uni::perl::BEGIN() called at /tmp/loop_over_bdir-6bFnQt/uni-perl-0.03-KbIH97/lib/uni/perl.pm line 9
# eval {...} called at /tmp/loop_over_bdir-6bFnQt/uni-perl-0.03-KbIH97/lib/uni/perl.pm line 9
# require uni/perl.pm called at t/02-carp.t line 6
# main::BEGIN() called at /tmp/loop_over_bdir-6bFnQt/uni-perl-0.03-KbIH97/lib/uni/perl.pm line 9
# eval {...} called at /tmp/loop_over_bdir-6bFnQt/uni-perl-0.03-KbIH97/lib/uni/perl.pm line 9
#
# Looks like you failed 1 test of 8.
t/02-carp.t .......
Dubious, test returned 1 (wstat 256, 0x100)
Failed 1/8 subtests
# Failed test 'no warnings'
# at /home/src/perl/repoperls/installed-perls/perl/v5.15.8-84-gffb73d6/a2da/lib/site_perl/5.15.8/Test/NoWarnings.pm line 45.
# There were 1 warning(s)
# Previous test 0 ''
# Use of uninitialized value $^WARNING_BITS in bitwise xor (^) at /tmp/loop_over_bdir-6bFnQt/uni-perl-0.03-KbIH97/lib/uni/perl.pm line 7.
# at /tmp/loop_over_bdir-6bFnQt/uni-perl-0.03-KbIH97/lib/uni/perl.pm line 7.
# uni::perl::BEGIN() called at /tmp/loop_over_bdir-6bFnQt/uni-perl-0.03-KbIH97/lib/uni/perl.pm line 9
# eval {...} called at /tmp/loop_over_bdir-6bFnQt/uni-perl-0.03-KbIH97/lib/uni/perl.pm line 9
# require uni/perl.pm called at t/03-ru.t line 6
# main::BEGIN() called at /tmp/loop_over_bdir-6bFnQt/uni-perl-0.03-KbIH97/lib/uni/perl.pm line 9
# eval {...} called at /tmp/loop_over_bdir-6bFnQt/uni-perl-0.03-KbIH97/lib/uni/perl.pm line 9
#
# Looks like you failed 1 test of 6.
t/03-ru.t .........
Dubious, test returned 1 (wstat 256, 0x100)
Failed 1/6 subtests
t/90-examples.t ... skipped: $ENV{TEST_AUTHOR} not set
t/96-metayml.t .... skipped: $ENV{TEST_AUTHOR} not set
t/97-changes.t .... skipped: $ENV{TEST_AUTHOR} not set
t/98-fixme.t ...... skipped: $ENV{TEST_AUTHOR} not set
t/99-kwalitee.t ... skipped: $ENV{TEST_AUTHOR} not set
t/pod-coverage.t .. skipped: No POD coverage required
t/pod.t ........... ok
Test Summary Report
-------------------
t/01-tests.t (Wstat: 1024 Tests: 9 Failed: 4)
Failed tests: 5-7, 9
Non-zero exit status: 4
t/02-carp.t (Wstat: 256 Tests: 8 Failed: 1)
Failed test: 8
Non-zero exit status: 1
t/03-ru.t (Wstat: 256 Tests: 6 Failed: 1)
Failed test: 6
Non-zero exit status: 1
Files=11, Tests=31, 1 wallclock secs ( 0.04 usr 0.02 sys + 0.33 cusr 0.07 csys = 0.46 CPU)
Result: FAIL
Failed 3/11 test programs. 6/31 subtests failed.
make: *** [test_dynamic] Error 255
------------------------------
PREREQUISITES
------------------------------
Prerequisite modules loaded:
requires:
Module Need Have
------------------- ---- --------
Data::Dumper 2.1 2.135_05
Encode 2.37 2.44
ExtUtils::MakeMaker 6.42 6.63_02
lib::abs 0 0.92
Test::More 0 0.98
Test::NoWarnings 0 1.04
build_requires:
Module Need Have
------------------- ---- --------
ExtUtils::MakeMaker 0 6.63_02
configure_requires:
Module Need Have
------------------- ---- --------
ExtUtils::MakeMaker 6.42 6.63_02
------------------------------
ENVIRONMENT AND OTHER CONTEXT
------------------------------
Environment variables:
AUTOMATED_TESTING = 1
LANG = en_US.UTF-8
LANGUAGE = en_US:en
PATH = /home/sand/bin:/usr/local/bin:/usr/bin:/bin:/usr/bin/X11:/usr/games:/usr/local/perl/bin:/usr/X11/bin:/sbin:/usr/sbin
PERL5LIB =
PERL5OPT =
PERL5_CPANPLUS_IS_RUNNING = 29228
PERL5_CPAN_IS_RUNNING = 29228
PERL_MM_USE_DEFAULT = 1
SHELL = /usr/bin/zsh
TERM = screen
Perl special variables (and OS-specific diagnostics, for MSWin32):
$^X = /home/sand/src/perl/repoperls/installed-perls/perl/v5.15.8-84-gffb73d6/a2da/bin/perl
$UID/$EUID = 1005 / 1005
$GID = 1005 123 1005
$EGID = 1005 123 1005
Perl module toolchain versions installed:
Module Have
------------------- --------
CPAN 1.9800
CPAN::Meta 2.120630
Cwd 3.39_02
ExtUtils::CBuilder 0.280206
ExtUtils::Command 1.17
ExtUtils::Install 1.58
ExtUtils::MakeMaker 6.63_02
ExtUtils::Manifest 1.61
ExtUtils::ParseXS 3.16
File::Spec 3.39_02
JSON 2.53
JSON::PP 2.27200
Module::Build 0.40
Module::Signature 0.68
Parse::CPAN::Meta 1.4402
Test::Harness 3.23
Test::More 0.98
YAML 0.80
YAML::Syck 1.20
version 0.96
--
Summary of my perl5 (revision 5 version 15 subversion 8) configuration:
Commit id: ffb73d652a484e55333d3bfab58687234ac784fb
Platform:
osname=linux, osvers=3.2.0-1-amd64, archname=x86_64-linux-thread-multi-ld
uname='linux k83 3.2.0-1-amd64 #1 smp sun feb 5 15:17:15 utc 2012 x86_64 gnulinux '
config_args='-Dprefix=/home/src/perl/repoperls/installed-perls/perl/v5.15.8-84-gffb73d6/a2da -Dmyhostname=k83 -Dinstallusrbinperl=n -Uversiononly -Dusedevel -des -Ui_db -Duseithreads -Duselongdouble -DDEBUGGING=-g'
hint=recommended, useposix=true, d_sigaction=define
useithreads=define, usemultiplicity=define
useperlio=define, d_sfio=undef, uselargefiles=define, usesocks=undef
use64bitint=define, use64bitall=define, uselongdouble=define
usemymalloc=n, bincompat5005=undef
Compiler:
cc='cc', ccflags ='-D_REENTRANT -D_GNU_SOURCE -fno-strict-aliasing -pipe -fstack-protector -I/usr/local/include -D_LARGEFILE_SOURCE -D_FILE_OFFSET_BITS=64',
optimize='-O2 -g',
cppflags='-D_REENTRANT -D_GNU_SOURCE -fno-strict-aliasing -pipe -fstack-protector -I/usr/local/include'
ccversion='', gccversion='4.6.2', gccosandvers=''
intsize=4, longsize=8, ptrsize=8, doublesize=8, byteorder=12345678
d_longlong=define, longlongsize=8, d_longdbl=define, longdblsize=16
ivtype='long', ivsize=8, nvtype='long double', nvsize=16, Off_t='off_t', lseeksize=8
alignbytes=16, prototype=define
Linker and Libraries:
ld='cc', ldflags =' -fstack-protector -L/usr/local/lib'
libpth=/usr/local/lib /lib/x86_64-linux-gnu /lib/../lib /usr/lib/x86_64-linux-gnu /usr/lib/../lib /lib /usr/lib
libs=-lnsl -ldb -ldl -lm -lcrypt -lutil -lpthread -lc
perllibs=-lnsl -ldl -lm -lcrypt -lutil -lpthread -lc
libc=, so=so, useshrplib=false, libperl=libperl.a
gnulibc_version='2.13'
Dynamic Linking:
dlsrc=dl_dlopen.xs, dlext=so, d_dlsymun=undef, ccdlflags='-Wl,-E'
cccdlflags='-fPIC', lddlflags='-shared -O2 -g -L/usr/local/lib -fstack-protector'
Characteristics of this binary (from libperl):
Compile-time options: HAS_TIMES MULTIPLICITY PERLIO_LAYERS
PERL_DONT_CREATE_GVSV PERL_IMPLICIT_CONTEXT
PERL_MALLOC_WRAP PERL_PRESERVE_IVUV PERL_USE_DEVEL
USE_64_BIT_ALL USE_64_BIT_INT USE_ITHREADS
USE_LARGE_FILES USE_LOCALE USE_LOCALE_COLLATE
USE_LOCALE_CTYPE USE_LOCALE_NUMERIC USE_LONG_DOUBLE
USE_PERLIO USE_PERL_ATOF USE_REENTRANT_API
Built under linux
Compiled at Mar 7 2012 14:37:22
%ENV:
PERL5LIB=""
PERL5OPT=""
PERL5_CPANPLUS_IS_RUNNING="29228"
PERL5_CPAN_IS_RUNNING="29228"
PERL_MM_USE_DEFAULT="1"
@INC:
/home/src/perl/repoperls/installed-perls/perl/v5.15.8-84-gffb73d6/a2da/lib/site_perl/5.15.8/x86_64-linux-thread-multi-ld
/home/src/perl/repoperls/installed-perls/perl/v5.15.8-84-gffb73d6/a2da/lib/site_perl/5.15.8
/home/src/perl/repoperls/installed-perls/perl/v5.15.8-84-gffb73d6/a2da/lib/5.15.8/x86_64-linux-thread-multi-ld
/home/src/perl/repoperls/installed-perls/perl/v5.15.8-84-gffb73d6/a2da/lib/5.15.8
.