Report for AnyEvent-MySQL-v1.1.1

Back
From: metabase:user:314402c4-2aae-11df-837a-5e0a49663a4f
Subject: FAIL AnyEvent-MySQL-v1.1.1 v5.18.2 GNU/Linux
Date: 2014-05-21T10:06:52Z

This distribution has been tested as part of the CPAN Testers
project, supporting the Perl programming language.  See
http://wiki.cpantesters.org/ for more information or email
questions to cpan-testers-discuss@perl.org


--
Dear Cindy Wang (CindyLinz),

This is a computer-generated report for AnyEvent-MySQL-v1.1.1
on perl 5.18.2, created by CPAN-Reporter-1.2011.

Thank you for uploading your work to CPAN.  However, there was a problem
testing your distribution.

If you think this report is invalid, please consult the CPAN Testers Wiki
for suggestions on how to avoid getting FAIL reports for missing library
or binary dependencies, unsupported operating systems, and so on:

http://wiki.cpantesters.org/wiki/CPANAuthorNotes

Sections of this report:

    * Tester comments
    * Program output
    * Prerequisites
    * Environment and other context

------------------------------
TESTER COMMENTS
------------------------------

Additional comments from tester:

none provided

------------------------------
PROGRAM OUTPUT
------------------------------

Output from '/usr/bin/make test':

PERL_DL_NONLAZY=1 /bbbike/perl-5.18.2/bin/perl5.18.2 "-MExtUtils::Command::MM" "-MTest::Harness" "-e" "undef *Test::Harness::Switches; test_harness(0, 'blib/lib', 'blib/arch')" t/*.t
given is experimental at /tmpfs/.cpan-build/AnyEvent-MySQL-v1.1.1-JwfAs6/blib/lib/AnyEvent/MySQL/Imp.pm line 202.
when is experimental at /tmpfs/.cpan-build/AnyEvent-MySQL-v1.1.1-JwfAs6/blib/lib/AnyEvent/MySQL/Imp.pm line 203.
when is experimental at /tmpfs/.cpan-build/AnyEvent-MySQL-v1.1.1-JwfAs6/blib/lib/AnyEvent/MySQL/Imp.pm line 211.
when is experimental at /tmpfs/.cpan-build/AnyEvent-MySQL-v1.1.1-JwfAs6/blib/lib/AnyEvent/MySQL/Imp.pm line 219.
when is experimental at /tmpfs/.cpan-build/AnyEvent-MySQL-v1.1.1-JwfAs6/blib/lib/AnyEvent/MySQL/Imp.pm line 227.
when is experimental at /tmpfs/.cpan-build/AnyEvent-MySQL-v1.1.1-JwfAs6/blib/lib/AnyEvent/MySQL/Imp.pm line 235.
when is experimental at /tmpfs/.cpan-build/AnyEvent-MySQL-v1.1.1-JwfAs6/blib/lib/AnyEvent/MySQL/Imp.pm line 243.
when is experimental at /tmpfs/.cpan-build/AnyEvent-MySQL-v1.1.1-JwfAs6/blib/lib/AnyEvent/MySQL/Imp.pm line 246.
when is experimental at /tmpfs/.cpan-build/AnyEvent-MySQL-v1.1.1-JwfAs6/blib/lib/AnyEvent/MySQL/Imp.pm line 249.
when is experimental at /tmpfs/.cpan-build/AnyEvent-MySQL-v1.1.1-JwfAs6/blib/lib/AnyEvent/MySQL/Imp.pm line 253.
when is experimental at /tmpfs/.cpan-build/AnyEvent-MySQL-v1.1.1-JwfAs6/blib/lib/AnyEvent/MySQL/Imp.pm line 257.
when is experimental at /tmpfs/.cpan-build/AnyEvent-MySQL-v1.1.1-JwfAs6/blib/lib/AnyEvent/MySQL/Imp.pm line 261.
when is experimental at /tmpfs/.cpan-build/AnyEvent-MySQL-v1.1.1-JwfAs6/blib/lib/AnyEvent/MySQL/Imp.pm line 265.
when is experimental at /tmpfs/.cpan-build/AnyEvent-MySQL-v1.1.1-JwfAs6/blib/lib/AnyEvent/MySQL/Imp.pm line 269.
when is experimental at /tmpfs/.cpan-build/AnyEvent-MySQL-v1.1.1-JwfAs6/blib/lib/AnyEvent/MySQL/Imp.pm line 273.
when is experimental at /tmpfs/.cpan-build/AnyEvent-MySQL-v1.1.1-JwfAs6/blib/lib/AnyEvent/MySQL/Imp.pm line 276.
when is experimental at /tmpfs/.cpan-build/AnyEvent-MySQL-v1.1.1-JwfAs6/blib/lib/AnyEvent/MySQL/Imp.pm line 291.
given is experimental at /tmpfs/.cpan-build/AnyEvent-MySQL-v1.1.1-JwfAs6/blib/lib/AnyEvent/MySQL/Imp.pm line 319.
when is experimental at /tmpfs/.cpan-build/AnyEvent-MySQL-v1.1.1-JwfAs6/blib/lib/AnyEvent/MySQL/Imp.pm line 320.
when is experimental at /tmpfs/.cpan-build/AnyEvent-MySQL-v1.1.1-JwfAs6/blib/lib/AnyEvent/MySQL/Imp.pm line 328.
when is experimental at /tmpfs/.cpan-build/AnyEvent-MySQL-v1.1.1-JwfAs6/blib/lib/AnyEvent/MySQL/Imp.pm line 331.
when is experimental at /tmpfs/.cpan-build/AnyEvent-MySQL-v1.1.1-JwfAs6/blib/lib/AnyEvent/MySQL/Imp.pm line 334.
when is experimental at /tmpfs/.cpan-build/AnyEvent-MySQL-v1.1.1-JwfAs6/blib/lib/AnyEvent/MySQL/Imp.pm line 337.
when is experimental at /tmpfs/.cpan-build/AnyEvent-MySQL-v1.1.1-JwfAs6/blib/lib/AnyEvent/MySQL/Imp.pm line 340.
when is experimental at /tmpfs/.cpan-build/AnyEvent-MySQL-v1.1.1-JwfAs6/blib/lib/AnyEvent/MySQL/Imp.pm line 343.
when is experimental at /tmpfs/.cpan-build/AnyEvent-MySQL-v1.1.1-JwfAs6/blib/lib/AnyEvent/MySQL/Imp.pm line 346.
when is experimental at /tmpfs/.cpan-build/AnyEvent-MySQL-v1.1.1-JwfAs6/blib/lib/AnyEvent/MySQL/Imp.pm line 350.
when is experimental at /tmpfs/.cpan-build/AnyEvent-MySQL-v1.1.1-JwfAs6/blib/lib/AnyEvent/MySQL/Imp.pm line 354.
when is experimental at /tmpfs/.cpan-build/AnyEvent-MySQL-v1.1.1-JwfAs6/blib/lib/AnyEvent/MySQL/Imp.pm line 358.
when is experimental at /tmpfs/.cpan-build/AnyEvent-MySQL-v1.1.1-JwfAs6/blib/lib/AnyEvent/MySQL/Imp.pm line 362.
when is experimental at /tmpfs/.cpan-build/AnyEvent-MySQL-v1.1.1-JwfAs6/blib/lib/AnyEvent/MySQL/Imp.pm line 366.
when is experimental at /tmpfs/.cpan-build/AnyEvent-MySQL-v1.1.1-JwfAs6/blib/lib/AnyEvent/MySQL/Imp.pm line 370.
when is experimental at /tmpfs/.cpan-build/AnyEvent-MySQL-v1.1.1-JwfAs6/blib/lib/AnyEvent/MySQL/Imp.pm line 373.
when is experimental at /tmpfs/.cpan-build/AnyEvent-MySQL-v1.1.1-JwfAs6/blib/lib/AnyEvent/MySQL/Imp.pm line 392.
# Testing AnyEvent::MySQL v1.1.1, Perl 5.018002, /bbbike/perl-5.18.2/bin/perl5.18.2
t/00-load.t ....... ok
t/manifest.t ...... skipped: Author tests not required for installation
given is experimental at /tmpfs/.cpan-build/AnyEvent-MySQL-v1.1.1-JwfAs6/blib/lib/AnyEvent/MySQL/Imp.pm line 202.
when is experimental at /tmpfs/.cpan-build/AnyEvent-MySQL-v1.1.1-JwfAs6/blib/lib/AnyEvent/MySQL/Imp.pm line 203.
when is experimental at /tmpfs/.cpan-build/AnyEvent-MySQL-v1.1.1-JwfAs6/blib/lib/AnyEvent/MySQL/Imp.pm line 211.
when is experimental at /tmpfs/.cpan-build/AnyEvent-MySQL-v1.1.1-JwfAs6/blib/lib/AnyEvent/MySQL/Imp.pm line 219.
when is experimental at /tmpfs/.cpan-build/AnyEvent-MySQL-v1.1.1-JwfAs6/blib/lib/AnyEvent/MySQL/Imp.pm line 227.
when is experimental at /tmpfs/.cpan-build/AnyEvent-MySQL-v1.1.1-JwfAs6/blib/lib/AnyEvent/MySQL/Imp.pm line 235.
when is experimental at /tmpfs/.cpan-build/AnyEvent-MySQL-v1.1.1-JwfAs6/blib/lib/AnyEvent/MySQL/Imp.pm line 243.
when is experimental at /tmpfs/.cpan-build/AnyEvent-MySQL-v1.1.1-JwfAs6/blib/lib/AnyEvent/MySQL/Imp.pm line 246.
when is experimental at /tmpfs/.cpan-build/AnyEvent-MySQL-v1.1.1-JwfAs6/blib/lib/AnyEvent/MySQL/Imp.pm line 249.
when is experimental at /tmpfs/.cpan-build/AnyEvent-MySQL-v1.1.1-JwfAs6/blib/lib/AnyEvent/MySQL/Imp.pm line 253.
when is experimental at /tmpfs/.cpan-build/AnyEvent-MySQL-v1.1.1-JwfAs6/blib/lib/AnyEvent/MySQL/Imp.pm line 257.
when is experimental at /tmpfs/.cpan-build/AnyEvent-MySQL-v1.1.1-JwfAs6/blib/lib/AnyEvent/MySQL/Imp.pm line 261.
when is experimental at /tmpfs/.cpan-build/AnyEvent-MySQL-v1.1.1-JwfAs6/blib/lib/AnyEvent/MySQL/Imp.pm line 265.
when is experimental at /tmpfs/.cpan-build/AnyEvent-MySQL-v1.1.1-JwfAs6/blib/lib/AnyEvent/MySQL/Imp.pm line 269.
when is experimental at /tmpfs/.cpan-build/AnyEvent-MySQL-v1.1.1-JwfAs6/blib/lib/AnyEvent/MySQL/Imp.pm line 273.
when is experimental at /tmpfs/.cpan-build/AnyEvent-MySQL-v1.1.1-JwfAs6/blib/lib/AnyEvent/MySQL/Imp.pm line 276.
when is experimental at /tmpfs/.cpan-build/AnyEvent-MySQL-v1.1.1-JwfAs6/blib/lib/AnyEvent/MySQL/Imp.pm line 291.
given is experimental at /tmpfs/.cpan-build/AnyEvent-MySQL-v1.1.1-JwfAs6/blib/lib/AnyEvent/MySQL/Imp.pm line 319.
when is experimental at /tmpfs/.cpan-build/AnyEvent-MySQL-v1.1.1-JwfAs6/blib/lib/AnyEvent/MySQL/Imp.pm line 320.
when is experimental at /tmpfs/.cpan-build/AnyEvent-MySQL-v1.1.1-JwfAs6/blib/lib/AnyEvent/MySQL/Imp.pm line 328.
when is experimental at /tmpfs/.cpan-build/AnyEvent-MySQL-v1.1.1-JwfAs6/blib/lib/AnyEvent/MySQL/Imp.pm line 331.
when is experimental at /tmpfs/.cpan-build/AnyEvent-MySQL-v1.1.1-JwfAs6/blib/lib/AnyEvent/MySQL/Imp.pm line 334.
when is experimental at /tmpfs/.cpan-build/AnyEvent-MySQL-v1.1.1-JwfAs6/blib/lib/AnyEvent/MySQL/Imp.pm line 337.
when is experimental at /tmpfs/.cpan-build/AnyEvent-MySQL-v1.1.1-JwfAs6/blib/lib/AnyEvent/MySQL/Imp.pm line 340.
when is experimental at /tmpfs/.cpan-build/AnyEvent-MySQL-v1.1.1-JwfAs6/blib/lib/AnyEvent/MySQL/Imp.pm line 343.
when is experimental at /tmpfs/.cpan-build/AnyEvent-MySQL-v1.1.1-JwfAs6/blib/lib/AnyEvent/MySQL/Imp.pm line 346.
when is experimental at /tmpfs/.cpan-build/AnyEvent-MySQL-v1.1.1-JwfAs6/blib/lib/AnyEvent/MySQL/Imp.pm line 350.
when is experimental at /tmpfs/.cpan-build/AnyEvent-MySQL-v1.1.1-JwfAs6/blib/lib/AnyEvent/MySQL/Imp.pm line 354.
when is experimental at /tmpfs/.cpan-build/AnyEvent-MySQL-v1.1.1-JwfAs6/blib/lib/AnyEvent/MySQL/Imp.pm line 358.
when is experimental at /tmpfs/.cpan-build/AnyEvent-MySQL-v1.1.1-JwfAs6/blib/lib/AnyEvent/MySQL/Imp.pm line 362.
when is experimental at /tmpfs/.cpan-build/AnyEvent-MySQL-v1.1.1-JwfAs6/blib/lib/AnyEvent/MySQL/Imp.pm line 366.
when is experimental at /tmpfs/.cpan-build/AnyEvent-MySQL-v1.1.1-JwfAs6/blib/lib/AnyEvent/MySQL/Imp.pm line 370.
when is experimental at /tmpfs/.cpan-build/AnyEvent-MySQL-v1.1.1-JwfAs6/blib/lib/AnyEvent/MySQL/Imp.pm line 373.
when is experimental at /tmpfs/.cpan-build/AnyEvent-MySQL-v1.1.1-JwfAs6/blib/lib/AnyEvent/MySQL/Imp.pm line 392.

#   Failed test 'Pod coverage on AnyEvent::MySQL::Imp'
#   at /opt/perl-5.18.2/lib/site_perl/5.18.2/Test/Pod/Coverage.pm line 126.
# Coverage for AnyEvent::MySQL::Imp is 93.3%, with 2 naked subroutines:
# 	COM_QUERY
# 	COM_STMT_PREPARE
# Looks like you failed 1 test of 2.
t/pod-coverage.t .. 
Dubious, test returned 1 (wstat 256, 0x100)
Failed 1/2 subtests 
t/pod.t ........... ok

Test Summary Report
-------------------
t/pod-coverage.t (Wstat: 256 Tests: 2 Failed: 1)
  Failed test:  2
  Non-zero exit status: 1
Files=4, Tests=5,  0 wallclock secs ( 0.01 usr  0.03 sys +  0.18 cusr  0.04 csys =  0.26 CPU)
Result: FAIL
Failed 1/4 test programs. 1/5 subtests failed.
make: *** [test_dynamic] Fehler 255

------------------------------
PREREQUISITES
------------------------------

Prerequisite modules loaded:

requires:

    Module              Need Have    
    ------------------- ---- --------
    AnyEvent            0    7.07    
    Devel::StackTrace   0    1.32    
    Digest::SHA1        0    2.13    
    Guard               0    1.022   
    Test::More          0    1.001003

build_requires:

    Module              Need Have    
    ------------------- ---- --------
    ExtUtils::MakeMaker 0    6.98    

configure_requires:

    Module              Need Have    
    ------------------- ---- --------
    ExtUtils::MakeMaker 0    6.98    


------------------------------
ENVIRONMENT AND OTHER CONTEXT
------------------------------

Environment variables:

    DBIC_NO_WARN_BAD_PERL = 1
    LANG = C
    LC_ALL = de_DE.UTF-8
    PATH = /usr/local/bin:/usr/bin:/bin:/usr/local/sbin:/usr/sbin:/sbin:/home/eserte/bin/linux-gnu:/home/eserte/bin/sh:/home/eserte/bin:/usr/games:/home/eserte/devel:/home/eserte/src/srezic-misc/scripts
    PERL5LIB = 
    PERL5OPT = 
    PERL5_CPANPLUS_IS_RUNNING = 31719
    PERL5_CPAN_IS_RUNNING = 31719
    PERL5_CPAN_IS_RUNNING_IN_RECURSION = 31641,31719
    PERLDOC = -MPod::Perldoc::ToTextOverstrike
    PERL_BATCH = yes
    PERL_CPAN_REPORTER_CONFIG = /var/tmp/cpansmoker-1001/cCBayYuaCv_config.ini
    PERL_EXTUTILS_AUTOINSTALL = --defaultdeps
    PERL_HTML_DISPLAY_CLASS = HTML::Display::Mozilla
    PERL_PARALLEL_SMOKER = yes
    SHELL = /bin/zsh
    TERM = screen
    TMPDIR = /var/tmp/cpansmoker-1001

Perl special variables (and OS-specific diagnostics, for MSWin32):

    $^X = /bbbike/perl-5.18.2/bin/perl5.18.2
    $UID/$EUID = 1001 / 1001
    $GID = 1001 109 1001
    $EGID = 1001 109 1001

Perl module toolchain versions installed:

    Module              Have    
    ------------------- --------
    CPAN                2.05    
    CPAN::Meta          2.141170
    Cwd                 3.40    
    ExtUtils::CBuilder  0.280216
    ExtUtils::Command   1.18    
    ExtUtils::Install   1.67    
    ExtUtils::MakeMaker 6.98    
    ExtUtils::Manifest  1.63    
    ExtUtils::ParseXS   3.24    
    File::Spec          3.40    
    JSON                2.90    
    JSON::PP            2.27203 
    Module::Build       0.4205  
    Module::Signature   0.73    
    Parse::CPAN::Meta   1.4414  
    Test::Harness       3.30    
    Test::More          1.001003
    YAML                0.90    
    YAML::Syck          1.27    
    version             0.9908  


--

Summary of my perl5 (revision 5 version 18 subversion 2) configuration:
   
  Platform:
    osname=linux, osvers=3.2.0-4-amd64, archname=x86_64-linux
    uname='linux eserte 3.2.0-4-amd64 #1 smp debian 3.2.57-3 x86_64 gnulinux '
    config_args='-ds -e -Dprefix=/opt/perl-5.18.2'
    hint=recommended, useposix=true, d_sigaction=define
    useithreads=undef, usemultiplicity=undef
    useperlio=define, d_sfio=undef, uselargefiles=define, usesocks=undef
    use64bitint=define, use64bitall=define, uselongdouble=undef
    usemymalloc=n, bincompat5005=undef
  Compiler:
    cc='cc', ccflags ='-fno-strict-aliasing -pipe -fstack-protector -I/usr/local/include -D_LARGEFILE_SOURCE -D_FILE_OFFSET_BITS=64',
    optimize='-O2',
    cppflags='-fno-strict-aliasing -pipe -fstack-protector -I/usr/local/include'
    ccversion='', gccversion='4.7.2', gccosandvers=''
    intsize=4, longsize=8, ptrsize=8, doublesize=8, byteorder=12345678
    d_longlong=define, longlongsize=8, d_longdbl=define, longdblsize=16
    ivtype='long', ivsize=8, nvtype='double', nvsize=8, Off_t='off_t', lseeksize=8
    alignbytes=8, prototype=define
  Linker and Libraries:
    ld='cc', ldflags =' -fstack-protector -L/usr/local/lib'
    libpth=/usr/local/lib /lib/x86_64-linux-gnu /lib/../lib /usr/lib/x86_64-linux-gnu /usr/lib/../lib /lib /usr/lib
    libs=-lnsl -ldb -ldl -lm -lcrypt -lutil -lc
    perllibs=-lnsl -ldl -lm -lcrypt -lutil -lc
    libc=, so=so, useshrplib=false, libperl=libperl.a
    gnulibc_version='2.13'
  Dynamic Linking:
    dlsrc=dl_dlopen.xs, dlext=so, d_dlsymun=undef, ccdlflags='-Wl,-E'
    cccdlflags='-fPIC', lddlflags='-shared -O2 -L/usr/local/lib -fstack-protector'


Characteristics of this binary (from libperl): 
  Compile-time options: HAS_TIMES PERLIO_LAYERS PERL_DONT_CREATE_GVSV
                        PERL_HASH_FUNC_ONE_AT_A_TIME_HARD PERL_MALLOC_WRAP
                        PERL_PRESERVE_IVUV PERL_SAWAMPERSAND USE_64_BIT_ALL
                        USE_64_BIT_INT USE_LARGE_FILES USE_LOCALE
                        USE_LOCALE_COLLATE USE_LOCALE_CTYPE
                        USE_LOCALE_NUMERIC USE_PERLIO USE_PERL_ATOF
  Built under linux
  Compiled at May  7 2014 07:25:45
  %ENV:
    PERL5LIB=""
    PERL5OPT=""
    PERL5_CPANPLUS_IS_RUNNING="31719"
    PERL5_CPAN_IS_RUNNING="31719"
    PERL5_CPAN_IS_RUNNING_IN_RECURSION="31641,31719"
    PERLDOC="-MPod::Perldoc::ToTextOverstrike"
    PERL_BATCH="yes"
    PERL_CPAN_REPORTER_CONFIG="/var/tmp/cpansmoker-1001/cCBayYuaCv_config.ini"
    PERL_EXTUTILS_AUTOINSTALL="--defaultdeps"
    PERL_HTML_DISPLAY_CLASS="HTML::Display::Mozilla"
    PERL_PARALLEL_SMOKER="yes"
  @INC:
    /opt/perl-5.18.2/lib/site_perl/5.18.2/x86_64-linux
    /opt/perl-5.18.2/lib/site_perl/5.18.2
    /opt/perl-5.18.2/lib/5.18.2/x86_64-linux
    /opt/perl-5.18.2/lib/5.18.2
    .