Report for Pod-Extract-URI-0.3

Back
From: metabase:user:314402c4-2aae-11df-837a-5e0a49663a4f
Subject: FAIL Pod-Extract-URI-0.3 v5.13.6 FreeBSD
Date: 2010-10-24T13:43:06Z

This distribution has been tested as part of the CPAN Testers
project, supporting the Perl programming language.  See
http://wiki.cpantesters.org/ for more information or email
questions to cpan-testers-discuss@perl.org


--
Dear Ian Malpass,

This is a computer-generated report for Pod-Extract-URI-0.3
on perl 5.13.6, created by CPAN-Reporter-1.1803.

Thank you for uploading your work to CPAN.  However, there was a problem
testing your distribution.

If you think this report is invalid, please consult the CPAN Testers Wiki
for suggestions on how to avoid getting FAIL reports for missing library
or binary dependencies, unsupported operating systems, and so on:

http://wiki.cpantesters.org/wiki/CPANAuthorNotes

Sections of this report:

    * Tester comments
    * Program output
    * Prerequisites
    * Environment and other context

------------------------------
TESTER COMMENTS
------------------------------

Additional comments from tester:

none provided

------------------------------
PROGRAM OUTPUT
------------------------------

Output from '/usr/bin/make test':

/usr/home/cpansand/var/ctps/5136/install/perl-5.13.6/bin/perl Build --makefile_env_macros 1 test
t/command.t ....... ok
t/int_seq.t ....... ok
t/new.t ........... ok
t/pod-coverage.t .. ok
t/pod.t ........... ok
t/schemes.t ....... ok
t/setter.t ........ ok
t/stop_sub.t ...... ok
t/stop_uris.t ..... ok
t/synopsis.t ...... ok
t/textblock.t ..... ok

#   Failed test at t/uri_details.t line 41.
#          got: 'http://www.google.com/'
#     expected: '<URL:http://www.google.com/>'

#   Failed test at t/uri_details.t line 48.
#          got: '3'
#     expected: '4'

#   Failed test at t/uri_details.t line 50.
#          got: undef
#     expected: '<URL:http://www.google.com/>'

#   Failed test at t/uri_details.t line 51.
#          got: undef
#     expected: '<URL:http://www.google.com/>'
# Looks like you failed 4 tests of 19.
t/uri_details.t ... 
Dubious, test returned 4 (wstat 1024, 0x400)
Failed 4/19 subtests 
t/verbatim.t ...... ok

Test Summary Report
-------------------
t/uri_details.t (Wstat: 1024 Tests: 19 Failed: 4)
  Failed tests:  16-19
  Non-zero exit status: 4
Files=13, Tests=94,  3 wallclock secs ( 0.08 usr  0.02 sys +  0.80 cusr  0.17 csys =  1.07 CPU)
Result: FAIL
Failed 1/13 test programs. 4/94 subtests failed.
*** Error code 255

Stop in /var/tmp/CPAN-build/Pod-Extract-URI-0.3-1YsDbJ.

------------------------------
PREREQUISITES
------------------------------

Prerequisite modules loaded:

requires:

    Module                Need Have    
    --------------------- ---- --------
    Carp                  0    1.19    
    Pod::Escapes          0    1.04    
    Pod::Parser           0    1.37    
    URI::Find             0    20100505
    URI::Find::Schemeless 0    20100505

build_requires:

    Module                Need Have    
    --------------------- ---- --------
    Module::Build         0    0.3607  
    Test::More            0    0.97_01 


------------------------------
ENVIRONMENT AND OTHER CONTEXT
------------------------------

Environment variables:

    DBIC_NO_WARN_BAD_PERL = 1
    PATH = /usr/local/bin:/usr/X11R6/bin:/usr/X11/bin:/usr/perl5.8.0/bin:/usr/bin:/bin:/usr/local/sbin:/usr/sbin:/sbin:/usr/local/pilot/bin:/home/cpansand/bin/freebsd8.0:/home/cpansand/bin/sh:/home/cpansand/bin:/usr/X386/bin:/usr/games:/home/cpansand/devel:/usr/home/e/eserte/src/perl/CPAN-Testers-ParallelSmoker/utils
    PERL5LIB = 
    PERL5OPT = 
    PERL5_CPANPLUS_IS_RUNNING = 5449
    PERL5_CPAN_IS_RUNNING = 5449
    PERL5_CPAN_IS_RUNNING_IN_RECURSION = 30193,5449
    PERL_BATCH = yes
    PERL_CPAN_REPORTER_DIR = /home/cpansand/var/ctps/5136/config/perl-5.13.6/cpanreporter
    PERL_EXTUTILS_AUTOINSTALL = --defaultdeps
    PERL_HTML_DISPLAY_CLASS = HTML::Display::Mozilla
    SHELL = /usr/local/bin/zsh
    TERM = xterm
    TMPDIR = /tmp/cpansmoker-1023

Perl special variables (and OS-specific diagnostics, for MSWin32):

    $^X = /usr/home/cpansand/var/ctps/5136/install/perl-5.13.6/bin/perl
    $UID/$EUID = 1023 / 1023
    $GID = 1023 1023
    $EGID = 1023 1023

Perl module toolchain versions installed:

    Module              Have   
    ------------------- -------
    CPAN                1.94_61
    Cwd                 3.34   
    ExtUtils::CBuilder  0.2703 
    ExtUtils::Command   1.16   
    ExtUtils::Install   1.55   
    ExtUtils::MakeMaker 6.57_05
    ExtUtils::Manifest  1.58   
    ExtUtils::ParseXS   2.2207 
    File::Spec          3.33   
    Module::Build       0.3607 
    Module::Signature   0.66   
    Test::Harness       3.22   
    Test::More          0.97_01
    YAML                n/a    
    YAML::Syck          1.15   
    version             0.83   


--

Summary of my perl5 (revision 5 version 13 subversion 6) configuration:
   
  Platform:
    osname=freebsd, osvers=8.0-release, archname=i386-freebsd
    uname='freebsd biokovo.herceg.de 8.0-release freebsd 8.0-release #0: sat nov 21 15:48:17 utc 2009 root@almeida.cse.buffalo.edu:usrobjusrsrcsysgeneric i386 '
    config_args='-ds -e -Uversiononly -Dinstallusrbinperl=n -Dusedevel -Dprefix=/home/cpansand/var/ctps/5136/install/perl-5.13.6'
    hint=recommended, useposix=true, d_sigaction=define
    useithreads=undef, usemultiplicity=undef
    useperlio=define, d_sfio=undef, uselargefiles=define, usesocks=undef
    use64bitint=undef, use64bitall=undef, uselongdouble=undef
    usemymalloc=n, bincompat5005=undef
  Compiler:
    cc='cc', ccflags ='-DHAS_FPSETMASK -DHAS_FLOATINGPOINT_H -fno-strict-aliasing -pipe -fstack-protector -I/usr/local/include',
    optimize='-O',
    cppflags='-DHAS_FPSETMASK -DHAS_FLOATINGPOINT_H -fno-strict-aliasing -pipe -fstack-protector -I/usr/local/include'
    ccversion='', gccversion='4.2.1 20070719  [FreeBSD]', gccosandvers=''
    intsize=4, longsize=4, ptrsize=4, doublesize=8, byteorder=1234
    d_longlong=define, longlongsize=8, d_longdbl=define, longdblsize=12
    ivtype='long', ivsize=4, nvtype='double', nvsize=8, Off_t='off_t', lseeksize=8
    alignbytes=4, prototype=define
  Linker and Libraries:
    ld='cc', ldflags ='-Wl,-E  -fstack-protector -L/usr/local/lib'
    libpth=/usr/lib /usr/local/lib
    libs=-lgdbm -lm -lcrypt -lutil -lc
    perllibs=-lm -lcrypt -lutil -lc
    libc=, so=so, useshrplib=false, libperl=libperl.a
    gnulibc_version=''
  Dynamic Linking:
    dlsrc=dl_dlopen.xs, dlext=so, d_dlsymun=undef, ccdlflags=' '
    cccdlflags='-DPIC -fPIC', lddlflags='-shared  -L/usr/local/lib -fstack-protector'


Characteristics of this binary (from libperl): 
  Compile-time options: PERL_DONT_CREATE_GVSV PERL_MALLOC_WRAP PERL_USE_DEVEL
                        USE_LARGE_FILES USE_PERLIO USE_PERL_ATOF
  Built under freebsd
  Compiled at Oct 21 2010 23:17:50
  %ENV:
    PERL5LIB=""
    PERL5OPT=""
    PERL5_CPANPLUS_IS_RUNNING="5449"
    PERL5_CPAN_IS_RUNNING="5449"
    PERL5_CPAN_IS_RUNNING_IN_RECURSION="30193,5449"
    PERL_BATCH="yes"
    PERL_CPAN_REPORTER_DIR="/home/cpansand/var/ctps/5136/config/perl-5.13.6/cpanreporter"
    PERL_EXTUTILS_AUTOINSTALL="--defaultdeps"
    PERL_HTML_DISPLAY_CLASS="HTML::Display::Mozilla"
  @INC:
    /home/cpansand/var/ctps/5136/install/perl-5.13.6/lib/site_perl/5.13.6/i386-freebsd
    /home/cpansand/var/ctps/5136/install/perl-5.13.6/lib/site_perl/5.13.6
    /home/cpansand/var/ctps/5136/install/perl-5.13.6/lib/5.13.6/i386-freebsd
    /home/cpansand/var/ctps/5136/install/perl-5.13.6/lib/5.13.6
    .