POE-Component-ResourcePool v0.04 Perl 5 v5.42.0 RC1 x86_64-dragonfly
- Status
- Fail
- From
- Carlos Guevara
- Dist
-
POE-Component-ResourcePool v0.04
- Platform
- Perl 5 v5.42.0 RC1 x86_64-dragonfly
- Date
- 2025-06-25 12:40:53
- ID
- a1bf6ade-51c1-11f0-b73f-f82b0f242c5f
This distribution has been tested as part of the CPAN Testers
project, supporting the Perl programming language. See
http://wiki.cpantesters.org/ for more information or email
questions to cpan-testers-discuss@perl.org
--
Dear Yuval Kogman,
This is a computer-generated report for POE-Component-ResourcePool-0.04
on perl 5.42.0, created by CPAN-Reporter-1.2020.
Thank you for uploading your work to CPAN. However, there was a problem
testing your distribution.
If you think this report is invalid, please consult the CPAN Testers Wiki
for suggestions on how to avoid getting FAIL reports for missing library
or binary dependencies, unsupported operating systems, and so on:
http://wiki.cpantesters.org/wiki/CPANAuthorNotes
Sections of this report:
* Tester comments
* Program output
* Prerequisites
* Environment and other context
------------------------------
TESTER COMMENTS
------------------------------
Additional comments from tester:
this report is from an automated smoke testing program
and was not reviewed by a human for accuracy
------------------------------
PROGRAM OUTPUT
------------------------------
Output from '/usr/bin/make test':
PERL_DL_NONLAZY=1 "/home/cpan/bin/perl/bin/perl5.42.0" "-MExtUtils::Command::MM" "-MTest::Harness" "-e" "undef *Test::Harness::Switches; test_harness(0, 'blib/lib', 'blib/arch')" t/*.t
t/00_use.t ...... ok
Can't locate object method "BUILD" via package "MooseX::POE::Aliased" at /home/cpan/.cpan/build/POE-Component-ResourcePool-0.04-0/blib/lib/POE/Component/ResourcePool.pm line 53.
# Looks like your test exited with 22 just after 3.
t/basic.t .......
Dubious, test returned 22 (wstat 5632, 0x1600)
Failed 35/38 subtests
t/collection.t .. ok
Can't locate object method "BUILD" via package "MooseX::POE::Aliased" at /home/cpan/.cpan/build/POE-Component-ResourcePool-0.04-0/blib/lib/POE/Component/ResourcePool.pm line 53.
# Looks like your test exited with 255 just after 12.
=== 315776 === Sessions were started, but POE::Kernel's run() method was never
=== 315776 === called to execute them. This usually happens because an error
=== 315776 === occurred before POE::Kernel->run() could be called. Please fix
=== 315776 === any errors above this notice, and be sure that POE::Kernel->run()
=== 315776 === is called. See documentation for POE::Kernel's run() method for
=== 315776 === another way to disable this warning.
t/fallback.t ....
Dubious, test returned 255 (wstat 65280, 0xff00)
All 12 subtests passed
Test Summary Report
-------------------
t/basic.t (Wstat: 5632 (exited 22) Tests: 3 Failed: 0)
Non-zero exit status: 22
Parse errors: Bad plan. You planned 38 tests but ran 3.
t/fallback.t (Wstat: 65280 (exited 255) Tests: 12 Failed: 0)
Non-zero exit status: 255
Files=4, Tests=26, 1 wallclock secs ( 0.02 usr 0.01 sys + 0.88 cusr 0.08 csys = 0.98 CPU)
Result: FAIL
Failed 2/4 test programs. 0/26 subtests failed.
*** Error code 255
Stop.
make: stopped in /home/cpan/.cpan/build/POE-Component-ResourcePool-0.04-0
------------------------------
PREREQUISITES
------------------------------
Prerequisite modules loaded:
requires:
Module Need Have
------------------- ----- --------
Carp::Clan 0 6.08
Moose 0.37 2.2207
MooseX::POE 0.205 0.215
POE 0 1.370
Set::Object 1.20 1.42
Test::use::ok 0 1.302214
Tie::RefHash 0 1.41
Tie::RefHash::Weak 0.08 0.09
build_requires:
Module Need Have
------------------- ----- --------
ExtUtils::MakeMaker 0 7.76
configure_requires:
Module Need Have
------------------- ----- --------
ExtUtils::MakeMaker 0 7.76
------------------------------
ENVIRONMENT AND OTHER CONTEXT
------------------------------
Environment variables:
AUTOMATED_TESTING = 1
DATE_MANIP_TEST_DM5 = 1
LC_ALL = C
NONINTERACTIVE_TESTING = 1
NO_NETWORK_TESTING = 1
PATH = /home/cpan/bin/perl/bin:/home/cpan/bin:/sbin:/bin:/usr/sbin:/usr/bin:/usr/games:/usr/local/sbin:/usr/local/bin:/usr/pkg/sbin:/usr/pkg/bin:/home/cpan/bin
PERL5LIB =
PERL5OPT =
PERL5_CPANPLUS_IS_RUNNING = 306164
PERL5_CPAN_IS_RUNNING = 306164
PERL_MM_USE_DEFAULT = 1
PERL_USE_UNSAFE_INC = 1
SHELL = /usr/local/bin/bash
TERM = screen
TMPDIR = /home/cpan/tmp
Perl special variables (and OS-specific diagnostics, for MSWin32):
$^X = /home/cpan/bin/perl/bin/perl5.42.0
$UID/$EUID = 1002 / 1002
$GID = 1002 1002
$EGID = 1002 1002
Perl module toolchain versions installed:
Module Have
------------------- --------
CPAN 2.38
CPAN::Meta 2.150010
Cwd 3.94
ExtUtils::CBuilder 0.280241
ExtUtils::Command 7.76
ExtUtils::Install 2.22
ExtUtils::MakeMaker 7.76
ExtUtils::Manifest 1.75
ExtUtils::ParseXS 3.57
File::Spec 3.94
JSON 4.10
JSON::PP 4.16
Module::Build 0.4234
Module::Signature 0.90
Parse::CPAN::Meta 2.150010
Test2 1.302214
Test::Harness 3.50
Test::More 1.302214
YAML 1.31
YAML::Syck 1.34
version 0.9933
--
Summary of my perl5 (revision 5 version 42 subversion 0) configuration:
Commit id: db61aeb2ee3e411afda6396e28753df4748ad42c
Platform:
osname=dragonfly
osvers=6.4-release
archname=x86_64-dragonfly
uname='dragonfly cjg-dragonfly6 6.4-release dragonfly v6.4.0-release #54: fri dec 30 09:06:50 pst 2022 root@pkgbox64.dragonflybsd.org:usrobjusrsrcsysx86_64_generic x86_64 '
config_args='-des -Dprefix=/home/cpan/bin/perl -Dscriptdir=/home/cpan/bin/perl/bin -Dusedevel -Duse64bitall'
hint=recommended
useposix=true
d_sigaction=define
useithreads=undef
usemultiplicity=undef
use64bitint=define
use64bitall=define
uselongdouble=undef
usemymalloc=n
default_inc_excludes_dot=define
Compiler:
cc='cc'
ccflags ='-DHAS_FPSETMASK -DHAS_FLOATINGPOINT_H -DNO_POSIX_2008_LOCALE -fwrapv -fno-strict-aliasing -pipe -fstack-protector-strong -I/usr/local/include -D_FORTIFY_SOURCE=2'
optimize='-O2'
cppflags='-DHAS_FPSETMASK -DHAS_FLOATINGPOINT_H -DNO_POSIX_2008_LOCALE -fwrapv -fno-strict-aliasing -pipe -fstack-protector-strong -I/usr/local/include'
ccversion=''
gccversion='8.3 [DragonFly] Release/2019-02-22'
gccosandvers=''
intsize=4
longsize=8
ptrsize=8
doublesize=8
byteorder=12345678
doublekind=3
d_longlong=define
longlongsize=8
d_longdbl=define
longdblsize=16
longdblkind=3
ivtype='long'
ivsize=8
nvtype='double'
nvsize=8
Off_t='off_t'
lseeksize=8
alignbytes=8
prototype=define
Linker and Libraries:
ld='cc'
ldflags ='-Wl,-E -fstack-protector-strong -L/usr/local/lib'
libpth=/usr/lib /usr/local/lib
libs=-lpthread -lgdbm -ldl -lm -lcrypt -lutil -lc
perllibs=-lpthread -ldl -lm -lcrypt -lutil -lc
libc=
so=so
useshrplib=false
libperl=libperl.a
gnulibc_version=''
Dynamic Linking:
dlsrc=dl_dlopen.xs
dlext=so
d_dlsymun=undef
ccdlflags=' '
cccdlflags='-DPIC -fPIC'
lddlflags='-shared -L/usr/local/lib -fstack-protector-strong'
Characteristics of this binary (from libperl):
Compile-time options:
HAS_LONG_DOUBLE
HAS_STRTOLD
HAS_TIMES
PERLIO_LAYERS
PERL_COPY_ON_WRITE
PERL_DONT_CREATE_GVSV
PERL_HASH_FUNC_SIPHASH13
PERL_HASH_USE_SBOX32
PERL_MALLOC_WRAP
PERL_OP_PARENT
PERL_PRESERVE_IVUV
PERL_USE_DEVEL
PERL_USE_SAFE_PUTENV
USE_64_BIT_ALL
USE_64_BIT_INT
USE_LARGE_FILES
USE_LOCALE
USE_LOCALE_COLLATE
USE_LOCALE_CTYPE
USE_LOCALE_NUMERIC
USE_LOCALE_TIME
USE_PERLIO
USE_PERL_ATOF
Locally applied patches:
RC1
Built under dragonfly
Compiled at Jun 25 2025 05:32:43
%ENV:
PERL5LIB=""
PERL5OPT=""
PERL5_CPANPLUS_IS_RUNNING="306164"
PERL5_CPAN_IS_RUNNING="306164"
PERL_MM_USE_DEFAULT="1"
PERL_USE_UNSAFE_INC="1"
@INC:
/home/cpan/bin/perl/lib/site_perl/5.42.0/x86_64-dragonfly
/home/cpan/bin/perl/lib/site_perl/5.42.0
/home/cpan/bin/perl/lib/5.42.0/x86_64-dragonfly
/home/cpan/bin/perl/lib/5.42.0
.