Assert-Refute v0.17 Perl 5 v5.42.0 RC2 aarch64-freebsd

Status
Fail
From
Slaven Rezić
Dist
Assert-Refute v0.17
Platform
Perl 5 v5.42.0 RC2 aarch64-freebsd
Date
2025-07-01 05:38:35
ID
a1cdaa9c-563d-11f0-a237-2a2e6e8775ea
This distribution has been tested as part of the CPAN Testers
project, supporting the Perl programming language.  See
http://wiki.cpantesters.org/ for more information or email
questions to cpan-testers-discuss@perl.org


--
Dear Konstantin S. Uvarin,

This is a computer-generated report for Assert-Refute-0.17
on perl 5.42.0, created by CPAN-Reporter-1.2020.

Thank you for uploading your work to CPAN.  However, there was a problem
testing your distribution.

If you think this report is invalid, please consult the CPAN Testers Wiki
for suggestions on how to avoid getting FAIL reports for missing library
or binary dependencies, unsupported operating systems, and so on:

http://wiki.cpantesters.org/wiki/CPANAuthorNotes

Sections of this report:

    * Tester comments
    * Program output
    * Prerequisites
    * Environment and other context

------------------------------
TESTER COMMENTS
------------------------------

Additional comments from tester:

none provided

------------------------------
PROGRAM OUTPUT
------------------------------

Output from '/usr/bin/make test':

PERL_DL_NONLAZY=1 "/usr/perl5.42.0-RC2/bin/perl" "-MExtUtils::Command::MM" "-MTest::Harness" "-e" "undef *Test::Harness::Switches; test_harness(0, 'blib/lib', 'blib/arch')" t/*.t
# Testing Assert::Refute 0.17, Perl 5.042000, /usr/perl5.42.0-RC2/bin/perl
t/000-load.t .............................. ok
t/002-try_refute.t ........................ ok
t/101-Report-refute.t ..................... ok
t/102-Contract-apply.t .................... ok
t/103-Report-signature.t .................. ok
t/105-Report-readonly.t ................... ok
t/106-Build-to_scalar.t ................... ok
t/107-Basic-deep_diff.t ................... ok
t/109-Report-do_run.t ..................... ok
t/110-Build-build_refute.t ................ ok
t/111-Contract-adjust.t ................... ok
t/112-Report-refute-multiline.t ........... ok
t/113-Report-plan-tests.t ................. ok
t/114-Report-get_result_details-vs-tap.t .. ok
t/115-T-Tester.t .......................... ok
t/116-Report-context.t .................... ok
t/117-Report-done_testing.t ............... ok
t/118-Report-get_failed_ids.t ............. ok
t/119-get_parent.t ........................ ok
t/120-set_parent.t ........................ ok
t/121-refute_and_report.t ................. ok
t/122-assert_refute.t ..................... ok
t/123-subtest-dies.t ...................... ok
t/124-Report-subcontract-Report.t ......... ok
t/125-Report-get_depth.t .................. ok
t/126-get_title-set_title.t ............... ok
t/127-configure_global.t .................. ok
t/201-current_contract.t .................. ok
t/202-Build-build_refute.t ................ ok
t/203-T-Basic-smoke.t ..................... ok

#   Failed test 'can_ok()'
#   at t/204-T-Basic-all.t line 121.
#          got: 't1N1N1d'
#     expected: 't1N1NNd'
# Looks like you failed 1 test of 12.
t/204-T-Basic-all.t ....................... 
Dubious, test returned 1 (wstat 256, 0x100)
Failed 1/12 subtests 
t/205-inspect.t ........................... ok
t/206-signature.t ......................... ok
t/207-subcontract.t ....................... ok
t/208-T-Basic-contract-is.t ............... ok
t/210-T-Basic-cmp_ok.t .................... ok
t/211-Basic-use_ok.t ...................... ok
t/212-get_tap-exact.t ..................... ok
t/213-Report-get_result_details.t ......... ok
t/214-plan-tests.t ........................ ok
t/215-optimize-out.t ...................... ok
t/216-carp-title.t ........................ ok
t/217-refute_invariant.t .................. ok
t/301-dies_like.t ......................... ok
t/302-warns_like.t ........................ ok
t/303-try_refute-callback-carp.t .......... ok
t/304-carp_refute-config.t ................ ok
t/401-minargs.t ........................... ok
t/402-Build-name-clash.t .................. ok
t/404-configure.t ......................... ok
t/405-Report-bad-plan.t ................... ok
t/406-Report-subcontract.t ................ ok
t/407-refute_invariant.t .................. ok
t/503-refute_these-v.0.20.t ............... ok
t/505-contract-block-v.0.20.t ............. ok
t/603-Driver-More-popen.t ................. ok
t/604-Driver-More.t ....................... ok

Test Summary Report
-------------------
t/204-T-Basic-all.t                     (Wstat: 256 (exited 1) Tests: 12 Failed: 1)
  Failed test:  10
  Non-zero exit status: 1
Files=57, Tests=283,  4 wallclock secs ( 0.14 usr  0.22 sys +  3.23 cusr  0.73 csys =  4.32 CPU)
Result: FAIL
Failed 1/57 test programs. 1/283 subtests failed.
*** Error code 255

Stop.
make: stopped in /home/cpansand/.cpan/build/2025063022/Assert-Refute-0.17-0

------------------------------
PREREQUISITES
------------------------------

Prerequisite modules loaded:

requires:

    Module              Need     Have    
    ------------------- -------- --------
    Data::Dumper        2        2.192   
    parent              0        0.244   
    perl                5.006002 5.042000
    Scalar::Util        1.14     1.69    

build_requires:

    Module              Need     Have    
    ------------------- -------- --------
    Test::More          0.98     1.302214

configure_requires:

    Module              Need     Have    
    ------------------- -------- --------
    ExtUtils::MakeMaker 0        7.76    


------------------------------
ENVIRONMENT AND OTHER CONTEXT
------------------------------

Environment variables:

    LANG = C.UTF-8
    LC_ALL = de_DE.UTF-8
    PATH = /usr/local/bin:/usr/bin:/bin:/usr/local/sbin:/usr/sbin:/sbin:/home/cpansand/bin/freebsd14.1:/home/cpansand/bin/sh:/home/cpansand/bin:/usr/games:/home/cpansand/devel:/home/eserte/src/srezic-misc/scripts
    PERL5LIB = 
    PERL5OPT = 
    PERL5_CPANPLUS_IS_RUNNING = 21592
    PERL5_CPAN_IS_RUNNING = 21592
    PERL5_CPAN_IS_RUNNING_IN_RECURSION = 54586,21592
    PERLDOC = -MPod::Perldoc::ToTextOverstrike
    PERL_BATCH = yes
    PERL_CANARY_STABILITY_NOPROMPT = 1
    PERL_CPAN_REPORTER_CONFIG = /var/tmp/cpansmoker-1023/2025062919/cpanreporter_000_config.ini
    PERL_EXTUTILS_AUTOINSTALL = --defaultdeps
    PERL_PARALLEL_SMOKER = yes
    PERL_USE_UNSAFE_INC = 1
    SHELL = /usr/local/bin/zsh
    TERM = screen
    TMPDIR = /var/tmp/cpansmoker-1023/2025062919

Perl special variables (and OS-specific diagnostics, for MSWin32):

    $^X = /usr/perl5.42.0-RC2/bin/perl
    $UID/$EUID = 1023 / 1023
    $GID = 1023 1023
    $EGID = 1023 1023

Perl module toolchain versions installed:

    Module              Have    
    ------------------- --------
    CPAN                2.38    
    CPAN::Meta          2.150010
    Cwd                 3.94    
    ExtUtils::CBuilder  0.280242
    ExtUtils::Command   7.76    
    ExtUtils::Install   2.22    
    ExtUtils::MakeMaker 7.76    
    ExtUtils::Manifest  1.75    
    ExtUtils::ParseXS   3.57    
    File::Spec          3.94    
    JSON                4.10    
    JSON::PP            4.16    
    Module::Build       0.4234  
    Module::Signature   n/a     
    Parse::CPAN::Meta   2.150010
    Test2               1.302214
    Test::Harness       3.52    
    Test::More          1.302214
    YAML                1.31    
    YAML::Syck          1.34    
    version             0.9933  


--

Summary of my perl5 (revision 5 version 42 subversion 0) configuration:
   
  Platform:
    osname=freebsd
    osvers=14.3-stable
    archname=aarch64-freebsd
    uname='freebsd cloud9.bbbike.org 14.3-stable freebsd 14.3-stable stable14-n271785-fad4064226b2 generic arm64 '
    config_args='-ds -e -Dprefix=/usr/perl5.42.0-RC2 -Uinstallusrbinperl -Dcf_email=srezic@cpan.org -Doptimize=-O2 -pipe'
    hint=recommended
    useposix=true
    d_sigaction=define
    useithreads=undef
    usemultiplicity=undef
    use64bitint=define
    use64bitall=define
    uselongdouble=undef
    usemymalloc=n
    default_inc_excludes_dot=define
  Compiler:
    cc='cc'
    ccflags ='-DHAS_FPSETMASK -DHAS_FLOATINGPOINT_H -DNO_POSIX_2008_LOCALE -fno-strict-aliasing -pipe -fstack-protector-strong -I/usr/local/include'
    optimize='-O2 -pipe'
    cppflags='-DHAS_FPSETMASK -DHAS_FLOATINGPOINT_H -DNO_POSIX_2008_LOCALE -fno-strict-aliasing -pipe -fstack-protector-strong -I/usr/local/include'
    ccversion=''
    gccversion='FreeBSD Clang 19.1.7 (https://github.com/llvm/llvm-project.git llvmorg-19.1.7-0-gcd708029e0b2)'
    gccosandvers=''
    intsize=4
    longsize=8
    ptrsize=8
    doublesize=8
    byteorder=12345678
    doublekind=3
    d_longlong=define
    longlongsize=8
    d_longdbl=define
    longdblsize=16
    longdblkind=1
    ivtype='long'
    ivsize=8
    nvtype='double'
    nvsize=8
    Off_t='off_t'
    lseeksize=8
    alignbytes=8
    prototype=define
  Linker and Libraries:
    ld='cc'
    ldflags ='-Wl,-E  -fstack-protector-strong -L/usr/local/lib'
    libpth=/usr/lib /usr/local/lib /usr/lib/clang/19/lib
    libs=-lpthread -lgdbm -ldl -lm -lcrypt -lutil -lc
    perllibs=-lpthread -ldl -lm -lcrypt -lutil -lc
    libc=
    so=so
    useshrplib=false
    libperl=libperl.a
    gnulibc_version=''
  Dynamic Linking:
    dlsrc=dl_dlopen.xs
    dlext=so
    d_dlsymun=undef
    ccdlflags=' '
    cccdlflags='-DPIC -fPIC'
    lddlflags='-shared  -L/usr/local/lib -fstack-protector-strong'


Characteristics of this binary (from libperl): 
  Compile-time options:
    HAS_LONG_DOUBLE
    HAS_STRTOLD
    HAS_TIMES
    PERLIO_LAYERS
    PERL_COPY_ON_WRITE
    PERL_DONT_CREATE_GVSV
    PERL_HASH_FUNC_SIPHASH13
    PERL_HASH_USE_SBOX32
    PERL_MALLOC_WRAP
    PERL_OP_PARENT
    PERL_PRESERVE_IVUV
    PERL_USE_SAFE_PUTENV
    USE_64_BIT_ALL
    USE_64_BIT_INT
    USE_LARGE_FILES
    USE_LOCALE
    USE_LOCALE_COLLATE
    USE_LOCALE_CTYPE
    USE_LOCALE_NUMERIC
    USE_LOCALE_TIME
    USE_PERLIO
    USE_PERL_ATOF
  Locally applied patches:
    RC2
  Built under freebsd
  Compiled at Jun 28 2025 11:27:41
  %ENV:
    PERL5LIB=""
    PERL5OPT=""
    PERL5_CPANPLUS_IS_RUNNING="21592"
    PERL5_CPAN_IS_RUNNING="21592"
    PERL5_CPAN_IS_RUNNING_IN_RECURSION="54586,21592"
    PERLDOC="-MPod::Perldoc::ToTextOverstrike"
    PERL_BATCH="yes"
    PERL_CANARY_STABILITY_NOPROMPT="1"
    PERL_CPAN_REPORTER_CONFIG="/var/tmp/cpansmoker-1023/2025062919/cpanreporter_000_config.ini"
    PERL_EXTUTILS_AUTOINSTALL="--defaultdeps"
    PERL_PARALLEL_SMOKER="yes"
    PERL_USE_UNSAFE_INC="1"
  @INC:
    /usr/perl5.42.0-RC2/lib/site_perl/5.42.0/aarch64-freebsd
    /usr/perl5.42.0-RC2/lib/site_perl/5.42.0
    /usr/perl5.42.0-RC2/lib/5.42.0/aarch64-freebsd
    /usr/perl5.42.0-RC2/lib/5.42.0
    .