Back
From: metabase:user:b8a9e342-69cf-11e7-adca-3fbd147838bf
Subject: FAIL Net-Server-2.008 v5.27.0 AIX
Date: 2017-07-30T09:36:58Z
This distribution has been tested as part of the CPAN Testers
project, supporting the Perl programming language. See
http://wiki.cpantesters.org/ for more information or email
questions to cpan-testers-discuss@perl.org
--
Dear Paul Seamons,
This is a computer-generated report for Net-Server-2.008
on perl 5.27.0, created by CPAN-Reporter-1.2018.
Thank you for uploading your work to CPAN. However, there was a problem
testing your distribution.
If you think this report is invalid, please consult the CPAN Testers Wiki
for suggestions on how to avoid getting FAIL reports for missing library
or binary dependencies, unsupported operating systems, and so on:
http://wiki.cpantesters.org/wiki/CPANAuthorNotes
Sections of this report:
* Tester comments
* Program output
* Prerequisites
* Environment and other context
------------------------------
TESTER COMMENTS
------------------------------
Additional comments from tester:
none provided
------------------------------
PROGRAM OUTPUT
------------------------------
Output from '/usr/bin/make test':
PERL_DL_NONLAZY=1 "/home/cpan/bin/perl-5.27.0/bin/perl5.27.0" "-MExtUtils::Command::MM" "-MTest::Harness" "-e" "undef *Test::Harness::Switches; test_harness(0, 'blib/lib', 'blib/arch')" t/*.t
t/Options.t ............... ok
t/Port_Configuration.t .... ok
t/Server_BASE.t ........... ok
t/Server_Fork.t ........... ok
t/Server_http.t ........... ok
t/Server_INET.t ........... ok
t/Server_Multiplex.t ...... ok
t/Server_MultiType.t ...... ok
t/Server_PreFork.t ........ ok
t/Server_PreForkSimple.t .. ok
t/Server_Single.t ......... ok
t/SSL_test.t .............. ok
t/SSLEAY_test.t ...........
Dubious, test returned -1 (wstat 9, 0x9)
Failed 1/4 subtests
t/UDP_test.t .............. ok
Unimplemented: POSIX::tmpnam(): use File::Temp instead at /home/cpan/bin/perl-5.27.0/lib/5.27.0/aix-64int/POSIX.pm line 185.
Unimplemented: POSIX::tmpnam() at t/UNIX_test.t line 5.
BEGIN failed--compilation aborted at t/UNIX_test.t line 5.
t/UNIX_test.t .............
Dubious, test returned 255 (wstat 65280, 0xff00)
No subtests run
Test Summary Report
-------------------
t/SSLEAY_test.t (Wstat: 9 Tests: 4 Failed: 1)
Failed test: 4
Non-zero exit status: -1
t/UNIX_test.t (Wstat: 65280 Tests: 0 Failed: 0)
Non-zero exit status: 255
Parse errors: No plan found in TAP output
Files=15, Tests=180, 4 wallclock secs ( 0.16 usr 0.05 sys + 1.98 cusr 0.41 csys = 2.60 CPU)
Result: FAIL
Failed 2/15 test programs. 1/180 subtests failed.
make: The error code from the last command is 255.
Stop.
------------------------------
PREREQUISITES
------------------------------
Prerequisite modules loaded:
requires:
Module Need Have
------------------- ---- --------
IO::Socket 0 1.38
POSIX 0 1.76
Socket 0 2.020_03
Time::HiRes 0 1.9744
build_requires:
Module Need Have
------------------- ---- --------
ExtUtils::MakeMaker 0 7.24
configure_requires:
Module Need Have
------------------- ---- --------
ExtUtils::MakeMaker 0 7.24
------------------------------
ENVIRONMENT AND OTHER CONTEXT
------------------------------
Environment variables:
LANG = C
LC_ALL = C
LC__FASTMSG = true
NONINTERACTIVE_TESTING = 1
PATH = /home/cpan/bin:/home/cpan/bin/perl-5.27.0/bin:/home/cpan/bin:/usr/bin:/etc:/usr/sbin:/usr/ucb:/home/cpan/bin:/usr/bin/X11:/sbin:.
PERL5LIB =
PERL5OPT =
PERL5_CPANPLUS_IS_RUNNING = 6160588
PERL5_CPAN_IS_RUNNING = 6160588
PERL_MM_USE_DEFAULT = 1
PERL_USE_UNSAFE_INC = 1
SHELL = /usr/bin/bash
TERM = vt100
TMPDIR = /home/cpan/tmp
Perl special variables (and OS-specific diagnostics, for MSWin32):
$^X = /home/cpan/bin/perl-5.27.0/bin/perl5.27.0
$UID/$EUID = 209 / 209
$GID = 1 1
$EGID = 1 1
Perl module toolchain versions installed:
Module Have
------------------- ----------
CPAN 2.18
CPAN::Meta 2.150010
Cwd 3.67
ExtUtils::CBuilder 0.280225
ExtUtils::Command 7.24
ExtUtils::Install 2.04
ExtUtils::MakeMaker 7.24
ExtUtils::Manifest 1.70
ExtUtils::ParseXS 3.34
File::Spec 3.67
JSON 2.94
JSON::PP 2.27400_02
Module::Build 0.4224
Module::Signature n/a
Parse::CPAN::Meta 2.150010
Test::Harness 3.38
Test::More 1.302086
YAML 1.23
YAML::Syck n/a
version 0.9917
--
Summary of my perl5 (revision 5 version 27 subversion 0) configuration:
Snapshot of: 2bdda036824aa4b88cd1bf4fc814ee7c200975e8
Platform:
osname=aix
osvers=7.1.0.0
archname=aix-64int
uname='aix sovma206 1 7 00c3c6f54c00 '
config_args='-des -Dprefix=~/bin/perl-5.27.0 -Dscriptdir=~/bin/perl-5.27.0/bin -Duse64bitint -Dcc=gcc -Dusedevel'
hint=recommended
useposix=true
d_sigaction=define
useithreads=undef
usemultiplicity=undef
use64bitint=define
use64bitall=undef
uselongdouble=undef
usemymalloc=n
default_inc_excludes_dot=define
bincompat5005=undef
Compiler:
cc='gcc -maix32'
ccflags ='-D_ALL_SOURCE -D_ANSI_C_SOURCE -D_POSIX_SOURCE -DUSE_NATIVE_DLOPEN -fwrapv -fno-strict-aliasing -pipe -D_LARGE_FILES -D_FORTIFY_SOURCE=2'
optimize='-O'
cppflags='-D_ALL_SOURCE -D_ANSI_C_SOURCE -D_POSIX_SOURCE -DUSE_NATIVE_DLOPEN -fwrapv -fno-strict-aliasing -pipe'
ccversion=''
gccversion='4.8.5'
gccosandvers=''
intsize=4
longsize=4
ptrsize=4
doublesize=8
byteorder=87654321
doublekind=4
d_longlong=define
longlongsize=8
d_longdbl=define
longdblsize=8
longdblkind=0
ivtype='long long'
ivsize=8
nvtype='double'
nvsize=8
Off_t='off_t'
lseeksize=8
alignbytes=8
prototype=define
Linker and Libraries:
ld='gcc -maix32'
ldflags =' -Wl,-brtl -Wl,-bdynamic -Wl,-b32 -Wl,-bmaxdata:0x80000000'
libpth=/opt/freeware/lib /opt/freeware/lib/gcc/powerpc-ibm-aix7.1.0.0/4.8.5/include-fixed /usr/lib /lib /usr/ccs/lib /usr/lib64
libs=-lpthread -lbind -lnsl -lgdbm -ldbm -ldb -ldl -lld -lm -lcrypt -lc
perllibs=-lpthread -lbind -lnsl -ldl -lld -lm -lcrypt -lc
libc=/lib/libc.a
so=a
useshrplib=false
libperl=libperl.a
gnulibc_version=''
Dynamic Linking:
dlsrc=dl_aix.xs
dlext=so
d_dlsymun=undef
ccdlflags='-Xlinker -bE:/home/cpan/bin/perl-5.27.0/lib/5.27.0/aix-64int/CORE/perl.exp'
cccdlflags=' '
lddlflags=' -Wl,-bhalt:4 -Wl,-G -Wl,-bI:$(PERL_INC)/perl.exp -Wl,-bE:$(BASEEXT).exp -Wl,-bnoentry -lc -lm'
Characteristics of this binary (from libperl):
Compile-time options:
HAS_TIMES
PERLIO_LAYERS
PERL_COPY_ON_WRITE
PERL_DONT_CREATE_GVSV
PERL_MALLOC_WRAP
PERL_OP_PARENT
PERL_PRESERVE_IVUV
PERL_USE_DEVEL
USE_64_BIT_INT
USE_LARGE_FILES
USE_LOCALE
USE_LOCALE_COLLATE
USE_LOCALE_CTYPE
USE_LOCALE_NUMERIC
USE_LOCALE_TIME
USE_PERLIO
USE_PERL_ATOF
Built under aix
Compiled at Jul 29 2017 22:40:50
%ENV:
PERL5LIB=""
PERL5OPT=""
PERL5_CPANPLUS_IS_RUNNING="6160588"
PERL5_CPAN_IS_RUNNING="6160588"
PERL_MM_USE_DEFAULT="1"
PERL_USE_UNSAFE_INC="1"
@INC:
/home/cpan/bin/perl-5.27.0/lib/site_perl/5.27.0/aix-64int
/home/cpan/bin/perl-5.27.0/lib/site_perl/5.27.0
/home/cpan/bin/perl-5.27.0/lib/5.27.0/aix-64int
/home/cpan/bin/perl-5.27.0/lib/5.27.0
.