Data-Lock v1.03 Perl 5 v5.8.1 x86_64-linux-ld
- Status
- Fail
- From
- Andreas J. König (ANDK)
- Dist
-
Data-Lock v1.03
- Platform
- Perl 5 v5.8.1 x86_64-linux-ld
- Date
- 2019-05-31 01:44:30
- ID
- a1e7069e-8345-11e9-a54c-ecbdd800179b
This distribution has been tested as part of the CPAN Testers
project, supporting the Perl programming language. See
http://wiki.cpantesters.org/ for more information or email
questions to cpan-testers-discuss@perl.org
--
Dear Dan Kogai,
This is a computer-generated report for Data-Lock-1.03
on perl 5.8.1, created by CPAN-Reporter-1.2018.
Thank you for uploading your work to CPAN. However, there was a problem
testing your distribution.
If you think this report is invalid, please consult the CPAN Testers Wiki
for suggestions on how to avoid getting FAIL reports for missing library
or binary dependencies, unsupported operating systems, and so on:
http://wiki.cpantesters.org/wiki/CPANAuthorNotes
Sections of this report:
* Tester comments
* Program output
* Prerequisites
* Environment and other context
------------------------------
TESTER COMMENTS
------------------------------
Additional comments from tester:
this report is from an automated smoke testing program
and was not reviewed by a human for accuracy
------------------------------
PROGRAM OUTPUT
------------------------------
Output from '/usr/bin/make test':
PERL_DL_NONLAZY=1 "/tmp/basesmoker-reloperl-6MJN/bin/perl" "-MExtUtils::Command::MM" "-MTest::Harness" "-e" "undef *Test::Harness::Switches; test_harness(0, 'blib/lib', 'blib/arch')" t/*.t
# Testing Data::Lock 1.03, Perl 5.008001, /tmp/basesmoker-reloperl-6MJN/bin/perl
t/00-load.t ....... ok
t/01-atomic.t ..... ok
t/02-avhv.t ....... ok
t/03-obj.t ........ ok
t/04-dlock.t ...... ok
# Failed test at t/05-dollar01.t line 17.
# Looks like you failed 1 test of 4.
t/05-dollar01.t ...
Dubious, test returned 1 (wstat 256, 0x100)
Failed 1/4 subtests
t/pod-coverage.t .. ok
t/pod.t ........... ok
Test Summary Report
-------------------
t/05-dollar01.t (Wstat: 256 Tests: 4 Failed: 1)
Failed test: 4
Non-zero exit status: 1
Files=8, Tests=79, 2 wallclock secs ( 0.05 usr 0.03 sys + 0.67 cusr 0.20 csys = 0.95 CPU)
Result: FAIL
Failed 1/8 test programs. 1/79 subtests failed.
make: *** [Makefile:847: test_dynamic] Error 255
------------------------------
PREREQUISITES
------------------------------
Prerequisite modules loaded:
requires:
Module Need Have
------------------- ---- --------
Test::More 0 1.302164
build_requires:
Module Need Have
------------------- ---- --------
ExtUtils::MakeMaker 0 7.36
configure_requires:
Module Need Have
------------------- ---- --------
ExtUtils::MakeMaker 0 7.36
------------------------------
ENVIRONMENT AND OTHER CONTEXT
------------------------------
Environment variables:
AUTOMATED_TESTING = 1
LANG = en_US.UTF-8
PATH = /home/sand/bin:/usr/local/bin:/usr/bin:/bin:/usr/games:/usr/local/perl/bin:/usr/X11/bin:/sbin:/usr/sbin
PERL = /tmp/basesmoker-reloperl-6MJN/bin/perl
PERL5LIB = /tmp/loop_over_bdir-15094-pF6C_i/Net-Ping-2.72-0/blib/arch:/tmp/loop_over_bdir-15094-pF6C_i/Net-Ping-2.72-0/blib/lib:/tmp/loop_over_bdir-15094-pF6C_i/Alien-Libxml2-0.09-0/blib/arch:/tmp/loop_over_bdir-15094-pF6C_i/Alien-Libxml2-0.09-0/blib/lib:/tmp/loop_over_bdir-15094-pF6C_i/ExtUtils-Constant-0.25-0/blib/arch:/tmp/loop_over_bdir-15094-pF6C_i/ExtUtils-Constant-0.25-0/blib/lib:/tmp/loop_over_bdir-15094-pF6C_i/Getopt-Long-2.50-0/blib/arch:/tmp/loop_over_bdir-15094-pF6C_i/Getopt-Long-2.50-0/blib/lib
PERL5OPT =
PERL5_CPANPLUS_IS_RUNNING = 15102
PERL5_CPAN_IS_RUNNING = 15102
PERL_CANARY_STABILITY_NOPROMPT = 1
PERL_MM_USE_DEFAULT = 1
PERL_USE_UNSAFE_INC = 1
SHELL = /usr/bin/zsh
TERM = screen
Perl special variables (and OS-specific diagnostics, for MSWin32):
$^X = /tmp/basesmoker-reloperl-6MJN/bin/perl
$UID/$EUID = 1005 / 1005
$GID = 1005 1005
$EGID = 1005 1005
Perl module toolchain versions installed:
Module Have
------------------- --------
CPAN 2.27
CPAN::Meta 2.150010
Cwd 3.75
ExtUtils::CBuilder 0.280231
ExtUtils::Command 7.36
ExtUtils::Install 2.06
ExtUtils::MakeMaker 7.36
ExtUtils::Manifest 1.70
ExtUtils::ParseXS 3.35
File::Spec 3.75
JSON 4.02
JSON::PP 4.02
Module::Build 0.4229
Module::Signature 0.83
Parse::CPAN::Meta 2.150010
Test::Harness 3.42
Test::More 1.302164
YAML 1.29
YAML::Syck 1.31
version 0.9924
--
Summary of my perl5 (revision 5.0 version 8 subversion 1) configuration:
Platform:
osname=linux, osvers=4.19.0-5-amd64, archname=x86_64-linux-ld
uname='linux k93x64sid 4.19.0-5-amd64 #1 smp debian 4.19.37-3 (2019-05-15) x86_64 gnulinux '
config_args='-Dprefix=/home/sand/src/perl/repoperls/installed-perls/host/k93x64sid/perl-5.8.1/6b68d -Dmyhostname=k93x64sid -Dinstallusrbinperl=n -Uversiononly -Dusedevel -des -Ui_db -Dlibswanted=cl pthread socket inet nsl gdbm dbm malloc dl ld sun m crypt sec util c cposix posix ucb BSD gdbm_compat -Uuseithreads -Duselongdouble -Doptimize=-g'
hint=recommended, useposix=true, d_sigaction=define
usethreads=undef use5005threads=undef useithreads=undef usemultiplicity=undef
useperlio=define d_sfio=undef uselargefiles=define usesocks=undef
use64bitint=define use64bitall=define uselongdouble=define
usemymalloc=n, bincompat5005=undef
Compiler:
cc='cc', ccflags ='-DDEBUGGING -fno-strict-aliasing -I/usr/local/include -D_LARGEFILE_SOURCE -D_FILE_OFFSET_BITS=64',
optimize='-g',
cppflags='-DDEBUGGING -fno-strict-aliasing -I/usr/local/include'
ccversion='', gccversion='8.3.0', gccosandvers=''
intsize=4, longsize=8, ptrsize=8, doublesize=8, byteorder=12345678
d_longlong=define, longlongsize=8, d_longdbl=define, longdblsize=16
ivtype='long', ivsize=8, nvtype='long double', nvsize=16, Off_t='off_t', lseeksize=8
alignbytes=16, prototype=define
Linker and Libraries:
ld='cc', ldflags =' -L/usr/local/lib'
libpth=/usr/local/lib /lib/x86_64-linux-gnu /lib/../lib /usr/lib/x86_64-linux-gnu /usr/lib/../lib /lib /usr/lib
libs=-lpthread -lnsl -ldl -lm -lcrypt -lutil -lc
perllibs=-lpthread -lnsl -ldl -lm -lcrypt -lutil -lc
libc=libc-2.28.so, so=so, useshrplib=false, libperl=libperl.a
gnulibc_version='2.28'
Dynamic Linking:
dlsrc=dl_dlopen.xs, dlext=so, d_dlsymun=undef, ccdlflags='-rdynamic'
cccdlflags='-fpic', lddlflags='-shared -L/usr/local/lib'
Characteristics of this binary (from libperl):
Compile-time options: DEBUGGING USE_64_BIT_INT USE_64_BIT_ALL USE_LONG_DOUBLE USE_LARGE_FILES
Built under linux
Compiled at May 30 2019 06:27:24
%ENV:
PERL="/tmp/basesmoker-reloperl-6MJN/bin/perl"
PERL5LIB="/tmp/loop_over_bdir-15094-pF6C_i/Net-Ping-2.72-0/blib/arch:/tmp/loop_over_bdir-15094-pF6C_i/Net-Ping-2.72-0/blib/lib:/tmp/loop_over_bdir-15094-pF6C_i/Alien-Libxml2-0.09-0/blib/arch:/tmp/loop_over_bdir-15094-pF6C_i/Alien-Libxml2-0.09-0/blib/lib:/tmp/loop_over_bdir-15094-pF6C_i/ExtUtils-Constant-0.25-0/blib/arch:/tmp/loop_over_bdir-15094-pF6C_i/ExtUtils-Constant-0.25-0/blib/lib:/tmp/loop_over_bdir-15094-pF6C_i/Getopt-Long-2.50-0/blib/arch:/tmp/loop_over_bdir-15094-pF6C_i/Getopt-Long-2.50-0/blib/lib"
PERL5OPT=""
PERL5_CPANPLUS_IS_RUNNING="15102"
PERL5_CPAN_IS_RUNNING="15102"
PERL_CANARY_STABILITY_NOPROMPT="1"
PERL_MM_USE_DEFAULT="1"
PERL_USE_UNSAFE_INC="1"
@INC:
/tmp/loop_over_bdir-15094-pF6C_i/Net-Ping-2.72-0/blib/arch
/tmp/loop_over_bdir-15094-pF6C_i/Net-Ping-2.72-0/blib/lib
/tmp/loop_over_bdir-15094-pF6C_i/Alien-Libxml2-0.09-0/blib/arch
/tmp/loop_over_bdir-15094-pF6C_i/Alien-Libxml2-0.09-0/blib/lib
/tmp/loop_over_bdir-15094-pF6C_i/ExtUtils-Constant-0.25-0/blib/arch
/tmp/loop_over_bdir-15094-pF6C_i/ExtUtils-Constant-0.25-0/blib/lib
/tmp/loop_over_bdir-15094-pF6C_i/Getopt-Long-2.50-0/blib/arch
/tmp/loop_over_bdir-15094-pF6C_i/Getopt-Long-2.50-0/blib/lib
/home/sand/src/perl/repoperls/installed-perls/host/k93x64sid/perl-5.8.1/6b68d/lib/5.8.1/x86_64-linux-ld
/home/sand/src/perl/repoperls/installed-perls/host/k93x64sid/perl-5.8.1/6b68d/lib/5.8.1
/home/sand/src/perl/repoperls/installed-perls/host/k93x64sid/perl-5.8.1/6b68d/lib/site_perl/5.8.1/x86_64-linux-ld
/home/sand/src/perl/repoperls/installed-perls/host/k93x64sid/perl-5.8.1/6b68d/lib/site_perl/5.8.1
/home/sand/src/perl/repoperls/installed-perls/host/k93x64sid/perl-5.8.1/6b68d/lib/site_perl
.