IO-Async-Loop-AnyEvent v0.03 Perl 5 v5.24.3 OpenBSD.amd64-openbsd

Status
Fail
From
Alceu Rodrigues de Freitas Junior
Dist
IO-Async-Loop-AnyEvent v0.03
Platform
Perl 5 v5.24.3 OpenBSD.amd64-openbsd
Date
2018-02-20 01:16:10
ID
a274bb7a-15db-11e8-98b5-f8bbf24e1a0e
This distribution has been tested as part of the CPAN Testers
project, supporting the Perl programming language.  See
http://wiki.cpantesters.org/ for more information or email
questions to cpan-testers-discuss@perl.org


--
Dear Paul Evans,

This is a computer-generated report for IO-Async-Loop-AnyEvent-0.03
on perl 5.24.3, created by CPAN-Reporter-1.2018.

Thank you for uploading your work to CPAN.  However, there was a problem
testing your distribution.

If you think this report is invalid, please consult the CPAN Testers Wiki
for suggestions on how to avoid getting FAIL reports for missing library
or binary dependencies, unsupported operating systems, and so on:

http://wiki.cpantesters.org/wiki/CPANAuthorNotes

Sections of this report:

    * Tester comments
    * Program output
    * Prerequisites
    * Environment and other context

------------------------------
TESTER COMMENTS
------------------------------

Additional comments from tester:

this report is from an automated smoke testing program
and was not reviewed by a human for accuracy

------------------------------
PROGRAM OUTPUT
------------------------------

Output from './Build test':

2018-02-19 22:16:07.000000 -0300 fatal AnyEvent: IO::Async::Loop::AnyEvent detected - that module is broken by
2018-02-19 22:16:07.000000 -0300 + design, abuses internals and breaks AnyEvent - will not continue.
# Looks like your test exited with 1 before it could output anything.
t/00use.t ........... 
Dubious, test returned 1 (wstat 256, 0x100)
Failed 1/1 subtests 
2018-02-19 22:16:07.000000 -0300 fatal AnyEvent: IO::Async::Loop::AnyEvent detected - that module is broken by
2018-02-19 22:16:07.000000 -0300 + design, abuses internals and breaks AnyEvent - will not continue.
t/01loop-io.t ....... 
Dubious, test returned 1 (wstat 256, 0x100)
No subtests run 
2018-02-19 22:16:07.000000 -0300 fatal AnyEvent: IO::Async::Loop::AnyEvent detected - that module is broken by
2018-02-19 22:16:07.000000 -0300 + design, abuses internals and breaks AnyEvent - will not continue.
t/02loop-timer.t .... 
Dubious, test returned 1 (wstat 256, 0x100)
No subtests run 
2018-02-19 22:16:07.000000 -0300 fatal AnyEvent: IO::Async::Loop::AnyEvent detected - that module is broken by
2018-02-19 22:16:07.000000 -0300 + design, abuses internals and breaks AnyEvent - will not continue.
t/03loop-signal.t ... 
Dubious, test returned 1 (wstat 256, 0x100)
No subtests run 
t/04loop-idle.t ..... skipped: No AnyEvent::Impl::Glib
2018-02-19 22:16:08.000000 -0300 fatal AnyEvent: IO::Async::Loop::AnyEvent detected - that module is broken by
2018-02-19 22:16:08.000000 -0300 + design, abuses internals and breaks AnyEvent - will not continue.
t/05loop-child.t .... 
Dubious, test returned 1 (wstat 256, 0x100)
No subtests run 
2018-02-19 22:16:08.000000 -0300 fatal AnyEvent: IO::Async::Loop::AnyEvent detected - that module is broken by
2018-02-19 22:16:08.000000 -0300 + design, abuses internals and breaks AnyEvent - will not continue.
# Looks like your test exited with 1 before it could output anything.
t/06loop-control.t .. 
Dubious, test returned 1 (wstat 256, 0x100)
Failed 12/12 subtests 
2018-02-19 22:16:08.000000 -0300 fatal AnyEvent: IO::Async::Loop::AnyEvent detected - that module is broken by
2018-02-19 22:16:08.000000 -0300 + design, abuses internals and breaks AnyEvent - will not continue.
# Looks like your test exited with 1 before it could output anything.
t/11share-io.t ...... 
Dubious, test returned 1 (wstat 256, 0x100)
Failed 2/2 subtests 
2018-02-19 22:16:08.000000 -0300 fatal AnyEvent: IO::Async::Loop::AnyEvent detected - that module is broken by
2018-02-19 22:16:08.000000 -0300 + design, abuses internals and breaks AnyEvent - will not continue.
# Looks like your test exited with 1 before it could output anything.
t/12share-timer.t ... 
Dubious, test returned 1 (wstat 256, 0x100)
Failed 2/2 subtests 
2018-02-19 22:16:08.000000 -0300 fatal AnyEvent: IO::Async::Loop::AnyEvent detected - that module is broken by
2018-02-19 22:16:08.000000 -0300 + design, abuses internals and breaks AnyEvent - will not continue.
# Looks like your test exited with 1 before it could output anything.
t/13share-signal.t .. 
Dubious, test returned 1 (wstat 256, 0x100)
Failed 2/2 subtests 
2018-02-19 22:16:08.000000 -0300 fatal AnyEvent: IO::Async::Loop::AnyEvent detected - that module is broken by
2018-02-19 22:16:08.000000 -0300 + design, abuses internals and breaks AnyEvent - will not continue.
# Looks like your test exited with 1 before it could output anything.
t/15share-child.t ... 
Dubious, test returned 1 (wstat 256, 0x100)
Failed 2/2 subtests 
t/99pod.t ........... ok

Test Summary Report
-------------------
t/00use.t         (Wstat: 256 Tests: 0 Failed: 0)
  Non-zero exit status: 1
  Parse errors: Bad plan.  You planned 1 tests but ran 0.
t/01loop-io.t     (Wstat: 256 Tests: 0 Failed: 0)
  Non-zero exit status: 1
  Parse errors: No plan found in TAP output
t/02loop-timer.t  (Wstat: 256 Tests: 0 Failed: 0)
  Non-zero exit status: 1
  Parse errors: No plan found in TAP output
t/03loop-signal.t (Wstat: 256 Tests: 0 Failed: 0)
  Non-zero exit status: 1
  Parse errors: No plan found in TAP output
t/05loop-child.t  (Wstat: 256 Tests: 0 Failed: 0)
  Non-zero exit status: 1
  Parse errors: No plan found in TAP output
t/06loop-control.t (Wstat: 256 Tests: 0 Failed: 0)
  Non-zero exit status: 1
  Parse errors: Bad plan.  You planned 12 tests but ran 0.
t/11share-io.t    (Wstat: 256 Tests: 0 Failed: 0)
  Non-zero exit status: 1
  Parse errors: Bad plan.  You planned 2 tests but ran 0.
t/12share-timer.t (Wstat: 256 Tests: 0 Failed: 0)
  Non-zero exit status: 1
  Parse errors: Bad plan.  You planned 2 tests but ran 0.
t/13share-signal.t (Wstat: 256 Tests: 0 Failed: 0)
  Non-zero exit status: 1
  Parse errors: Bad plan.  You planned 2 tests but ran 0.
t/15share-child.t (Wstat: 256 Tests: 0 Failed: 0)
  Non-zero exit status: 1
  Parse errors: Bad plan.  You planned 2 tests but ran 0.
Files=12, Tests=1,  1 wallclock secs ( 0.05 usr  0.11 sys +  1.08 cusr  0.25 csys =  1.49 CPU)
Result: FAIL
Failed 10/12 test programs. 0/1 subtests failed.

------------------------------
PREREQUISITES
------------------------------

Prerequisite modules loaded:

requires:

    Module               Need Have    
    -------------------- ---- --------
    AnyEvent             0    7.14    
    IO::Async            0.24 0.71    

build_requires:

    Module               Need Have    
    -------------------- ---- --------
    IO::Async::LoopTests 0.43 0.71    
    Test::More           0    1.302122


------------------------------
ENVIRONMENT AND OTHER CONTEXT
------------------------------

Environment variables:

    AUTOMATED_TESTING = 1
    DBD_MYSQL_TESTDB = test
    DBD_MYSQL_TESTHOST = localhost
    DBD_MYSQL_TESTPASSWORD = 
    DBD_MYSQL_TESTPORT = 3306
    DBD_MYSQL_TESTUSER = goku
    EXTENDED_TESTING = 1
    PATH = /home/goku/perl5/perlbrew/bin:/home/goku/perl5/perlbrew/perls/perl-5.24.3/bin:/home/goku/bin:/usr/bin:/bin:/usr/sbin:/sbin:/usr/X11R6/bin:/usr/local/bin:/usr/local/sbin
    PERL5LIB = 
    PERL5OPT = 
    PERL5_CPANPLUS_IS_RUNNING = 85573
    PERL5_CPAN_IS_RUNNING = 85573
    PERL5_CPAN_IS_RUNNING_IN_RECURSION = 72512,85573
    PERLBREW_HOME = /home/goku/.perlbrew
    PERLBREW_MANPATH = /home/goku/perl5/perlbrew/perls/perl-5.24.3/man
    PERLBREW_PATH = /home/goku/perl5/perlbrew/bin:/home/goku/perl5/perlbrew/perls/perl-5.24.3/bin
    PERLBREW_PERL = perl-5.24.3
    PERLBREW_ROOT = /home/goku/perl5/perlbrew
    PERLBREW_SHELLRC_VERSION = 0.82
    PERLBREW_VERSION = 0.82
    PERL_CR_SMOKER_CURRENT = IO-Async-Loop-AnyEvent2-ElectricBoogaloo-0.003
    PERL_EXTUTILS_AUTOINSTALL = --defaultdeps
    PERL_MM_USE_DEFAULT = 1
    PERL_USE_UNSAFE_INC = 1
    SHELL = /usr/local/bin/bash
    TERM = xterm

Perl special variables (and OS-specific diagnostics, for MSWin32):

    $^X = /home/goku/perl5/perlbrew/perls/perl-5.24.3/bin/perl
    $UID/$EUID = 1001 / 1001
    $GID = 998 998 1001
    $EGID = 998 998 1001

Perl module toolchain versions installed:

    Module              Have    
    ------------------- --------
    CPAN                2.20    
    CPAN::Meta          2.150010
    Cwd                 3.63_01 
    ExtUtils::CBuilder  0.280230
    ExtUtils::Command   7.31_08 
    ExtUtils::Install   2.14    
    ExtUtils::MakeMaker 7.31_08 
    ExtUtils::Manifest  1.70    
    ExtUtils::ParseXS   3.35    
    File::Spec          3.63_01 
    JSON                2.97001 
    JSON::PP            2.97001 
    Module::Build       0.42_26 
    Module::Signature   n/a     
    Parse::CPAN::Meta   2.150010
    Test::Harness       3.40_01 
    Test::More          1.302122
    YAML                1.24    
    YAML::Syck          1.30    
    version             0.9918  


--

Summary of my perl5 (revision 5 version 24 subversion 3) configuration:
   
  Platform:
    osname=openbsd, osvers=6.2, archname=OpenBSD.amd64-openbsd
    uname='openbsd cpan-smoker-openbsd 6.2 generic.mp#134 amd64 '
    config_args='-de -Dprefix=/home/goku/perl5/perlbrew/perls/perl-5.24.3 -Aeval:scriptdir=/home/goku/perl5/perlbrew/perls/perl-5.24.3/bin'
    hint=recommended, useposix=true, d_sigaction=define
    useithreads=undef, usemultiplicity=undef
    use64bitint=define, use64bitall=define, uselongdouble=undef
    usemymalloc=n, bincompat5005=undef
  Compiler:
    cc='cc', ccflags ='-fno-strict-aliasing -pipe -fstack-protector-strong -I/usr/local/include -D_FORTIFY_SOURCE=2',
    optimize='-O2',
    cppflags='-fno-strict-aliasing -pipe -fstack-protector-strong -I/usr/local/include'
    ccversion='', gccversion='4.2.1 Compatible OpenBSD Clang 4.0.0 (tags/RELEASE_400/final)', gccosandvers=''
    intsize=4, longsize=8, ptrsize=8, doublesize=8, byteorder=12345678, doublekind=3
    d_longlong=define, longlongsize=8, d_longdbl=define, longdblsize=16, longdblkind=3
    ivtype='long', ivsize=8, nvtype='double', nvsize=8, Off_t='off_t', lseeksize=8
    alignbytes=8, prototype=define
  Linker and Libraries:
    ld='cc', ldflags ='-Wl,-E  -fstack-protector-strong -L/usr/local/lib'
    libpth=/usr/lib /usr/local/lib
    libs=-lpthread -lm -lutil -lc
    perllibs=-lpthread -lm -lutil -lc
    libc=/usr/lib/libc.so.90.0, so=so, useshrplib=false, libperl=libperl.a
    gnulibc_version=''
  Dynamic Linking:
    dlsrc=dl_dlopen.xs, dlext=so, d_dlsymun=undef, ccdlflags=' '
    cccdlflags='-DPIC -fPIC ', lddlflags='-shared -fPIC  -L/usr/local/lib -fstack-protector-strong'


Characteristics of this binary (from libperl): 
  Compile-time options: HAS_TIMES PERLIO_LAYERS PERL_COPY_ON_WRITE
                        PERL_DONT_CREATE_GVSV
                        PERL_HASH_FUNC_ONE_AT_A_TIME_HARD PERL_MALLOC_WRAP
                        PERL_PRESERVE_IVUV USE_64_BIT_ALL USE_64_BIT_INT
                        USE_LARGE_FILES USE_LOCALE USE_LOCALE_COLLATE
                        USE_LOCALE_CTYPE USE_LOCALE_NUMERIC USE_LOCALE_TIME
                        USE_PERLIO USE_PERL_ATOF
  Locally applied patches:
	Devel::PatchPerl 1.48
  Built under openbsd
  Compiled at Feb 15 2018 18:16:36
  %ENV:
    PERL5LIB=""
    PERL5OPT=""
    PERL5_CPANPLUS_IS_RUNNING="85573"
    PERL5_CPAN_IS_RUNNING="85573"
    PERL5_CPAN_IS_RUNNING_IN_RECURSION="72512,85573"
    PERLBREW_HOME="/home/goku/.perlbrew"
    PERLBREW_MANPATH="/home/goku/perl5/perlbrew/perls/perl-5.24.3/man"
    PERLBREW_PATH="/home/goku/perl5/perlbrew/bin:/home/goku/perl5/perlbrew/perls/perl-5.24.3/bin"
    PERLBREW_PERL="perl-5.24.3"
    PERLBREW_ROOT="/home/goku/perl5/perlbrew"
    PERLBREW_SHELLRC_VERSION="0.82"
    PERLBREW_VERSION="0.82"
    PERL_CR_SMOKER_CURRENT="IO-Async-Loop-AnyEvent2-ElectricBoogaloo-0.003"
    PERL_EXTUTILS_AUTOINSTALL="--defaultdeps"
    PERL_MM_USE_DEFAULT="1"
    PERL_USE_UNSAFE_INC="1"
  @INC:
    /home/goku/perl5/perlbrew/perls/perl-5.24.3/lib/site_perl/5.24.3/OpenBSD.amd64-openbsd
    /home/goku/perl5/perlbrew/perls/perl-5.24.3/lib/site_perl/5.24.3
    /home/goku/perl5/perlbrew/perls/perl-5.24.3/lib/5.24.3/OpenBSD.amd64-openbsd
    /home/goku/perl5/perlbrew/perls/perl-5.24.3/lib/5.24.3
    .