Report for HTML-Format-2.09

Back
From: metabase:user:32904986-c427-11df-a07f-b497e104d833
Subject: FAIL HTML-Format-2.09 v5.8.0 GNU/Linux
Date: 2011-07-16T19:34:34Z

This distribution has been tested as part of the CPAN Testers
project, supporting the Perl programming language.  See
http://wiki.cpantesters.org/ for more information or email
questions to cpan-testers-discuss@perl.org


--
Dear Nigel Metheringham,

This is a computer-generated report for HTML-Format-2.09
on perl 5.8.0, created by CPAN-Reporter-1.1803.

Thank you for uploading your work to CPAN.  However, there was a problem
testing your distribution.

If you think this report is invalid, please consult the CPAN Testers Wiki
for suggestions on how to avoid getting FAIL reports for missing library
or binary dependencies, unsupported operating systems, and so on:

http://wiki.cpantesters.org/wiki/CPANAuthorNotes

Sections of this report:

    * Tester comments
    * Program output
    * Prerequisites
    * Environment and other context

------------------------------
TESTER COMMENTS
------------------------------

Additional comments from tester:

none provided

------------------------------
PROGRAM OUTPUT
------------------------------

Output from './Build test':

t/00-compile.t ............... ok
# Testing with Perl 5.008, /usr/bin/perl
#     Carp version is 1.01
#     Data::Dumper version is 2.131
#     Encode version is 2.33
#     English version is 1.00
#     File::Find version is 1.04
#     File::Slurp version is 9999.19
#     File::Spec version is 3.33
#     File::Temp version is 0.22
#     Font::Metrics::Courier version is undefined
#     Font::Metrics::CourierBold version is undefined
#     Font::Metrics::CourierBoldOblique version is undefined
#     Font::Metrics::CourierOblique version is undefined
#     Font::Metrics::Helvetica version is undefined
#     Font::Metrics::HelveticaBold version is undefined
#     Font::Metrics::HelveticaBoldOblique version is undefined
#     Font::Metrics::HelveticaOblique version is undefined
#     Font::Metrics::TimesBold version is undefined
#     Font::Metrics::TimesBoldItalic version is undefined
#     Font::Metrics::TimesItalic version is undefined
#     Font::Metrics::TimesRoman version is undefined
#     HTML::Element version is 4.2
#     HTML::TreeBuilder version is 4.2
#     IO::File version is 1.14
#     Module::Build version is 0.38
#     Scalar::Util version is 1.23
#     Test::More version is 0.96
#     bytes version is 1.00
#     integer version is 1.00
#     utf8 version is 1.00
t/000-report-versions.t ...... ok
Undefined subroutine utf8::is_utf8 called at /root/.cpan/build/HTML-Format-2.09-nc19ms/blib/lib/HTML/FormatPS.pm line 688
    # Child (Testing file handling for t/data/in/test.html) exited without calling finalize()

#   Failed test 'Testing file handling for t/data/in/test.html'
#   at t/01_ps.t line 0.
# Tests were run but no plan was declared and done_testing() was not seen.
t/01_ps.t .................... 
Dubious, test returned 255 (wstat 65280, 0xff00)
Failed 1/3 subtests 
t/02_rtf.t ................... ok
t/03_text.t .................. ok
t/author-critic.t ............ skipped: these tests are for testing by the author
t/release-dist-manifest.t .... skipped: these tests are for release candidate testing
t/release-distmeta.t ......... skipped: these tests are for release candidate testing
t/release-eol.t .............. skipped: these tests are for release candidate testing
t/release-has-version.t ...... skipped: these tests are for release candidate testing
t/release-minimum-version.t .. skipped: these tests are for release candidate testing
t/release-no-tabs.t .......... skipped: these tests are for release candidate testing
t/release-pod-spell.t ........ skipped: these tests are for release candidate testing
t/release-pod-syntax.t ....... skipped: these tests are for release candidate testing
t/release-portability.t ...... skipped: these tests are for release candidate testing
t/release-synopsis.t ......... skipped: these tests are for release candidate testing
t/release-unused-vars.t ...... skipped: these tests are for release candidate testing
Undefined subroutine utf8::is_utf8 called at /root/.cpan/build/HTML-Format-2.09-nc19ms/blib/lib/HTML/FormatPS.pm line 688
    # Child (Checking “ -> left double quote) exited without calling finalize()

#   Failed test 'Checking “ -> left double quote'
#   at t/rt69426.t line 0.
# Tests were run but no plan was declared and done_testing() was not seen.
t/rt69426.t .................. 
Dubious, test returned 255 (wstat 65280, 0xff00)
Failed 1/3 subtests 

Test Summary Report
-------------------
t/01_ps.t                  (Wstat: 65280 Tests: 3 Failed: 1)
  Failed test:  3
  Non-zero exit status: 255
  Parse errors: No plan found in TAP output
t/rt69426.t                (Wstat: 65280 Tests: 3 Failed: 1)
  Failed test:  3
  Non-zero exit status: 255
  Parse errors: No plan found in TAP output
Files=18, Tests=46,  2 wallclock secs ( 0.16 usr  0.05 sys +  2.05 cusr  0.29 csys =  2.55 CPU)
Result: FAIL
Failed 2/18 test programs. 2/46 subtests failed.

------------------------------
PREREQUISITES
------------------------------

Prerequisite modules loaded:

requires:

    Module                              Need   Have   
    ----------------------------------- ------ -------
    Carp                                0      1.01   
    Data::Dumper                        0      2.131  
    Encode                              0      2.33   
    Font::Metrics::Courier              0      0      
    Font::Metrics::CourierBold          0      0      
    Font::Metrics::CourierBoldOblique   0      0      
    Font::Metrics::CourierOblique       0      0      
    Font::Metrics::Helvetica            0      0      
    Font::Metrics::HelveticaBold        0      0      
    Font::Metrics::HelveticaBoldOblique 0      0      
    Font::Metrics::HelveticaOblique     0      0      
    Font::Metrics::TimesBold            0      0      
    Font::Metrics::TimesBoldItalic      0      0      
    Font::Metrics::TimesItalic          0      0      
    Font::Metrics::TimesRoman           0      0      
    HTML::Element                       3.15   4.2    
    HTML::TreeBuilder                   0      4.2    
    integer                             0      1.00   
    IO::File                            0      1.14   
    perl                                5.008  5.008  
    utf8                                0      1.00   

build_requires:

    Module                              Need   Have   
    ----------------------------------- ------ -------
    bytes                               0      1.00   
    English                             0      1.00   
    File::Find                          0      1.04   
    File::Slurp                         0      9999.19
    File::Spec                          0      3.33   
    File::Temp                          0      0.22   
    Module::Build                       0.3601 0.3800 
    Scalar::Util                        0      1.23   
    Test::More                          0.96   0.96   

configure_requires:

    Module                              Need   Have   
    ----------------------------------- ------ -------
    Module::Build                       0.3601 0.3800 


------------------------------
ENVIRONMENT AND OTHER CONTEXT
------------------------------

Environment variables:

    LANG = C
    LC_ALL = C
    LC_COLLATE = POSIX
    PATH = /usr/kerberos/sbin:/usr/kerberos/bin:/usr/local/sbin:/usr/local/bin:/sbin:/bin:/usr/sbin:/usr/bin
    PERL5LIB = 
    PERL5OPT = 
    PERL5_CPANPLUS_IS_RUNNING = 18136
    PERL5_CPAN_IS_RUNNING = 18136
    SHELL = /bin/bash
    TERM = xterm

Perl special variables (and OS-specific diagnostics, for MSWin32):

    $^X = /usr/bin/perl
    $UID/$EUID = 0 / 0
    $GID = 0 10 6 4 3 2 1 0
    $EGID = 0 10 6 4 3 2 1 0

Perl module toolchain versions installed:

    Module              Have    
    ------------------- --------
    CPAN                1.9600  
    Cwd                 3.33    
    ExtUtils::CBuilder  0.280202
    ExtUtils::Command   1.17    
    ExtUtils::Install   1.54    
    ExtUtils::MakeMaker 6.58    
    ExtUtils::Manifest  1.58    
    ExtUtils::ParseXS   2.2206  
    File::Spec          3.33    
    Module::Build       0.3800  
    Module::Signature   0.68    
    Test::Harness       3.23    
    Test::More          0.96    
    YAML                0.68    
    YAML::Syck          1.17    
    version             0.91    


--

Summary of my perl5 (revision 5.0 version 8 subversion 0) configuration:
  Platform:
    osname=linux, osvers=2.6.9-22.18.bz155725.elsmp, archname=i386-linux-thread-multi
    uname='linux hs20-bc1-4.build.redhat.com 2.6.9-22.18.bz155725.elsmp #1 smp thu nov 17 15:34:08 est 2005 i686 i686 i386 gnulinux '
    config_args='-des -Doptimize=-O2 -g -pipe -march=i386 -mcpu=i686 -Dmyhostname=localhost -Dperladmin=root@localhost -Dcc=gcc -Dcf_by=Red Hat, Inc. -Dinstallprefix=/usr -Dprefix=/usr -Darchname=i386-linux -Dvendorprefix=/usr -Dsiteprefix=/usr -Dotherlibdirs=/usr/lib/perl5/5.8.0 -Duseshrplib -Dusethreads -Duseithreads -Duselargefiles -Dd_dosuid -Dd_semctl_semun -Di_db -Ui_ndbm -Di_gdbm -Di_shadow -Di_syslog -Dman3ext=3pm -Duseperlio -Dinstallusrbinperl -Ubincompat5005 -Uversiononly -Dpager=/usr/bin/less -isr'
    hint=recommended, useposix=true, d_sigaction=define
    usethreads=define use5005threads=undef useithreads=define usemultiplicity=define
    useperlio=define d_sfio=undef uselargefiles=define usesocks=undef
    use64bitint=undef use64bitall=undef uselongdouble=undef
    usemymalloc=n, bincompat5005=undef
  Compiler:
    cc='gcc', ccflags ='-D_REENTRANT -D_GNU_SOURCE -DTHREADS_HAVE_PIDS -DDEBUGGING -fno-strict-aliasing -I/usr/local/include -D_LARGEFILE_SOURCE -D_FILE_OFFSET_BITS=64 -I/usr/include/gdbm',
    optimize='-O2 -g -pipe -march=i386 -mcpu=i686',
    cppflags='-D_REENTRANT -D_GNU_SOURCE -DTHREADS_HAVE_PIDS -DDEBUGGING -fno-strict-aliasing -I/usr/local/include -I/usr/include/gdbm'
    ccversion='', gccversion='3.2.3 20030502 (Red Hat Linux 3.2.3-54)', gccosandvers=''
    intsize=4, longsize=4, ptrsize=4, doublesize=8, byteorder=1234
    d_longlong=define, longlongsize=8, d_longdbl=define, longdblsize=12
    ivtype='long', ivsize=4, nvtype='double', nvsize=8, Off_t='off_t', lseeksize=8
    alignbytes=4, prototype=define
  Linker and Libraries:
    ld='gcc', ldflags =' -L/usr/local/lib'
    libpth=/usr/local/lib /lib /usr/lib
    libs=-lnsl -lgdbm -ldb -ldl -lm -lpthread -lc -lcrypt -lutil
    perllibs=-lnsl -ldl -lm -lpthread -lc -lcrypt -lutil
    libc=/lib/libc-2.3.2.so, so=so, useshrplib=true, libperl=libperl.so
    gnulibc_version='2.3.2'
  Dynamic Linking:
    dlsrc=dl_dlopen.xs, dlext=so, d_dlsymun=undef, ccdlflags='-rdynamic -Wl,-rpath,/usr/lib/perl5/5.8.0/i386-linux-thread-multi/CORE'
    cccdlflags='-fPIC', lddlflags='-shared -L/usr/local/lib'


Characteristics of this binary (from libperl): 
  Compile-time options: DEBUGGING MULTIPLICITY USE_ITHREADS USE_LARGE_FILES PERL_IMPLICIT_CONTEXT
  Locally applied patches:
  	MAINT18379
  Built under linux
  Compiled at May 19 2006 18:46:50
  %ENV:
    PERL5LIB=""
    PERL5OPT=""
    PERL5_CPANPLUS_IS_RUNNING="18136"
    PERL5_CPAN_IS_RUNNING="18136"
  @INC:
    /usr/lib/perl5/5.8.0/i386-linux-thread-multi
    /usr/lib/perl5/5.8.0
    /usr/lib/perl5/site_perl/5.8.0/i386-linux-thread-multi
    /usr/lib/perl5/site_perl/5.8.0
    /usr/lib/perl5/site_perl
    /usr/lib/perl5/vendor_perl/5.8.0/i386-linux-thread-multi
    /usr/lib/perl5/vendor_perl/5.8.0
    /usr/lib/perl5/vendor_perl
    /usr/lib/perl5/5.8.0/i386-linux-thread-multi
    /usr/lib/perl5/5.8.0
    .