Test-TCP v2.21 Perl 5 v5.20.3 amd64-freebsd-thread-multi
- Status
- Fail
- From
- Chris Williams (BINGOS)
- Dist
-
Test-TCP v2.21
- Platform
- Perl 5 v5.20.3 amd64-freebsd-thread-multi
- Date
- 2019-10-03 16:55:42
- ID
- a2cfe21c-e5fe-11e9-9066-e374b0ba08e8
This distribution has been tested as part of the CPAN Testers
project, supporting the Perl programming language. See
http://wiki.cpantesters.org/ for more information or email
questions to cpan-testers-discuss@perl.org
--
Dear Kazuho Oku,
This is a computer-generated error report created automatically by
CPANPLUS, version 0.9178. Testers personal comments may appear
at the end of this report.
Thank you for uploading your work to CPAN. However, it appears that
there were some problems testing your distribution.
TEST RESULTS:
Below is the error stack from stage 'make test':
PERL_DL_NONLAZY=1 "/usr/home/cpan/pit/thr/perl-5.20.3/bin/perl" "-MExtUtils::Command::MM" "-MTest::Harness" "-e" "undef *Test::Harness::Switches; test_harness(0, 'blib/lib', 'blib/arch')" t/*.t
# Test::More: 1.302168
t/00_compile.t ................. ok
t/01_simple.t .................. ok
# your server received SIGABRT
t/02_abrt.t .................... ok
t/03_return_when_sigterm.t ..... ok
t/04_die.t ..................... ok
# $Config{sig_name}: ZERO HUP INT QUIT ILL TRAP ABRT EMT FPE KILL BUS SEGV SYS PIPE ALRM TERM URG STOP TSTP CONT CHLD TTIN TTOU IO XCPU XFSZ VTALRM PROF WINCH INFO USR1 USR2 IOT THR
# CHILD_ERROR_NATIVE: 2
# $?: 2
t/05_sigint.t .................. ok
t/06_nest.t .................... ok
t/07_optional.t ................ ok
t/08_exit.t .................... ok
t/09_fork.t .................... ok
t/10_oo.t ...................... ok
# found an empty IPv6 port
t/11_net_empty_port.t ..........
Dubious, test returned 1 (wstat 256, 0x100)
Failed 1/16 subtests
# Failed test 'port is up'
# at t/11_net_empty_port.t line 94.
# Looks like you failed 1 test of 2.
# Failed test 'udp-wait-port'
# at t/11_net_empty_port.t line 95.
# Looks like you failed 1 test of 16.
t/12_pass_wait_port_options.t .. ok
t/13_undef_port.t .............. ok
t/14_listen.t .................. ok
Test Summary Report
-------------------
t/11_net_empty_port.t (Wstat: 256 Tests: 16 Failed: 1)
Failed test: 16
Non-zero exit status: 1
Files=15, Tests=149, 32 wallclock secs ( 0.10 usr 0.06 sys + 2.70 cusr 1.70 csys = 4.57 CPU)
Result: FAIL
Failed 1/15 test programs. 1/149 subtests failed.
*** Error code 255
Stop.
make: stopped in /usr/home/cpan/pit/thr/conf/perl-5.20.3/.cpanplus/5.20.3/build/hwT_6V4LTs/Test-TCP-2.21
PREREQUISITES:
Here is a list of prerequisites you specified and versions we
managed to load:
Module Name Have Want
File::Temp 0.2309 0
IO::Socket::INET 1.35 0
IO::Socket::IP 0.29 0
Socket 2.013 0
Test::More 1.302168 0
Test::SharedFork 0.35 0.29
Time::HiRes 1.9726 0
Perl module toolchain versions installed:
Module Name Have
CPANPLUS 0.9178
CPANPLUS::Dist::Build 0.90
Cwd 3.75
ExtUtils::CBuilder 0.280231
ExtUtils::Command 7.38
ExtUtils::Install 2.14
ExtUtils::MakeMaker 7.38
ExtUtils::Manifest 1.72
ExtUtils::ParseXS 3.35
File::Spec 3.75
Module::Build 0.4229
Pod::Parser 1.62
Pod::Simple 3.28
Test2 1.302168
Test::Harness 3.42
Test::More 1.302168
version 0.9924
******************************** NOTE ********************************
The comments above are created mechanically, possibly without manual
checking by the sender. As there are many people performing automatic
tests on each upload to CPAN, it is likely that you will receive
identical messages about the same problem.
If you believe that the message is mistaken, please reply to the first
one with correction and/or additional informations, and do not take
it personally. We appreciate your patience. :)
**********************************************************************
Additional comments:
This report was machine-generated by CPANPLUS::Dist::YACSmoke 1.08.
Powered by minismokebox version 0.68
CPANPLUS is prefering Build.PL
------------------------------
ENVIRONMENT AND OTHER CONTEXT
------------------------------
Environment variables:
AUTOMATED_TESTING = 1
NONINTERACTIVE_TESTING = 1
PATH = /sbin:/bin:/usr/sbin:/usr/bin:/usr/local/sbin:/usr/local/bin:/home/cpan/bin
PERL5LIB = /usr/home/cpan/pit/jail/hgWP34WrW4/lib/perl5:/usr/home/cpan/pit/thr/conf/perl-5.20.3/.cpanplus/5.20.3/build/hwT_6V4LTs/Test-TCP-2.21/blib/lib:/usr/home/cpan/pit/thr/conf/perl-5.20.3/.cpanplus/5.20.3/build/hwT_6V4LTs/Test-TCP-2.21/blib/arch
PERL5_CPANPLUS_IS_RUNNING = 91105
PERL5_CPANPLUS_IS_VERSION = 0.9178
PERL5_MINISMOKEBOX = 0.68
PERL5_YACSMOKE_BASE = /usr/home/cpan/pit/thr/conf/perl-5.20.3
PERL_EXTUTILS_AUTOINSTALL = --defaultdeps
PERL_LOCAL_LIB_ROOT = /usr/home/cpan/pit/jail/hgWP34WrW4
PERL_MB_OPT = --install_base "/usr/home/cpan/pit/jail/hgWP34WrW4"
PERL_MM_OPT = INSTALL_BASE=/usr/home/cpan/pit/jail/hgWP34WrW4
PERL_MM_USE_DEFAULT = 1
PERL_USE_UNSAFE_INC = 1
SHELL = /usr/local/bin/bash
TERM = screen
Perl special variables (and OS-specific diagnostics, for MSWin32):
Perl: $^X = /usr/home/cpan/pit/thr/perl-5.20.3/bin/perl
UID: $< = 1002
EUID: $> = 1002
GID: $( = 1002 1002
EGID: $) = 1002 1002
-------------------------------
--
Summary of my perl5 (revision 5 version 20 subversion 3) configuration:
Platform:
osname=freebsd, osvers=12.0-release, archname=amd64-freebsd-thread-multi
uname='freebsd fforc 12.0-release freebsd 12.0-release r341666 generic amd64 '
config_args='-des -Dprefix=/usr/home/cpan/pit/thr/perl-5.20.3 -Dusethreads'
hint=recommended, useposix=true, d_sigaction=define
useithreads=define, usemultiplicity=define
use64bitint=define, use64bitall=define, uselongdouble=undef
usemymalloc=n, bincompat5005=undef
Compiler:
cc='cc', ccflags ='-DHAS_FPSETMASK -DHAS_FLOATINGPOINT_H -fno-strict-aliasing -pipe -fstack-protector -I/usr/local/include',
optimize='-O2',
cppflags='-DHAS_FPSETMASK -DHAS_FLOATINGPOINT_H -fno-strict-aliasing -pipe -fstack-protector -I/usr/local/include'
ccversion='', gccversion='4.2.1 Compatible FreeBSD Clang 6.0.1 (tags/RELEASE_601/final 335540)', gccosandvers=''
intsize=4, longsize=8, ptrsize=8, doublesize=8, byteorder=12345678
d_longlong=define, longlongsize=8, d_longdbl=define, longdblsize=16
ivtype='long', ivsize=8, nvtype='double', nvsize=8, Off_t='off_t', lseeksize=8
alignbytes=8, prototype=define
Linker and Libraries:
ld='cc', ldflags ='-pthread -Wl,-E -fstack-protector -L/usr/local/lib'
libpth=/usr/lib /usr/local/lib /usr/lib/clang/6.0.1/lib /usr/lib
libs=-lpthread -lgdbm -ldl -lm -lcrypt -lutil
perllibs=-lpthread -ldl -lm -lcrypt -lutil
libc=, so=so, useshrplib=false, libperl=libperl.a
gnulibc_version=''
Dynamic Linking:
dlsrc=dl_dlopen.xs, dlext=so, d_dlsymun=undef, ccdlflags=' '
cccdlflags='-DPIC -fPIC', lddlflags='-shared -L/usr/local/lib -fstack-protector'
Characteristics of this binary (from libperl):
Compile-time options: HAS_TIMES MULTIPLICITY PERLIO_LAYERS
PERL_DONT_CREATE_GVSV
PERL_HASH_FUNC_ONE_AT_A_TIME_HARD
PERL_IMPLICIT_CONTEXT PERL_MALLOC_WRAP
PERL_NEW_COPY_ON_WRITE PERL_PRESERVE_IVUV
USE_64_BIT_ALL USE_64_BIT_INT USE_ITHREADS
USE_LARGE_FILES USE_LOCALE USE_LOCALE_COLLATE
USE_LOCALE_CTYPE USE_LOCALE_NUMERIC USE_PERLIO
USE_PERL_ATOF USE_REENTRANT_API
Locally applied patches:
Devel::PatchPerl 1.52
Built under freebsd
Compiled at Dec 21 2018 18:08:59
%ENV:
PERL5LIB="/usr/home/cpan/pit/jail/hgWP34WrW4/lib/perl5:/usr/home/cpan/pit/thr/conf/perl-5.20.3/.cpanplus/5.20.3/build/hwT_6V4LTs/Test-TCP-2.21/blib/lib:/usr/home/cpan/pit/thr/conf/perl-5.20.3/.cpanplus/5.20.3/build/hwT_6V4LTs/Test-TCP-2.21/blib/arch"
PERL5_CPANPLUS_IS_RUNNING="91105"
PERL5_CPANPLUS_IS_VERSION="0.9178"
PERL5_MINISMOKEBOX="0.68"
PERL5_YACSMOKE_BASE="/usr/home/cpan/pit/thr/conf/perl-5.20.3"
PERL_EXTUTILS_AUTOINSTALL="--defaultdeps"
PERL_LOCAL_LIB_ROOT="/usr/home/cpan/pit/jail/hgWP34WrW4"
PERL_MB_OPT="--install_base "/usr/home/cpan/pit/jail/hgWP34WrW4""
PERL_MM_OPT="INSTALL_BASE=/usr/home/cpan/pit/jail/hgWP34WrW4"
PERL_MM_USE_DEFAULT="1"
PERL_USE_UNSAFE_INC="1"
@INC:
/usr/home/cpan/pit/jail/hgWP34WrW4/lib/perl5/5.20.3/amd64-freebsd-thread-multi
/usr/home/cpan/pit/jail/hgWP34WrW4/lib/perl5/5.20.3
/usr/home/cpan/pit/jail/hgWP34WrW4/lib/perl5/amd64-freebsd-thread-multi
/usr/home/cpan/pit/jail/hgWP34WrW4/lib/perl5
/usr/home/cpan/pit/thr/conf/perl-5.20.3/.cpanplus/5.20.3/build/hwT_6V4LTs/Test-TCP-2.21/blib/lib
/usr/home/cpan/pit/thr/conf/perl-5.20.3/.cpanplus/5.20.3/build/hwT_6V4LTs/Test-TCP-2.21/blib/arch
/usr/home/cpan/pit/thr/perl-5.20.3/lib/site_perl/5.20.3/amd64-freebsd-thread-multi
/usr/home/cpan/pit/thr/perl-5.20.3/lib/site_perl/5.20.3
/usr/home/cpan/pit/thr/perl-5.20.3/lib/5.20.3/amd64-freebsd-thread-multi
/usr/home/cpan/pit/thr/perl-5.20.3/lib/5.20.3
.