Back
From: metabase:user:31d414ea-2aae-11df-837a-5e0a49663a4f
Subject: FAIL SilverGoldBull-API-0.06_1 v5.22.1 GNU/Linux
Date: 2016-11-28T13:14:47Z
This distribution has been tested as part of the CPAN Testers
project, supporting the Perl programming language. See
http://wiki.cpantesters.org/ for more information or email
questions to cpan-testers-discuss@perl.org
--
Dear Denis Boyun,
This is a computer-generated report for SilverGoldBull-API-0.06_1
on perl 5.22.1, created by CPAN-Reporter-1.2018.
Thank you for uploading your work to CPAN. However, there was a problem
testing your distribution.
If you think this report is invalid, please consult the CPAN Testers Wiki
for suggestions on how to avoid getting FAIL reports for missing library
or binary dependencies, unsupported operating systems, and so on:
http://wiki.cpantesters.org/wiki/CPANAuthorNotes
Sections of this report:
* Tester comments
* Program output
* Prerequisites
* Environment and other context
------------------------------
TESTER COMMENTS
------------------------------
Additional comments from tester:
this report is from an automated smoke testing program
and was not reviewed by a human for accuracy
------------------------------
PROGRAM OUTPUT
------------------------------
Output from './Build test':
# Testing SilverGoldBull::API 0.06, Perl 5.022001, /home/david/cpantesting/perl-5.22.1/bin/perl
t/00-load.t ...................... ok
t/01-get_currency_list.t ......... ok
t/02-get_payment_method_list.t ... ok
t/03-get_shipping_method_list.t .. ok
t/04-get_product_list.t .......... ok
t/05-get_product.t ............... ok
t/06-get_order_list.t ............ ok
t/07-get_order.t ................. ok
t/08-billing_address.t ........... ok
t/09-shipping_address.t .......... ok
t/10-item.t ...................... ok
t/11-create_order.t .............. ok
t/12-quote.t ..................... ok
t/manifest.t ..................... skipped: Author tests not required for installation
# Failed test 'Pod coverage on SilverGoldBull::API'
# at /home/david/cpantesting/perl-5.22.1/lib/site_perl/5.22.1/Test/Pod/Coverage.pm line 133.
# Coverage for SilverGoldBull::API is 90.0%, with 1 naked subroutine:
# BUILD
# Failed test 'Pod coverage on SilverGoldBull::API::ShippingAddress'
# at /home/david/cpantesting/perl-5.22.1/lib/site_perl/5.22.1/Test/Pod/Coverage.pm line 133.
# SilverGoldBull::API::ShippingAddress: couldn't find pod
# Failed test 'Pod coverage on SilverGoldBull::API::Order'
# at /home/david/cpantesting/perl-5.22.1/lib/site_perl/5.22.1/Test/Pod/Coverage.pm line 133.
# SilverGoldBull::API::Order: couldn't find pod
# Failed test 'Pod coverage on SilverGoldBull::API::CommonMethodsRole'
# at /home/david/cpantesting/perl-5.22.1/lib/site_perl/5.22.1/Test/Pod/Coverage.pm line 133.
# SilverGoldBull::API::CommonMethodsRole: couldn't find pod
# Failed test 'Pod coverage on SilverGoldBull::API::Item'
# at /home/david/cpantesting/perl-5.22.1/lib/site_perl/5.22.1/Test/Pod/Coverage.pm line 133.
# SilverGoldBull::API::Item: couldn't find pod
# Failed test 'Pod coverage on SilverGoldBull::API::AddressRole'
# at /home/david/cpantesting/perl-5.22.1/lib/site_perl/5.22.1/Test/Pod/Coverage.pm line 133.
# SilverGoldBull::API::AddressRole: couldn't find pod
# Failed test 'Pod coverage on SilverGoldBull::API::Quote'
# at /home/david/cpantesting/perl-5.22.1/lib/site_perl/5.22.1/Test/Pod/Coverage.pm line 133.
# SilverGoldBull::API::Quote: couldn't find pod
# Failed test 'Pod coverage on SilverGoldBull::API::Response'
# at /home/david/cpantesting/perl-5.22.1/lib/site_perl/5.22.1/Test/Pod/Coverage.pm line 133.
# SilverGoldBull::API::Response: couldn't find pod
# Failed test 'Pod coverage on SilverGoldBull::API::BillingAddress'
# at /home/david/cpantesting/perl-5.22.1/lib/site_perl/5.22.1/Test/Pod/Coverage.pm line 133.
# SilverGoldBull::API::BillingAddress: couldn't find pod
# Failed test 'Pod coverage on SilverGoldBull::API::OrderRole'
# at /home/david/cpantesting/perl-5.22.1/lib/site_perl/5.22.1/Test/Pod/Coverage.pm line 133.
# SilverGoldBull::API::OrderRole: couldn't find pod
# Looks like you failed 10 tests of 10.
t/pod-coverage.t .................
Dubious, test returned 10 (wstat 2560, 0xa00)
Failed 10/10 subtests
t/pod.t .......................... ok
Test Summary Report
-------------------
t/pod-coverage.t (Wstat: 2560 Tests: 10 Failed: 10)
Failed tests: 1-10
Non-zero exit status: 10
Files=16, Tests=80, 5 wallclock secs ( 0.04 usr 0.08 sys + 1.24 cusr 0.17 csys = 1.53 CPU)
Result: FAIL
Failed 1/16 test programs. 10/80 subtests failed.
------------------------------
PREREQUISITES
------------------------------
Prerequisite modules loaded:
requires:
Module Need Have
--------------- ----- --------
HTTP::Headers 6.11 6.11
HTTP::Request 6.11 6.11
IO::Socket::SSL 2.039 2.039
JSON::XS 3.02 3.03
LWP::UserAgent 6.15 6.15
Mouse 0 v2.4.5
Test::Deep 1.124 1.124
URI 1.71 1.71
build_requires:
Module Need Have
--------------- ----- --------
Test::More 0 1.302067
configure_requires:
Module Need Have
--------------- ----- --------
Module::Build 0 0.4220
------------------------------
ENVIRONMENT AND OTHER CONTEXT
------------------------------
Environment variables:
AUTOMATED_TESTING = 1
NONINTERACTIVE_TESTING = 1
PATH = /usr/local/bin:/usr/bin:/bin:/usr/local/games:/usr/games
PERL = 5.22.1
PERL5LIB =
PERL5OPT =
PERL5_CPANPLUS_IS_RUNNING = 29748
PERL5_CPAN_IS_RUNNING = 29748
PERLVER = 5.22.1
PERL_INLINE_DIRECTORY = /home/david/.Inline-5.22.1
PERL_MM_USE_DEFAULT = 1
SHELL = /bin/bash
TERM = screen
Perl special variables (and OS-specific diagnostics, for MSWin32):
$^X = /home/david/cpantesting/perl-5.22.1/bin/perl
$UID/$EUID = 1000 / 1000
$GID = 1000 1000
$EGID = 1000 1000
Perl module toolchain versions installed:
Module Have
------------------- --------
CPAN 2.11
CPAN::Meta 2.150001
Cwd 3.56
ExtUtils::CBuilder 0.280221
ExtUtils::Command 1.20
ExtUtils::Install 2.04
ExtUtils::MakeMaker 7.04_01
ExtUtils::Manifest 1.70
ExtUtils::ParseXS 3.28
File::Spec 3.56
JSON 2.90
JSON::PP 2.27300
Module::Build 0.4220
Module::Signature n/a
Parse::CPAN::Meta 1.4414
Test::Harness 3.35
Test::More 1.302067
YAML 1.18
YAML::Syck n/a
version 0.9917
--
Summary of my perl5 (revision 5 version 22 subversion 1) configuration:
Platform:
osname=linux, osvers=3.16.0-4-amd64, archname=x86_64-linux-thread-multi
uname='linux pigsty.barnyard.co.uk 3.16.0-4-amd64 #1 smp debian 3.16.36-1+deb8u1 (2016-09-03) x86_64 gnulinux '
config_args='-de -Duse64bitall -Dusethreads -Dprefix=/home/david/cpantesting/perl-5.22.1'
hint=recommended, useposix=true, d_sigaction=define
useithreads=define, usemultiplicity=define
use64bitint=define, use64bitall=define, uselongdouble=undef
usemymalloc=n, bincompat5005=undef
Compiler:
cc='cc', ccflags ='-D_REENTRANT -D_GNU_SOURCE -fwrapv -fno-strict-aliasing -pipe -fstack-protector-strong -I/usr/local/include -D_LARGEFILE_SOURCE -D_FILE_OFFSET_BITS=64 -D_FORTIFY_SOURCE=2',
optimize='-O2',
cppflags='-D_REENTRANT -D_GNU_SOURCE -fwrapv -fno-strict-aliasing -pipe -fstack-protector-strong -I/usr/local/include'
ccversion='', gccversion='4.9.2', gccosandvers=''
intsize=4, longsize=8, ptrsize=8, doublesize=8, byteorder=12345678, doublekind=3
d_longlong=define, longlongsize=8, d_longdbl=define, longdblsize=16, longdblkind=3
ivtype='long', ivsize=8, nvtype='double', nvsize=8, Off_t='off_t', lseeksize=8
alignbytes=8, prototype=define
Linker and Libraries:
ld='cc', ldflags =' -fstack-protector-strong -L/usr/local/lib'
libpth=/usr/local/lib /usr/lib/gcc/x86_64-linux-gnu/4.9/include-fixed /usr/include/x86_64-linux-gnu /usr/lib /lib/x86_64-linux-gnu /lib/../lib /usr/lib/x86_64-linux-gnu /usr/lib/../lib /lib
libs=-lpthread -lnsl -ldb -ldl -lm -lcrypt -lutil -lc
perllibs=-lpthread -lnsl -ldl -lm -lcrypt -lutil -lc
libc=libc-2.19.so, so=so, useshrplib=false, libperl=libperl.a
gnulibc_version='2.19'
Dynamic Linking:
dlsrc=dl_dlopen.xs, dlext=so, d_dlsymun=undef, ccdlflags='-Wl,-E'
cccdlflags='-fPIC', lddlflags='-shared -O2 -L/usr/local/lib -fstack-protector-strong'
Characteristics of this binary (from libperl):
Compile-time options: HAS_TIMES MULTIPLICITY PERLIO_LAYERS
PERL_DONT_CREATE_GVSV
PERL_HASH_FUNC_ONE_AT_A_TIME_HARD
PERL_IMPLICIT_CONTEXT PERL_MALLOC_WRAP
PERL_NEW_COPY_ON_WRITE PERL_PRESERVE_IVUV
USE_64_BIT_ALL USE_64_BIT_INT USE_ITHREADS
USE_LARGE_FILES USE_LOCALE USE_LOCALE_COLLATE
USE_LOCALE_CTYPE USE_LOCALE_NUMERIC USE_LOCALE_TIME
USE_PERLIO USE_PERL_ATOF USE_REENTRANT_API
Locally applied patches:
Devel::PatchPerl 1.44
Built under linux
Compiled at Oct 12 2016 16:20:06
%ENV:
PERL="5.22.1"
PERL5LIB=""
PERL5OPT=""
PERL5_CPANPLUS_IS_RUNNING="29748"
PERL5_CPAN_IS_RUNNING="29748"
PERLVER="5.22.1"
PERL_INLINE_DIRECTORY="/home/david/.Inline-5.22.1"
PERL_MM_USE_DEFAULT="1"
@INC:
/home/david/cpantesting/perl-5.22.1/lib/site_perl/5.22.1/x86_64-linux-thread-multi
/home/david/cpantesting/perl-5.22.1/lib/site_perl/5.22.1
/home/david/cpantesting/perl-5.22.1/lib/5.22.1/x86_64-linux-thread-multi
/home/david/cpantesting/perl-5.22.1/lib/5.22.1
.