Report for Module-Info-0.35

Back
From: metabase:user:30f4dfbe-2aae-11df-837a-5e0a49663a4f
Subject: FAIL Module-Info-0.35 v5.21.10 Mac OS X
Date: 2015-05-20T22:00:32Z

This distribution has been tested as part of the CPAN Testers
project, supporting the Perl programming language.  See
http://wiki.cpantesters.org/ for more information or email
questions to cpan-testers-discuss@perl.org


--
Dear Mattia Barbon,

This is a computer-generated report for Module-Info-0.35
on perl 5.21.10, created by CPAN-Reporter-1.2014.

Thank you for uploading your work to CPAN.  However, there was a problem
testing your distribution.

If you think this report is invalid, please consult the CPAN Testers Wiki
for suggestions on how to avoid getting FAIL reports for missing library
or binary dependencies, unsupported operating systems, and so on:

http://wiki.cpantesters.org/wiki/CPANAuthorNotes

Sections of this report:

    * Tester comments
    * Program output
    * Prerequisites
    * Environment and other context

------------------------------
TESTER COMMENTS
------------------------------

Additional comments from tester:

this report is from an automated smoke testing program
and was not reviewed by a human for accuracy

------------------------------
PROGRAM OUTPUT
------------------------------

Output from './Build test':

#     Failed test (t/Module-Info.t at line 82)
#          got: '4'
#     expected: '3'
#     Failed test (t/Module-Info.t at line 83)
#     Structures begin differing at:
#          $got->[3] = 'Subroutine B::OP::parent redefined at blib/lib/B/BUtils.pm line 217.'
#     $expected->[3] = Does not exist
#     Failed test (t/Module-Info.t at line 88)
#          got: '4'
#     expected: '3'
#     Failed test (t/Module-Info.t at line 89)
#          got: undef
#     expected: '0.35'
#     Failed test (t/Module-Info.t at line 185)
#          got: '3'
#     expected: '2'
#     Failed test (t/Module-Info.t at line 186)
#     Failed test (t/Module-Info.t at line 189)
#          got: '3'
#     expected: '2'
#     Failed test (t/Module-Info.t at line 190)
#          got: undef
#     expected: '7.254'
#     Failed test (t/Module-Info.t at line 191)
#          got: 'Illegal division by zero at -e line 1.'
#     expected: undef
# Looks like you failed 9 tests of 59.
t/Module-Info.t .......... 
Dubious, test returned 9 (wstat 2304, 0x900)
Failed 9/59 subtests 
t/n0_die_on_error.t ...... ok
t/n1_modules_required.t .. ok
t/n2_safe.t .............. ok
t/n3_version.t ........... ok
t/zy_pod_coverage.t ...... ok
t/zz_pod.t ............... ok

Test Summary Report
-------------------
t/Module-Info.t        (Wstat: 2304 Tests: 59 Failed: 9)
  Failed tests:  10-13, 43-47
  Non-zero exit status: 9
Files=7, Tests=118,  1 wallclock secs ( 0.03 usr  0.02 sys +  0.97 cusr  0.14 csys =  1.16 CPU)
Result: FAIL
Failed 1/7 test programs. 9/118 subtests failed.

------------------------------
PREREQUISITES
------------------------------

Prerequisite modules loaded:

requires:

    Module        Need Have  
    ------------- ---- ------
    File::Spec    0.08 3.55  

configure_requires:

    Module        Need Have  
    ------------- ---- ------
    Module::Build 0.40 0.4211


------------------------------
ENVIRONMENT AND OTHER CONTEXT
------------------------------

Environment variables:

    AUTOMATED_TESTING = 1
    LANG = en_US.UTF-8
    LC_ALL = POSIX
    LD_LIBRARY_PATH = :/net/traces01.be-md.ncbi.nlm.nih.gov/trace_software/vdb/mac/release/x86_64/lib
    PATH = /Users/hornenj/perl5/perlbrew/bin:/Users/hornenj/perl5/perlbrew/perls/perl-5.21.10/bin:/Users/hornenj/perl5/perlbrew/bin:/Users/hornenj/perl5/perlbrew/perls/perl-5.14.2/bin:/Users/hornenj/bin:/sw/lib/perl5/ExtUtils:/sw/bin:/am/ncbiapdata/bin:/usr/bin:/bin:/usr/X11R6/bin:/netopt/ncbi_tools/bin:/usr/local/ncbi/blast/bin:/net/traces01.be-md.ncbi.nlm.nih.gov/trace_software/vdb/mac/release/x86_64/bin
    PERL5LIB = /Users/hornenj/.cpan/build/Try-Tiny-ByClass-0.01-DoVxwn/blib/arch:/Users/hornenj/.cpan/build/Try-Tiny-ByClass-0.01-DoVxwn/blib/lib:/Users/hornenj/.cpan/build/Dispatch-Class-0.02-a6FBum/blib/arch:/Users/hornenj/.cpan/build/Dispatch-Class-0.02-a6FBum/blib/lib:/Users/hornenj/.cpan/build/MooX-Aliases-0.001006-1xY5kY/blib/arch:/Users/hornenj/.cpan/build/MooX-Aliases-0.001006-1xY5kY/blib/lib:/Users/hornenj/.cpan/build/strictures-2.000000-GzCYR2/blib/arch:/Users/hornenj/.cpan/build/strictures-2.000000-GzCYR2/blib/lib:/Users/hornenj/.cpan/build/multidimensional-0.011-m1xzjJ/blib/arch:/Users/hornenj/.cpan/build/multidimensional-0.011-m1xzjJ/blib/lib:/Users/hornenj/.cpan/build/bareword-filehandles-0.003-9ddsxn/blib/arch:/Users/hornenj/.cpan/build/bareword-filehandles-0.003-9ddsxn/blib/lib:/Users/hornenj/.cpan/build/Lexical-SealRequireHints-0.009-FieNgL/blib/arch:/Users/hornenj/.cpan/build/Lexical-SealRequireHints-0.009-FieNgL/blib/lib:/Users/hornenj/.cpan/build/B-Hooks-OP-Check-0.19-FvDFq2/blib/arch:/Users/hornenj/.cpan/build/B-Hooks-OP-Check-0.19-FvDFq2/blib/lib:/Users/hornenj/.cpan/build/ExtUtils-Depends-0.404-WlYIi3/blib/arch:/Users/hornenj/.cpan/build/ExtUtils-Depends-0.404-WlYIi3/blib/lib:/Users/hornenj/.cpan/build/indirect-0.35-1LofWm/blib/arch:/Users/hornenj/.cpan/build/indirect-0.35-1LofWm/blib/lib:/Users/hornenj/.cpan/build/IO-Handle-Util-0.01-xb5OWW/blib/arch:/Users/hornenj/.cpan/build/IO-Handle-Util-0.01-xb5OWW/blib/lib:/Users/hornenj/.cpan/build/asa-1.03-DiljlV/blib/arch:/Users/hornenj/.cpan/build/asa-1.03-DiljlV/blib/lib
    PERL5OPT = 
    PERL5_CPANPLUS_IS_RUNNING = 92225
    PERL5_CPAN_IS_RUNNING = 92225
    PERL5_MINISMOKEBOX = 0.58
    PERLBREW_BASHRC_VERSION = 0.73
    PERLBREW_HOME = /Users/hornenj/.perlbrew
    PERLBREW_LIB = 
    PERLBREW_MANPATH = /Users/hornenj/perl5/perlbrew/perls/perl-5.21.10/man
    PERLBREW_PATH = /Users/hornenj/perl5/perlbrew/bin:/Users/hornenj/perl5/perlbrew/perls/perl-5.21.10/bin
    PERLBREW_PERL = perl-5.21.10
    PERLBREW_ROOT = /Users/hornenj/perl5/perlbrew
    PERLBREW_VERSION = 0.73
    PERL_EXTUTILS_AUTOINSTALL = --defaultdeps
    PERL_LOCAL_LIB_ROOT = 
    PERL_MM_USE_DEFAULT = 1
    SHELL = /bin/bash
    TERM = xterm-256color
    TMPDIR = /var/folders/pz/pd7y1qjs6s3cbk170cw50fjc000c61/T/
    VERSIONER_PERL_PREFER_32_BIT = no
    VERSIONER_PERL_VERSION = 5.18
    ac_cv_path_INTLTOOL_PERL = /usr/bin/perl

Perl special variables (and OS-specific diagnostics, for MSWin32):

    $^X = /Users/hornenj/perl5/perlbrew/perls/perl-5.21.10/bin/perl5.21.10
    $UID/$EUID = 12481 / 12481
    $GID = 14 14 5344 37103 527 241
    $EGID = 14 14 5344 37103 527 241

Perl module toolchain versions installed:

    Module              Have    
    ------------------- --------
    CPAN                2.10    
    CPAN::Meta          2.150001
    Cwd                 3.55    
    ExtUtils::CBuilder  0.280221
    ExtUtils::Command   1.20    
    ExtUtils::Install   2.04    
    ExtUtils::MakeMaker 7.04    
    ExtUtils::Manifest  1.70    
    ExtUtils::ParseXS   3.27    
    File::Spec          3.55    
    JSON                2.90    
    JSON::PP            2.27300 
    Module::Build       0.4211  
    Module::Signature   n/a     
    Parse::CPAN::Meta   1.4414  
    Test::Harness       3.35    
    Test::More          1.001014
    YAML                1.15    
    YAML::Syck          1.29    
    version             0.9912  


--

Summary of my perl5 (revision 5 version 21 subversion 10) configuration:
   
  Platform:
    osname=darwin, osvers=14.3.0, archname=darwin-thread-multi-2level
    uname='darwin ncbimac2027.ncbi.nlm.nih.gov 14.3.0 darwin kernel version 14.3.0: mon mar 23 11:59:05 pdt 2015; root:xnu-2782.20.48~5release_x86_64 x86_64 '
    config_args='-de -Dprefix=/Users/hornenj/perl5/perlbrew/perls/perl-5.21.10 -Duseithreads -Dusemultiplicity -Dusedevel -Dusedevel -Accflags=-O2 -W -Wformat=2 -Wswitch -Wshadow -Wwrite-strings -Wuninitialized -Wall -pipe -mtune=native -march=native -fomit-frame-pointer -msse2 -msse -mmmx -pedantic -D_FORTIFY_SOURCE=2 -Wpointer-arith -Wstrict-prototypes -fstack-protector -Wstack-protector -Wextra -Wbad-function-cast -Wcast-align -Wcast-qual -Wdisabled-optimization -Wendif-labels -Wfloat-equal -Wformat-nonliteral -Winline -Wmissing-declarations -Wmissing-prototypes -Wnested-externs -Wpointer-arith -Wundef -Wformat-security -fassociative-math -Acc=cc -Aeval:scriptdir=/Users/hornenj/perl5/perlbrew/perls/perl-5.21.10/bin'
    hint=recommended, useposix=true, d_sigaction=define
    useithreads=define, usemultiplicity=define
    use64bitint=define, use64bitall=define, uselongdouble=undef
    usemymalloc=n, bincompat5005=undef
  Compiler:
    cc=' cc', ccflags ='-fno-common -DPERL_DARWIN -O2 -W -Wformat=2 -Wswitch -Wshadow -Wwrite-strings -Wuninitialized -Wall -pipe -mtune=native -march=native -fomit-frame-pointer -msse2 -msse -mmmx -pedantic -D_FORTIFY_SOURCE=2 -Wpointer-arith -Wstrict-prototypes -fstack-protector -Wstack-protector -Wextra -Wbad-function-cast -Wcast-align -Wcast-qual -Wdisabled-optimization -Wendif-labels -Wfloat-equal -Wformat-nonliteral -Winline -Wmissing-declarations -Wmissing-prototypes -Wnested-externs -Wpointer-arith -Wundef -Wformat-security -fassociative-math -fno-strict-aliasing -I/usr/local/include',
    optimize='-O3',
    cppflags='-fno-common -DPERL_DARWIN -O2 -W -Wformat=2 -Wswitch -Wshadow -Wwrite-strings -Wuninitialized -Wall -pipe -mtune=native -march=native -fomit-frame-pointer -msse2 -msse -mmmx -pedantic -D_FORTIFY_SOURCE=2 -Wpointer-arith -Wstrict-prototypes -fstack-protector -Wstack-protector -Wextra -Wbad-function-cast -Wcast-align -Wcast-qual -Wdisabled-optimization -Wendif-labels -Wfloat-equal -Wformat-nonliteral -Winline -Wmissing-declarations -Wmissing-prototypes -Wnested-externs -Wpointer-arith -Wundef -Wformat-security -fassociative-math -fno-strict-aliasing -I/usr/local/include'
    ccversion='', gccversion='4.2.1 Compatible Apple LLVM 6.0 (clang-600.0.56)', gccosandvers=''
    intsize=4, longsize=8, ptrsize=8, doublesize=8, byteorder=12345678, doublekind=3
    d_longlong=define, longlongsize=8, d_longdbl=define, longdblsize=16, longdblkind=3
    ivtype='long', ivsize=8, nvtype='double', nvsize=8, Off_t='off_t', lseeksize=8
    alignbytes=8, prototype=define
  Linker and Libraries:
    ld='env MACOSX_DEPLOYMENT_TARGET=10.3 cc', ldflags =' -fstack-protector -L/usr/local/lib'
    libpth=/Applications/Xcode.app/Contents/Developer/Toolchains/XcodeDefault.xctoolchain/usr/bin/../lib/clang/6.0/lib /Applications/Xcode.app/Contents/Developer/Toolchains/XcodeDefault.xctoolchain/usr/lib /Applications/Xcode.app/Contents/Developer/Platforms/MacOSX.platform/Developer/SDKs/MacOSX10.10.sdk/usr/lib /usr/local/lib /usr/lib
    libs=-lpthread -ldbm -ldl -lm -lutil -lc
    perllibs=-lpthread -ldl -lm -lutil -lc
    libc=, so=dylib, useshrplib=false, libperl=libperl.a
    gnulibc_version=''
  Dynamic Linking:
    dlsrc=dl_dlopen.xs, dlext=bundle, d_dlsymun=undef, ccdlflags=' '
    cccdlflags=' ', lddlflags=' -bundle -undefined dynamic_lookup -L/usr/local/lib -fstack-protector'


Characteristics of this binary (from libperl): 
  Compile-time options: HAS_TIMES MULTIPLICITY PERLIO_LAYERS
                        PERL_DONT_CREATE_GVSV
                        PERL_HASH_FUNC_ONE_AT_A_TIME_HARD
                        PERL_IMPLICIT_CONTEXT PERL_MALLOC_WRAP
                        PERL_NEW_COPY_ON_WRITE PERL_PRESERVE_IVUV
                        PERL_USE_DEVEL USE_64_BIT_ALL USE_64_BIT_INT
                        USE_ITHREADS USE_LARGE_FILES USE_LOCALE
                        USE_LOCALE_COLLATE USE_LOCALE_CTYPE
                        USE_LOCALE_NUMERIC USE_LOCALE_TIME USE_PERLIO
                        USE_PERL_ATOF USE_REENTRANT_API
  Locally applied patches:
	Devel::PatchPerl 1.30
  Built under darwin
  Compiled at Apr 21 2015 10:50:35
  %ENV:
    PERL5LIB="/Users/hornenj/.cpan/build/Try-Tiny-ByClass-0.01-DoVxwn/blib/arch:/Users/hornenj/.cpan/build/Try-Tiny-ByClass-0.01-DoVxwn/blib/lib:/Users/hornenj/.cpan/build/Dispatch-Class-0.02-a6FBum/blib/arch:/Users/hornenj/.cpan/build/Dispatch-Class-0.02-a6FBum/blib/lib:/Users/hornenj/.cpan/build/MooX-Aliases-0.001006-1xY5kY/blib/arch:/Users/hornenj/.cpan/build/MooX-Aliases-0.001006-1xY5kY/blib/lib:/Users/hornenj/.cpan/build/strictures-2.000000-GzCYR2/blib/arch:/Users/hornenj/.cpan/build/strictures-2.000000-GzCYR2/blib/lib:/Users/hornenj/.cpan/build/multidimensional-0.011-m1xzjJ/blib/arch:/Users/hornenj/.cpan/build/multidimensional-0.011-m1xzjJ/blib/lib:/Users/hornenj/.cpan/build/bareword-filehandles-0.003-9ddsxn/blib/arch:/Users/hornenj/.cpan/build/bareword-filehandles-0.003-9ddsxn/blib/lib:/Users/hornenj/.cpan/build/Lexical-SealRequireHints-0.009-FieNgL/blib/arch:/Users/hornenj/.cpan/build/Lexical-SealRequireHints-0.009-FieNgL/blib/lib:/Users/hornenj/.cpan/build/B-Hooks-OP-Check-0.19-FvDFq2/blib/arch:/Users/hornenj/.cpan/build/B-Hooks-OP-Check-0.19-FvDFq2/blib/lib:/Users/hornenj/.cpan/build/ExtUtils-Depends-0.404-WlYIi3/blib/arch:/Users/hornenj/.cpan/build/ExtUtils-Depends-0.404-WlYIi3/blib/lib:/Users/hornenj/.cpan/build/indirect-0.35-1LofWm/blib/arch:/Users/hornenj/.cpan/build/indirect-0.35-1LofWm/blib/lib:/Users/hornenj/.cpan/build/IO-Handle-Util-0.01-xb5OWW/blib/arch:/Users/hornenj/.cpan/build/IO-Handle-Util-0.01-xb5OWW/blib/lib:/Users/hornenj/.cpan/build/asa-1.03-DiljlV/blib/arch:/Users/hornenj/.cpan/build/asa-1.03-DiljlV/blib/lib"
    PERL5OPT=""
    PERL5_CPANPLUS_IS_RUNNING="92225"
    PERL5_CPAN_IS_RUNNING="92225"
    PERL5_MINISMOKEBOX="0.58"
    PERLBREW_BASHRC_VERSION="0.73"
    PERLBREW_HOME="/Users/hornenj/.perlbrew"
    PERLBREW_LIB=""
    PERLBREW_MANPATH="/Users/hornenj/perl5/perlbrew/perls/perl-5.21.10/man"
    PERLBREW_PATH="/Users/hornenj/perl5/perlbrew/bin:/Users/hornenj/perl5/perlbrew/perls/perl-5.21.10/bin"
    PERLBREW_PERL="perl-5.21.10"
    PERLBREW_ROOT="/Users/hornenj/perl5/perlbrew"
    PERLBREW_VERSION="0.73"
    PERL_EXTUTILS_AUTOINSTALL="--defaultdeps"
    PERL_LOCAL_LIB_ROOT=""
    PERL_MM_USE_DEFAULT="1"
  @INC:
    /Users/hornenj/.cpan/build/Try-Tiny-ByClass-0.01-DoVxwn/blib/arch
    /Users/hornenj/.cpan/build/Try-Tiny-ByClass-0.01-DoVxwn/blib/lib
    /Users/hornenj/.cpan/build/Dispatch-Class-0.02-a6FBum/blib/arch
    /Users/hornenj/.cpan/build/Dispatch-Class-0.02-a6FBum/blib/lib
    /Users/hornenj/.cpan/build/MooX-Aliases-0.001006-1xY5kY/blib/arch
    /Users/hornenj/.cpan/build/MooX-Aliases-0.001006-1xY5kY/blib/lib
    /Users/hornenj/.cpan/build/strictures-2.000000-GzCYR2/blib/arch
    /Users/hornenj/.cpan/build/strictures-2.000000-GzCYR2/blib/lib
    /Users/hornenj/.cpan/build/multidimensional-0.011-m1xzjJ/blib/arch
    /Users/hornenj/.cpan/build/multidimensional-0.011-m1xzjJ/blib/lib
    /Users/hornenj/.cpan/build/bareword-filehandles-0.003-9ddsxn/blib/arch
    /Users/hornenj/.cpan/build/bareword-filehandles-0.003-9ddsxn/blib/lib
    /Users/hornenj/.cpan/build/Lexical-SealRequireHints-0.009-FieNgL/blib/arch
    /Users/hornenj/.cpan/build/Lexical-SealRequireHints-0.009-FieNgL/blib/lib
    /Users/hornenj/.cpan/build/B-Hooks-OP-Check-0.19-FvDFq2/blib/arch
    /Users/hornenj/.cpan/build/B-Hooks-OP-Check-0.19-FvDFq2/blib/lib
    /Users/hornenj/.cpan/build/ExtUtils-Depends-0.404-WlYIi3/blib/arch
    /Users/hornenj/.cpan/build/ExtUtils-Depends-0.404-WlYIi3/blib/lib
    /Users/hornenj/.cpan/build/indirect-0.35-1LofWm/blib/arch
    /Users/hornenj/.cpan/build/indirect-0.35-1LofWm/blib/lib
    /Users/hornenj/.cpan/build/IO-Handle-Util-0.01-xb5OWW/blib/arch
    /Users/hornenj/.cpan/build/IO-Handle-Util-0.01-xb5OWW/blib/lib
    /Users/hornenj/.cpan/build/asa-1.03-DiljlV/blib/arch
    /Users/hornenj/.cpan/build/asa-1.03-DiljlV/blib/lib
    /Users/hornenj/perl5/perlbrew/perls/perl-5.21.10/lib/site_perl/5.21.10/darwin-thread-multi-2level
    /Users/hornenj/perl5/perlbrew/perls/perl-5.21.10/lib/site_perl/5.21.10
    /Users/hornenj/perl5/perlbrew/perls/perl-5.21.10/lib/5.21.10/darwin-thread-multi-2level
    /Users/hornenj/perl5/perlbrew/perls/perl-5.21.10/lib/5.21.10
    .