Report for Test-Harness-FileFilter-0.01

Back
From: metabase:user:9820532a-708b-1014-9a05-b18a96298da1
Subject: FAIL Test-Harness-FileFilter-0.01 v5.14.1 GNU/Linux
Date: 2011-08-02T19:43:03Z

This distribution has been tested as part of the CPAN Testers
project, supporting the Perl programming language.  See
http://wiki.cpantesters.org/ for more information or email
questions to cpan-testers-discuss@perl.org


--
Dear Claes Jakobsson,

This is a computer-generated report for Test-Harness-FileFilter-0.01
on perl 5.14.1, created by CPAN-Reporter-1.1902.

Thank you for uploading your work to CPAN.  However, there was a problem
testing your distribution.

If you think this report is invalid, please consult the CPAN Testers Wiki
for suggestions on how to avoid getting FAIL reports for missing library
or binary dependencies, unsupported operating systems, and so on:

http://wiki.cpantesters.org/wiki/CPANAuthorNotes

Sections of this report:

    * Tester comments
    * Program output
    * Prerequisites
    * Environment and other context

------------------------------
TESTER COMMENTS
------------------------------

Additional comments from tester:

this report is from an automated smoke testing program
and was not reviewed by a human for accuracy

------------------------------
PROGRAM OUTPUT
------------------------------

Output from '/usr/bin/make test':

PERL_DL_NONLAZY=1 /home/test/perl5/perlbrew/perls/perl-5.14.1/bin/perl "-MExtUtils::Command::MM" "-e" "test_harness(0, 'blib/lib', 'blib/arch')" t/*.t
# Testing Test::Harness::FileFilter 0.01, Perl 5.014001, /home/test/perl5/perlbrew/perls/perl-5.14.1/bin/perl
t/00-load.t ....... ok
# Testing HARNESS_IGNORE_FILES
Deep recursion on anonymous subroutine at /home/test/.cpan/build/Test-Harness-FileFilter-0.01-QxBywD/blib/lib/Test/Harness/FileFilter.pm line 41.
Out of memory!
# Looks like you planned 2 tests but ran 1.
# Looks like your test exited with 1 just after 1.
Out of memory!
t/01-ignore.t ..... 
Dubious, test returned 1 (wstat 256, 0x100)
Failed 1/2 subtests 
# Testing HARNESS_ACCEPT_FILES
Deep recursion on anonymous subroutine at /home/test/.cpan/build/Test-Harness-FileFilter-0.01-QxBywD/blib/lib/Test/Harness/FileFilter.pm line 41.
Out of memory!
t/02-accept.t ..... 
Failed 1/2 subtests 
t/pod-coverage.t .. ok
t/pod.t ........... ok

Test Summary Report
-------------------
t/01-ignore.t   (Wstat: 256 Tests: 1 Failed: 0)
  Non-zero exit status: 1
  Parse errors: Bad plan.  You planned 2 tests but ran 1.
t/02-accept.t   (Wstat: 11 Tests: 1 Failed: 0)
  Non-zero wait status: 11
  Parse errors: Bad plan.  You planned 2 tests but ran 1.
Files=5, Tests=5, 38 wallclock secs ( 0.03 usr  0.01 sys + 32.07 cusr  2.34 csys = 34.45 CPU)
Result: FAIL
Failed 2/5 test programs. 0/5 subtests failed.
make: *** [test_dynamic] Error 255

------------------------------
PREREQUISITES
------------------------------

Prerequisite modules loaded:

requires:

    Module              Need Have
    ------------------- ---- ----
    File::Spec          0    3.33
    Test::Harness       0    3.23
    Test::More          0    0.98

build_requires:

    Module              Need Have
    ------------------- ---- ----
    ExtUtils::MakeMaker 0    6.58


------------------------------
ENVIRONMENT AND OTHER CONTEXT
------------------------------

Environment variables:

    AUTOMATED_TESTING = 1
    LANG = C
    LC_ALL = C
    PATH = /home/test/bin:/home/test/perl5/perlbrew/bin:/home/test/perl5/perlbrew/perls/perl-5.14.1/bin:~/bin:/usr/bin:/bin
    PATH_WITHOUT_PERLBREW = ~/bin:/usr/bin:/bin
    PERL5LIB = 
    PERL5OPT = 
    PERL5_CPANPLUS_IS_RUNNING = 30129
    PERL5_CPAN_IS_RUNNING = 30129
    PERL5_CPAN_IS_RUNNING_IN_RECURSION = 30282,30129
    PERLBREW_HOME = /home/test/.perlbrew
    PERLBREW_PATH = /home/test/perl5/perlbrew/bin:/home/test/perl5/perlbrew/perls/perl-5.14.1/bin
    PERLBREW_PERL = perl-5.14.1
    PERLBREW_ROOT = /home/test/perl5/perlbrew
    PERLBREW_VERSION = 0.25
    PERL_CR_SMOKER_CURRENT = Test-Harness-FileFilter-0.01
    PERL_EXTUTILS_AUTOINSTALL = --defaultdeps
    PERL_MM_USE_DEFAULT = 1
    SHELL = /bin/bash
    TERM = linux

Perl special variables (and OS-specific diagnostics, for MSWin32):

    $^X = /home/test/perl5/perlbrew/perls/perl-5.14.1/bin/perl
    $UID/$EUID = 1001 / 1001
    $GID = 1001 1001
    $EGID = 1001 1001

Perl module toolchain versions installed:

    Module              Have    
    ------------------- --------
    CPAN                1.9600  
    Cwd                 3.36    
    ExtUtils::CBuilder  0.280203
    ExtUtils::Command   1.17    
    ExtUtils::Install   1.56    
    ExtUtils::MakeMaker 6.58    
    ExtUtils::Manifest  1.58    
    ExtUtils::ParseXS   2.2210  
    File::Spec          3.33    
    Module::Build       0.3800  
    Module::Signature   0.68    
    Test::Harness       3.23    
    Test::More          0.98    
    YAML                0.73    
    YAML::Syck          1.17    
    version             0.93    


--

Summary of my perl5 (revision 5 version 14 subversion 1) configuration:
   
  Platform:
    osname=linux, osvers=2.6.35-28-generic, archname=x86_64-linux-ld
    uname='linux zippy 2.6.35-28-generic #50-ubuntu smp fri mar 18 18:42:20 utc 2011 x86_64 gnulinux '
    config_args='-de -Dprefix=/home/test/perl5/perlbrew/perls/perl-5.14.1 -Duselongdouble'
    hint=recommended, useposix=true, d_sigaction=define
    useithreads=undef, usemultiplicity=undef
    useperlio=define, d_sfio=undef, uselargefiles=define, usesocks=undef
    use64bitint=define, use64bitall=define, uselongdouble=define
    usemymalloc=n, bincompat5005=undef
  Compiler:
    cc='cc', ccflags ='-fno-strict-aliasing -pipe -fstack-protector -I/usr/local/include -D_LARGEFILE_SOURCE -D_FILE_OFFSET_BITS=64',
    optimize='-O2',
    cppflags='-fno-strict-aliasing -pipe -fstack-protector -I/usr/local/include'
    ccversion='', gccversion='4.4.5', gccosandvers=''
    intsize=4, longsize=8, ptrsize=8, doublesize=8, byteorder=12345678
    d_longlong=define, longlongsize=8, d_longdbl=define, longdblsize=16
    ivtype='long', ivsize=8, nvtype='long double', nvsize=16, Off_t='off_t', lseeksize=8
    alignbytes=16, prototype=define
  Linker and Libraries:
    ld='cc', ldflags =' -fstack-protector -L/usr/local/lib'
    libpth=/usr/local/lib /lib/../lib /usr/lib/../lib /lib /usr/lib /usr/lib/x86_64-linux-gnu /lib64 /usr/lib64
    libs=-lnsl -ldl -lm -lcrypt -lutil -lc
    perllibs=-lnsl -ldl -lm -lcrypt -lutil -lc
    libc=/lib/libc-2.12.1.so, so=so, useshrplib=false, libperl=libperl.a
    gnulibc_version='2.12.1'
  Dynamic Linking:
    dlsrc=dl_dlopen.xs, dlext=so, d_dlsymun=undef, ccdlflags='-Wl,-E'
    cccdlflags='-fPIC', lddlflags='-shared -O2 -L/usr/local/lib -fstack-protector'


Characteristics of this binary (from libperl): 
  Compile-time options: PERL_DONT_CREATE_GVSV PERL_MALLOC_WRAP
                        PERL_PRESERVE_IVUV USE_64_BIT_ALL USE_64_BIT_INT
                        USE_LARGE_FILES USE_LONG_DOUBLE USE_PERLIO
                        USE_PERL_ATOF
  Built under linux
  Compiled at Jul 23 2011 22:20:41
  %ENV:
    PERL5LIB=""
    PERL5OPT=""
    PERL5_CPANPLUS_IS_RUNNING="30129"
    PERL5_CPAN_IS_RUNNING="30129"
    PERL5_CPAN_IS_RUNNING_IN_RECURSION="30282,30129"
    PERLBREW_HOME="/home/test/.perlbrew"
    PERLBREW_PATH="/home/test/perl5/perlbrew/bin:/home/test/perl5/perlbrew/perls/perl-5.14.1/bin"
    PERLBREW_PERL="perl-5.14.1"
    PERLBREW_ROOT="/home/test/perl5/perlbrew"
    PERLBREW_VERSION="0.25"
    PERL_CR_SMOKER_CURRENT="Test-Harness-FileFilter-0.01"
    PERL_EXTUTILS_AUTOINSTALL="--defaultdeps"
    PERL_MM_USE_DEFAULT="1"
  @INC:
    /home/test/perl5/perlbrew/perls/perl-5.14.1/lib/site_perl/5.14.1/x86_64-linux-ld
    /home/test/perl5/perlbrew/perls/perl-5.14.1/lib/site_perl/5.14.1
    /home/test/perl5/perlbrew/perls/perl-5.14.1/lib/5.14.1/x86_64-linux-ld
    /home/test/perl5/perlbrew/perls/perl-5.14.1/lib/5.14.1
    .