CAD-Mesh3D v0.005 Perl 5 v5.22.0 amd64-freebsd

Status
Fail
From
Slaven Rezić
Dist
CAD-Mesh3D v0.005
Platform
Perl 5 v5.22.0 amd64-freebsd
Date
2021-11-24 06:27:46
ID
a33e8c44-4cef-11ec-981c-ad2e1f24ea8f
This distribution has been tested as part of the CPAN Testers
project, supporting the Perl programming language.  See
http://wiki.cpantesters.org/ for more information or email
questions to cpan-testers-discuss@perl.org


--
Dear Peter C. Jones,

This is a computer-generated report for CAD-Mesh3D-0.005
on perl 5.22.0, created by CPAN-Reporter-1.2018.

Thank you for uploading your work to CPAN.  However, there was a problem
testing your distribution.

If you think this report is invalid, please consult the CPAN Testers Wiki
for suggestions on how to avoid getting FAIL reports for missing library
or binary dependencies, unsupported operating systems, and so on:

http://wiki.cpantesters.org/wiki/CPANAuthorNotes

Sections of this report:

    * Tester comments
    * Program output
    * Prerequisites
    * Environment and other context

------------------------------
TESTER COMMENTS
------------------------------

Additional comments from tester:

none provided

------------------------------
PROGRAM OUTPUT
------------------------------

Output from '/usr/bin/make test':

PERL_DL_NONLAZY=1 "/usr/perl5.22.0p/bin/perl" "-MExtUtils::Command::MM" "-MTest::Harness" "-e" "undef *Test::Harness::Switches; test_harness(0, 'blib/lib', 'blib/arch')" t/*.t
t/00-use.t .......... ok
t/10-initialize.t ... ok
t/20-math.t ......... ok
t/40-format.t ....... ok
t/99-fault.t ........ ok
EOF? at /home/cpansand/.cpan/build/2021112401/CAD-Mesh3D-0.005-1/blib/lib/CAD/Mesh3D/FormatSTL.pm line 335.
EOF? at /home/cpansand/.cpan/build/2021112401/CAD-Mesh3D-0.005-1/blib/lib/CAD/Mesh3D/FormatSTL.pm line 335.
EOF? at /home/cpansand/.cpan/build/2021112401/CAD-Mesh3D-0.005-1/blib/lib/CAD/Mesh3D/FormatSTL.pm line 335.
EOF? at /home/cpansand/.cpan/build/2021112401/CAD-Mesh3D-0.005-1/blib/lib/CAD/Mesh3D/FormatSTL.pm line 343.
t/formatstl_load.t .. 
All 31 subtests passed 
t/formatstl_save.t .. ok
t/STL-inputStl.t .... ok
t/STL-outputStl.t ... ok
t/STL-patched.t ..... ok
t/STL-unpatched.t ... ok

Test Summary Report
-------------------
t/formatstl_load.t (Wstat: 9 Tests: 31 Failed: 0)
  Non-zero wait status: 9
  Parse errors: No plan found in TAP output
Files=11, Tests=356, 1807 wallclock secs ( 0.00 usr  0.07 sys +  0.16 cusr  0.65 csys =  0.88 CPU)
Result: FAIL
Failed 1/11 test programs. 0/356 subtests failed.
*** Error code 255

Stop.
make: stopped in /home/cpansand/.cpan/build/2021112401/CAD-Mesh3D-0.005-1

------------------------------
PREREQUISITES
------------------------------

Prerequisite modules loaded:

requires:

    Module              Need     Have    
    ------------------- -------- --------
    CAD::Format::STL    v0.2.1   v0.2.1  
    Carp                0        1.50    
    Exporter            5.57     5.74    
    Math::Vector::Real  0.18     0.18    
    perl                5.010000 5.022000
    strict              0        1.09    
    warnings            0        1.32    

build_requires:

    Module              Need     Have    
    ------------------- -------- --------
    Config              0        5.022000
    constant            0        1.33    
    ExtUtils::MakeMaker 0        7.62    
    strict              0        1.09    
    Test::Exception     0        0.43    
    Test::More          0.86     1.302186
    warnings            0        1.32    

configure_requires:

    Module              Need     Have    
    ------------------- -------- --------
    Config              0        5.022000
    constant            0        1.33    
    ExtUtils::MakeMaker 0        7.62    
    strict              0        1.09    
    Test::Exception     0        0.43    
    Test::More          0.86     1.302186
    warnings            0        1.32    


------------------------------
ENVIRONMENT AND OTHER CONTEXT
------------------------------

Environment variables:

    LC_ALL = de_DE.ISO8859-1
    PATH = /usr/local/bin:/usr/bin:/bin:/usr/local/sbin:/usr/sbin:/sbin:/home/cpansand/bin/freebsd10.3:/home/cpansand/bin/sh:/home/cpansand/bin:/usr/games:/home/cpansand/devel:/home/eserte/src/srezic-misc/scripts
    PERL5LIB = 
    PERL5OPT = 
    PERL5_CPANPLUS_IS_RUNNING = 44794
    PERL5_CPAN_IS_RUNNING = 44794
    PERL5_CPAN_IS_RUNNING_IN_RECURSION = 32715,44794
    PERLDOC = -MPod::Perldoc::ToTextOverstrike
    PERL_BATCH = yes
    PERL_CANARY_STABILITY_NOPROMPT = 1
    PERL_CPAN_REPORTER_CONFIG = /var/tmp/cpansmoker-1023/2021112322/cpanreporter_000_config.ini
    PERL_EXTUTILS_AUTOINSTALL = --defaultdeps
    PERL_USE_UNSAFE_INC = 1
    SHELL = /usr/local/bin/zsh
    TERM = screen
    TMPDIR = /var/tmp/cpansmoker-1023/2021112322

Perl special variables (and OS-specific diagnostics, for MSWin32):

    $^X = /usr/perl5.22.0p/bin/perl
    $UID/$EUID = 1023 / 1023
    $GID = 1023 1023
    $EGID = 1023 1023

Perl module toolchain versions installed:

    Module              Have    
    ------------------- --------
    CPAN                2.28    
    CPAN::Meta          2.150010
    Cwd                 3.75    
    ExtUtils::CBuilder  0.280235
    ExtUtils::Command   7.62    
    ExtUtils::Install   2.20    
    ExtUtils::MakeMaker 7.62    
    ExtUtils::Manifest  1.70    
    ExtUtils::ParseXS   3.35    
    File::Spec          3.75    
    JSON                4.03    
    JSON::PP            4.05    
    Module::Build       0.4229  
    Module::Signature   0.87    
    Parse::CPAN::Meta   2.150010
    Test::Harness       3.42    
    Test::More          1.302186
    YAML                1.30    
    YAML::Syck          1.34    
    version             0.9928  


--

Summary of my perl5 (revision 5 version 22 subversion 0) configuration:
   
  Platform:
    osname=freebsd, osvers=10.1-release, archname=amd64-freebsd
    uname='freebsd cvrsnica-freebsd-101.herceg.de 10.1-release freebsd 10.1-release #0 r274401: tue nov 11 21:02:49 utc 2014 root@releng1.nyi.freebsd.org:usrobjusrsrcsysgeneric amd64 '
    config_args='-ds -e -Dprefix=/usr/perl5.22.0p -Dcf_email=srezic@cpan.org'
    hint=recommended, useposix=true, d_sigaction=define
    useithreads=undef, usemultiplicity=undef
    use64bitint=define, use64bitall=define, uselongdouble=undef
    usemymalloc=n, bincompat5005=undef
  Compiler:
    cc='cc', ccflags ='-DHAS_FPSETMASK -DHAS_FLOATINGPOINT_H -fno-strict-aliasing -pipe -fstack-protector -I/usr/local/include -D_FORTIFY_SOURCE=2',
    optimize='-O',
    cppflags='-DHAS_FPSETMASK -DHAS_FLOATINGPOINT_H -fno-strict-aliasing -pipe -fstack-protector -I/usr/local/include'
    ccversion='', gccversion='4.2.1 Compatible FreeBSD Clang 3.4.1 (tags/RELEASE_34/dot1-final 208032)', gccosandvers=''
    intsize=4, longsize=8, ptrsize=8, doublesize=8, byteorder=12345678, doublekind=3
    d_longlong=define, longlongsize=8, d_longdbl=define, longdblsize=16, longdblkind=3
    ivtype='long', ivsize=8, nvtype='double', nvsize=8, Off_t='off_t', lseeksize=8
    alignbytes=8, prototype=define
  Linker and Libraries:
    ld='cc', ldflags ='-pthread -Wl,-E  -fstack-protector -L/usr/local/lib'
    libpth=/usr/lib /usr/local/lib /usr/include/clang/3.4.1 /usr/lib
    libs=-lpthread -lgdbm -lm -lcrypt -lutil -lc
    perllibs=-lpthread -lm -lcrypt -lutil -lc
    libc=, so=so, useshrplib=false, libperl=libperl.a
    gnulibc_version=''
  Dynamic Linking:
    dlsrc=dl_dlopen.xs, dlext=so, d_dlsymun=undef, ccdlflags=' '
    cccdlflags='-DPIC -fPIC', lddlflags='-shared  -L/usr/local/lib -fstack-protector'


Characteristics of this binary (from libperl): 
  Compile-time options: HAS_TIMES PERLIO_LAYERS PERL_DONT_CREATE_GVSV
                        PERL_HASH_FUNC_ONE_AT_A_TIME_HARD PERL_MALLOC_WRAP
                        PERL_NEW_COPY_ON_WRITE PERL_PRESERVE_IVUV
                        USE_64_BIT_ALL USE_64_BIT_INT USE_LARGE_FILES
                        USE_LOCALE USE_LOCALE_COLLATE USE_LOCALE_CTYPE
                        USE_LOCALE_NUMERIC USE_LOCALE_TIME USE_PERLIO
                        USE_PERL_ATOF
  Built under freebsd
  Compiled at Jun  1 2015 20:19:01
  %ENV:
    PERL5LIB=""
    PERL5OPT=""
    PERL5_CPANPLUS_IS_RUNNING="44794"
    PERL5_CPAN_IS_RUNNING="44794"
    PERL5_CPAN_IS_RUNNING_IN_RECURSION="32715,44794"
    PERLDOC="-MPod::Perldoc::ToTextOverstrike"
    PERL_BATCH="yes"
    PERL_CANARY_STABILITY_NOPROMPT="1"
    PERL_CPAN_REPORTER_CONFIG="/var/tmp/cpansmoker-1023/2021112322/cpanreporter_000_config.ini"
    PERL_EXTUTILS_AUTOINSTALL="--defaultdeps"
    PERL_USE_UNSAFE_INC="1"
  @INC:
    /usr/perl5.22.0p/lib/site_perl/5.22.0/amd64-freebsd
    /usr/perl5.22.0p/lib/site_perl/5.22.0
    /usr/perl5.22.0p/lib/5.22.0/amd64-freebsd
    /usr/perl5.22.0p/lib/5.22.0
    .