Dancer-Plugin-Auth-Extensible v1.00 Perl 5 v5.16.2 i386-freebsd

Status
Fail
From
Chris Williams (BINGOS)
Dist
Dancer-Plugin-Auth-Extensible v1.00
Platform
Perl 5 v5.16.2 i386-freebsd
Date
2019-03-26 17:00:20
ID
a35d0432-4fe8-11e9-9066-e374b0ba08e8
This distribution has been tested as part of the CPAN Testers
project, supporting the Perl programming language.  See
http://wiki.cpantesters.org/ for more information or email
questions to cpan-testers-discuss@perl.org


--

Dear David Precious,

This is a computer-generated error report created automatically by
CPANPLUS, version 0.9176. Testers personal comments may appear
at the end of this report.


Thank you for uploading your work to CPAN.  However, it appears that
there were some problems testing your distribution.

TEST RESULTS:

Below is the error stack from stage 'make test':

PERL_DL_NONLAZY=1 "/usr/home/cpan/pit/bare/perl-5.16.2/bin/perl" "-MExtUtils::Command::MM" "-MTest::Harness" "-e" "undef *Test::Harness::Switches; test_harness(0, 'blib/lib', 'blib/arch')" t/*.t
# Testing Dancer::Plugin::Auth::Extensible 1.00, Perl 5.016002, /usr/home/cpan/pit/bare/perl-5.16.2/bin/perl
t/00-load.t ... ok
[98167]  core @0.000009> initializing appdir to: `/usr/home/cpan/pit/bare/conf/perl-5.16.2/.cpanplus/5.16.2/build/Ul7fZL2rss/Dancer-Plugin-Auth-Extensible-1.00/t/lib' in /usr/home/cpan/pit/jail/hTuzIFxlLi/lib/perl5/Dancer.pm l. 341
# Testing DPAE version 1.00 under Dancer 1.3510

#   Failed test 'Can access /loggedin now we are logged in again'
#   at t/01-basic.t line 123.
#          got: '302'
#     expected: '200'

#   Failed test 'Authenticated against expected realm'
#   at t/01-basic.t line 127.
#          got: ''
#     expected: 'config2'

#   Failed test 'Correct roles for other user in current realm'
#   at t/01-basic.t line 130.
#          got: ''
#     expected: 'CiderDrinker'

#   Failed test 'Can access /loggedin now we are logged in again'
#   at t/01-basic.t line 146.
#          got: '302'
#     expected: '200'

#   Failed test 'Repeated calls to logged_in_user are cached'
#   at t/01-basic.t line 169.
#          got: '<!DOCTYPE html PUBLIC "-//W3C//DTD XHTML 1.0 Transitional//EN"
#         "http://www.w3.org/TR/xhtml1/DTD/xhtml1-transitional.dtd">
# <html>
# <head>
# <title>Runtime Error</title>
# <link rel="stylesheet" href="/css/error.css" />
# <meta http-equiv="Content-type" content="text/html; charset=UTF-8" />
# </head>
# <body>
# <h1>Runtime Error</h1>
# <div id="content">
# <h2>runtime error</h2><pre class="error">Can&#39;t use an undefined value as a HASH reference at t/lib/TestApp.pm line 85.
# </pre><div class="title">t/lib/TestApp.pm around line 85</div><pre class="content"><span class="nu">82</span>     # time, and that it&#39;s cached
# <span class="nu">83</span>     my @res;
# <span class="nu">84</span>     push @res, $count;
# <span class="nu">85</span> <span style="color: red;">    push @res, logged_in_user()-&gt;{user};</span>
# <span class="nu">86</span>     push @res, $count;
# <span class="nu">87</span>     push @res, logged_in_user()-&gt;{user};
# <span class="nu">88</span>     push @res, $count;
# </pre><div class="title">Stack</div><pre class="content">main in t/01-basic.t l. 169
# Dancer::Test in /usr/home/cpan/pit/jail/hTuzIFxlLi/lib/perl5/Dancer/Test.pm l. 174
# Dancer::Test in /usr/home/cpan/pit/jail/hTuzIFxlLi/lib/perl5/Dancer/Test.pm l. 94
# Dancer::Test in /usr/home/cpan/pit/jail/hTuzIFxlLi/lib/perl5/Dancer/Test.pm l. 419
# Dancer::Handler in /usr/home/cpan/pit/jail/hTuzIFxlLi/lib/perl5/Dancer/Handler.pm l. 113
# Try::Tiny in /usr/home/cpan/pit/jail/hTuzIFxlLi/lib/perl5/Try/Tiny.pm l. 123
# Dancer::Exception in /usr/home/cpan/pit/jail/hTuzIFxlLi/lib/perl5/Dancer/Exception.pm l. 49
# Dancer::Exception in /usr/home/cpan/pit/jail/hTuzIFxlLi/lib/perl5/Dancer/Exception.pm l. 37
# Dancer::Handler in /usr/home/cpan/pit/jail/hTuzIFxlLi/lib/perl5/Dancer/Handler.pm l. 107
# Dancer::Object in /usr/home/cpan/pit/jail/hTuzIFxlLi/lib/perl5/Dancer/Object.pm l. 18
# Dancer::Error in /usr/home/cpan/pit/jail/hTuzIFxlLi/lib/perl5/Dancer/Error.pm l. 40
# Dancer::Error in /usr/home/cpan/pit/jail/hTuzIFxlLi/lib/perl5/Dancer/Error.pm l. 289</pre> <div class="title">Settings</div><pre class="content">{
#   <span class="key">appdir</span>  =&gt; '/usr/home/cpan/pit/bare/conf/perl-5.16.2/.cpanplus/5.16.2/build/Ul7fZL2rss/Dancer-Plugin-Auth-Extensible-1.00/t/lib',
#   <span class="key">apphandler</span>  =&gt; 'Standalone',
#   <span class="key">auto_reload</span>  =&gt; 0,
#   <span class="key">charset</span>  =&gt; '',
#   <span class="key">confdir</span>  =&gt; '/usr/home/cpan/pit/bare/conf/perl-5.16.2/.cpanplus/5.16.2/build/Ul7fZL2rss/Dancer-Plugin-Auth-Extensible-1.00/t/lib',
#   <span class="key">content_type</span>  =&gt; 'text/html',
#   <span class="key">daemon</span>  =&gt; 0,
#   <span class="key">engines</span>  =&gt; {
#     <span class="key">YAML</span>  =&gt; {}
#   },
#   <span class="key">envdir</span>  =&gt; '/usr/home/cpan/pit/bare/conf/perl-5.16.2/.cpanplus/5.16.2/build/Ul7fZL2rss/Dancer-Plugin-Auth-Extensible-1.00/t/lib/environments',
#   <span class="key">environment</span>  =&gt; 'development',
#   <span class="key">handlers</span>  =&gt; {},
#   <span class="key">log</span>  =&gt; 'debug',
#   <span class="key">logger</span>  =&gt; 'capture',
#   <span class="key">plugins</span>  =&gt; {
#     <span class="key">Auth::Extensible</span>  =&gt; {
#       <span class="key">provider</span>  =&gt; 'Example'
#     }
#   },
#   <span class="key">port</span>  =&gt; '3000',
#   <span class="key">public</span>  =&gt; '/usr/home/cpan/pit/bare/conf/perl-5.16.2/.cpanplus/5.16.2/build/Ul7fZL2rss/Dancer-Plugin-Auth-Extensible-1.00/t/lib/public',
#   <span class="key">server</span>  =&gt; '0.0.0.0',
#   <span class="key">server_tokens</span>  =&gt; 1,
#   <span class="key">session</span>  =&gt; 'simple',
#   <span class="key">show_errors</span>  =&gt; '1',
#   <span class="key">startup_info</span>  =&gt; 1,
#   <span class="key">template</span>  =&gt; 'simple',
#   <span class="key">traces</span>  =&gt; 0,
#   <span class="key">views</span>  =&gt; '/usr/home/cpan/pit/bare/conf/perl-5.16.2/.cpanplus/5.16.2/build/Ul7fZL2rss/Dancer-Plugin-Auth-Extensible-1.00/t/lib/views',
#   <span class="key">warnings</span>  =&gt; 0
# }
# </pre> <div class="title">Session</div><pre class="content">{
#   <span class="key">id</span>  =&gt; '855527161658562724483266262898058120'
# }
# </pre> <div class="title">Environment</div><pre class="content">{
#   <span class="key">'.MAKE.LEVEL.ENV'</span>  =&gt; 'MAKELEVEL',
#   <span class="key">AUTOMATED_TESTING</span>  =&gt; '1',
#   <span class="key">BLOCKSIZE</span>  =&gt; 'K',
#   <span class="key">CONTENT_LENGTH</span>  =&gt; 0,
#   <span class="key">DANCER_APPDIR</span>  =&gt; '/usr/home/cpan/pit/bare/conf/perl-5.16.2/.cpanplus/5.16.2/build/Ul7fZL2rss/Dancer-Plugin-Auth-Extensible-1.00/t/lib',
#   <span class="key">EDITOR</span>  =&gt; 'vi',
#   <span class="key">ENV</span>  =&gt; '/home/cpan/.shrc',
#   <span class="key">FTP_PASSIVE</span>  =&gt; 'Hidden (looks potentially sensitive)',
#   <span class="key">HARNESS_ACTIVE</span>  =&gt; '1',
#   <span class="key">HARNESS_VERSION</span>  =&gt; '3.42',
#   <span class="key">HOME</span>  =&gt; '/home/cpan/fake',
#   <span class="key">HTTP_HOST</span>  =&gt; 'localhost',
#   <span class="key">LOGNAME</span>  =&gt; 'cpan',
#   <span class="key">MAIL</span>  =&gt; '/var/mail/cpan',
#   <span class="key">MAILDOMAIN</span>  =&gt; 'cpantesters.org',
#   <span class="key">MAKEFLAGS</span>  =&gt; ' .MAKE.LEVEL.ENV=MAKELEVEL',
#   <span class="key">MAKELEVEL</span>  =&gt; '1',
#   <span class="key">META_MODE</span>  =&gt; 'normal',
#   <span class="key">NONINTERACTIVE_TESTING</span>  =&gt; '1',
#   <span class="key">OLDPWD</span>  =&gt; '/home/cpan/pit',
#   <span class="key">PAGER</span>  =&gt; 'more',
#   <span class="key">PATH</span>  =&gt; '/usr/home/cpan/pit/bare/conf/perl-5.16.2/.cpanplus/5.16.2/build/Ul7fZL2rss/Dancer-Plugin-Auth-Extensible-1.00/blib/script:/sbin:/bin:/usr/sbin:/usr/bin:/usr/local/sbin:/usr/local/bin:/home/cpan/bin',
#   <span class="key">PATH_INFO</span>  =&gt; '/testcaching',
#   <span class="key">PERL5LIB</span>  =&gt; '/usr/home/cpan/pit/bare/conf/perl-5.16.2/.cpanplus/5.16.2/build/Ul7fZL2rss/Dancer-Plugin-Auth-Extensible-1.00/blib/lib:/usr/home/cpan/pit/bare/conf/perl-5.16.2/.cpanplus/5.16.2/build/Ul7fZL2rss/Dancer-Plugin-Auth-Extensible-1.00/blib/arch:/usr/home/cpan/pit/jail/hTuzIFxlLi/lib/perl5/5.16.2/i386-freebsd:/usr/home/cpan/pit/jail/hTuzIFxlLi/lib/perl5/5.16.2:/usr/home/cpan/pit/jail/hTuzIFxlLi/lib/perl5/i386-freebsd:/usr/home/cpan/pit/jail/hTuzIFxlLi/lib/perl5:/usr/home/cpan/pit/jail/hTuzIFxlLi/lib/perl5:/usr/home/cpan/pit/bare/conf/perl-5.16.2/.cpanplus/5.16.2/build/Ul7fZL2rss/Dancer-Plugin-Auth-Extensible-1.00/blib/lib:/usr/home/cpan/pit/bare/conf/perl-5.16.2/.cpanplus/5.16.2/build/Ul7fZL2rss/Dancer-Plugin-Auth-Extensible-1.00/blib/arch',
#   <span class="key">PERL5_CPANPLUS_IS_RUNNING</span>  =&gt; 'Hidden (looks potentially sensitive)',
#   <span class="key">PERL5_CPANPLUS_IS_VERSION</span>  =&gt; 'Hidden (looks potentially sensitive)',
#   <span class="key">PERL5_MINISMOKEBOX</span>  =&gt; '0.68',
#   <span class="key">PERL5_YACSMOKE_BASE</span>  =&gt; '/usr/home/cpan/pit/bare/conf/perl-5.16.2',
#   <span class="key">PERL_DL_NONLAZY</span>  =&gt; '1',
#   <span class="key">PERL_EXTUTILS_AUTOINSTALL</span>  =&gt; '--defaultdeps',
#   <span class="key">PERL_LOCAL_LIB_ROOT</span>  =&gt; '/usr/home/cpan/pit/jail/hTuzIFxlLi',
#   <span class="key">PERL_MB_OPT</span>  =&gt; '--install_base "/usr/home/cpan/pit/jail/hTuzIFxlLi"',
#   <span class="key">PERL_MM_OPT</span>  =&gt; 'INSTALL_BASE=/usr/home/cpan/pit/jail/hTuzIFxlLi',
#   <span class="key">PERL_MM_USE_DEFAULT</span>  =&gt; '1',
#   <span class="key">PERL_USE_UNSAFE_INC</span>  =&gt; '1',
#   <span class="key">PWD</span>  =&gt; '/usr/home/cpan/pit/bare/conf/perl-5.16.2/.cpanplus/5.16.2/build/Ul7fZL2rss/Dancer-Plugin-Auth-Extensible-1.00',
#   <span class="key">QUERY_STRING</span>  =&gt; '',
#   <span class="key">REQUEST_METHOD</span>  =&gt; 'GET',
#   <span class="key">REQUEST_URI</span>  =&gt; '/testcaching',
#   <span class="key">SERVERNAME</span>  =&gt; 'localhost/01-basic.t .. 
Dubious, test returned 5 (wstat 1280, 0x500)
Failed 5/30 subtests 
t',
#   <span class="key">SERVER_PORT</span>  =&gt; 80,
#   <span class="key">SHELL</span>  =&gt; '/usr/local/bin/bash',
#   <span class="key">SHLVL</span>  =&gt; '3',
#   <span class="key">SSH_CLIENT</span>  =&gt; '192.168.1.20 55810 22',
#   <span class="key">SSH_CONNECTION</span>  =&gt; '192.168.1.20 55810 192.168.2.47 22',
#   <span class="key">SSH_TTY</span>  =&gt; '/dev/pts/0',
#   <span class="key">STY</span>  =&gt; '15462.pts-0.ffyrc',
#   <span class="key">TAP_VERSION</span>  =&gt; '13',
#   <span class="key">TERM</span>  =&gt; 'screen',
#   <span class="key">TERMCAP</span>  =&gt; 'SC|screen|VT 100/ANSI X3.64 virtual terminal:\\
# 	:DO=\\E[%dB:LE=\\E[%dD:RI=\\E[%dC:UP=\\E[%dA:bs:bt=\\E[Z:\\
# 	:cd=\\E[J:ce=\\E[K:cl=\\E[H\\E[J:cm=\\E[%i%d;%dH:ct=\\E[3g:\\
# 	:do=^J:nd=\\E[C:pt:rc=\\E8:rs=\\Ec:sc=\\E7:st=\\EH:up=\\EM:\\
# 	:le=^H:bl=^G:cr=^M:it#8:ho=\\E[H:nw=\\EE:ta=^I:is=\\E)0:\\
# 	:li#63:co#271:am:xn:xv:LP:sr=\\EM:al=\\E[L:AL=\\E[%dL:\\
# 	:cs=\\E[%i%d;%dr:dl=\\E[M:DL=\\E[%dM:dc=\\E[P:DC=\\E[%dP:\\
# 	:im=\\E[4h:ei=\\E[4l:mi:IC=\\E[%d@:ks=\\E[?1h\\E=:\\
# 	:ke=\\E[?1l\\E>:vi=\\E[?25l:ve=\\E[34h\\E[?25h:vs=\\E[34l:\\
# 	:ti=\\E[?1049h:te=\\E[?1049l:us=\\E[4m:ue=\\E[24m:so=\\E[3m:\\
# 	:se=\\E[23m:md=\\E[1m:mr=\\E[7m:me=\\E[m:ms:\\
# 	:Co#8:pa#64:AF=\\E[3%dm:AB=\\E[4%dm:op=\\E[39;49m:AX:G0:\\
# 	:as=\\E(0:ae=\\E(B:\\
# 	:ac=\\140\\140aaffggjjkkllmmnnooppqqrrssttuuvvwwxxyyzz{{||}}~~..--++,,hhII00:\\
# 	:Km=\\E[M:k0=\\E[10~:k1=\\EOP:k2=\\EOQ:k3=\\EOR:k4=\\EOS:\\
# 	:k5=\\E[15~:k6=\\E[17~:k7=\\E[18~:k8=\\E[19~:k9=\\E[20~:\\
# 	:k;=\\E[21~:F1=\\E[23~:F2=\\E[24~:kb=^H:K2=\\EOE:kB=\\E[Z:\\
# 	:kh=\\E[1~:@1=\\E[1~:kH=\\E[4~:@7=\\E[4~:kN=\\E[6~:kP=\\E[5~:\\
# 	:kI=\\E[2~:kD=\\E[3~:ku=\\EOA:kd=\\EOB:kr=\\EOC:kl=\\EOD:km:',
#   <span class="key">TEST2_ACTIVE</span>  =&gt; 1,
#   <span class="key">TEST_ACTIVE</span>  =&gt; 1,
#   <span class="key">USER</span>  =&gt; 'cpan',
#   <span class="key">WINDOW</span>  =&gt; '0',
#   <span class="key">_</span>  =&gt; '/opt/perl-5.28.1/bin/minismokebox',
#   <span class="key">'psgi.url_scheme'</span>  =&gt; 'http'
# }
# 
# 
# Note: Values of 3 sensitive-looking keys hidden
# </pre>
# </div>
# <div id="footer">
# Powered by <a href="http://perldancer.org/">Dancer</a> 1.3510
# </div>
# </body>
# </html>'
#     expected: '0:dave:1:dave:1'
# Looks like you failed 5 tests of 30.
t/manifest.t .. skipped: Author tests not required for installation
t/pod.t ....... skipped: Author tests not required for installation

Test Summary Report
-------------------
t/01-basic.t (Wstat: 1280 Tests: 30 Failed: 5)
  Failed tests:  23-25, 28, 30
  Non-zero exit status: 5
Files=4, Tests=31,  2 wallclock secs ( 0.05 usr  0.04 sys +  1.28 cusr  0.40 csys =  1.77 CPU)
Result: FAIL
Failed 1/4 test programs. 5/31 subtests failed.
*** Error code 255

Stop.
make: stopped in /usr/home/cpan/pit/bare/conf/perl-5.16.2/.cpanplus/5.16.2/build/Ul7fZL2rss/Dancer-Plugin-Auth-Extensible-1.00


PREREQUISITES:

Here is a list of prerequisites you specified and versions we
managed to load:

	  Module Name                        Have     Want
	  Crypt::SaltedHash                  0.09        0
	  Dancer                           1.3510   1.3118
	  ExtUtils::MakeMaker                7.34        0
	  Test::More                     1.302162        0
	  YAML                               1.27        0

Perl module toolchain versions installed:
	Module Name                        Have
	CPANPLUS                         0.9176
	CPANPLUS::Dist::Build              0.90
	Cwd                                3.75
	ExtUtils::CBuilder             0.280230
	ExtUtils::Command                  7.34
	ExtUtils::Install                  2.14
	ExtUtils::MakeMaker                7.34
	ExtUtils::Manifest                 1.71
	ExtUtils::ParseXS                  3.35
	File::Spec                         3.75
	Module::Build                    0.4224
	Pod::Parser                        1.51
	Pod::Simple                        3.20
	Test2                          1.302162
	Test::Harness                      3.42
	Test::More                     1.302162
	version                          0.9924

******************************** NOTE ********************************
The comments above are created mechanically, possibly without manual
checking by the sender.  As there are many people performing automatic
tests on each upload to CPAN, it is likely that you will receive
identical messages about the same problem.

If you believe that the message is mistaken, please reply to the first
one with correction and/or additional informations, and do not take
it personally.  We appreciate your patience. :)
**********************************************************************

Additional comments:


This report was machine-generated by CPANPLUS::Dist::YACSmoke 1.06.
Powered by minismokebox version 0.68

------------------------------
ENVIRONMENT AND OTHER CONTEXT
------------------------------

Environment variables:

    AUTOMATED_TESTING = 1
    NONINTERACTIVE_TESTING = 1
    PATH = /usr/home/cpan/pit/bare/conf/perl-5.16.2/.cpanplus/5.16.2/build/Ul7fZL2rss/Dancer-Plugin-Auth-Extensible-1.00/blib/script:/sbin:/bin:/usr/sbin:/usr/bin:/usr/local/sbin:/usr/local/bin:/home/cpan/bin
    PERL5LIB = /usr/home/cpan/pit/jail/hTuzIFxlLi/lib/perl5:/usr/home/cpan/pit/bare/conf/perl-5.16.2/.cpanplus/5.16.2/build/Ul7fZL2rss/Dancer-Plugin-Auth-Extensible-1.00/blib/lib:/usr/home/cpan/pit/bare/conf/perl-5.16.2/.cpanplus/5.16.2/build/Ul7fZL2rss/Dancer-Plugin-Auth-Extensible-1.00/blib/arch
    PERL5_CPANPLUS_IS_RUNNING = 80554
    PERL5_CPANPLUS_IS_VERSION = 0.9176
    PERL5_MINISMOKEBOX = 0.68
    PERL5_YACSMOKE_BASE = /usr/home/cpan/pit/bare/conf/perl-5.16.2
    PERL_EXTUTILS_AUTOINSTALL = --defaultdeps
    PERL_LOCAL_LIB_ROOT = /usr/home/cpan/pit/jail/hTuzIFxlLi
    PERL_MB_OPT = --install_base "/usr/home/cpan/pit/jail/hTuzIFxlLi"
    PERL_MM_OPT = INSTALL_BASE=/usr/home/cpan/pit/jail/hTuzIFxlLi
    PERL_MM_USE_DEFAULT = 1
    SHELL = /usr/local/bin/bash
    TERM = screen

Perl special variables (and OS-specific diagnostics, for MSWin32):

    Perl: $^X = /usr/home/cpan/pit/bare/perl-5.16.2/bin/perl
    UID:  $<  = 1002
    EUID: $>  = 1002
    GID:  $(  = 1002 1002
    EGID: $)  = 1002 1002


-------------------------------


--

Summary of my perl5 (revision 5 version 16 subversion 2) configuration:
   
  Platform:
    osname=freebsd, osvers=12.0-release, archname=i386-freebsd
    uname='freebsd ffyrc 12.0-release freebsd 12.0-release r341666 generic i386 '
    config_args='-des -Dprefix=/usr/home/cpan/pit/bare/perl-5.16.2'
    hint=recommended, useposix=true, d_sigaction=define
    useithreads=undef, usemultiplicity=undef
    useperlio=define, d_sfio=undef, uselargefiles=define, usesocks=undef
    use64bitint=undef, use64bitall=undef, uselongdouble=undef
    usemymalloc=n, bincompat5005=undef
  Compiler:
    cc='cc', ccflags ='-DHAS_FPSETMASK -DHAS_FLOATINGPOINT_H -fno-strict-aliasing -pipe -fstack-protector -I/usr/local/include',
    optimize='-O2',
    cppflags='-DHAS_FPSETMASK -DHAS_FLOATINGPOINT_H -fno-strict-aliasing -pipe -fstack-protector -I/usr/local/include'
    ccversion='', gccversion='4.2.1 Compatible FreeBSD Clang 6.0.1 (tags/RELEASE_601/final 335540)', gccosandvers=''
    intsize=4, longsize=4, ptrsize=4, doublesize=8, byteorder=1234
    d_longlong=define, longlongsize=8, d_longdbl=define, longdblsize=12
    ivtype='long', ivsize=4, nvtype='double', nvsize=8, Off_t='off_t', lseeksize=8
    alignbytes=4, prototype=define
  Linker and Libraries:
    ld='cc', ldflags ='-Wl,-E  -fstack-protector -L/usr/local/lib'
    libpth=/usr/lib /usr/local/lib
    libs=-lgdbm -ldl -lm -lcrypt -lutil -lc
    perllibs=-ldl -lm -lcrypt -lutil -lc
    libc=, so=so, useshrplib=false, libperl=libperl.a
    gnulibc_version=''
  Dynamic Linking:
    dlsrc=dl_dlopen.xs, dlext=so, d_dlsymun=undef, ccdlflags=' '
    cccdlflags='-DPIC -fPIC', lddlflags='-shared  -L/usr/local/lib -fstack-protector'


Characteristics of this binary (from libperl): 
  Compile-time options: HAS_TIMES PERLIO_LAYERS PERL_DONT_CREATE_GVSV
                        PERL_MALLOC_WRAP PERL_PRESERVE_IVUV USE_LARGE_FILES
                        USE_LOCALE USE_LOCALE_COLLATE USE_LOCALE_CTYPE
                        USE_LOCALE_NUMERIC USE_PERLIO USE_PERL_ATOF
  Locally applied patches:
	Devel::PatchPerl 1.52
  Built under freebsd
  Compiled at Dec 14 2018 18:56:58
  %ENV:
    PERL5LIB="/usr/home/cpan/pit/jail/hTuzIFxlLi/lib/perl5:/usr/home/cpan/pit/bare/conf/perl-5.16.2/.cpanplus/5.16.2/build/Ul7fZL2rss/Dancer-Plugin-Auth-Extensible-1.00/blib/lib:/usr/home/cpan/pit/bare/conf/perl-5.16.2/.cpanplus/5.16.2/build/Ul7fZL2rss/Dancer-Plugin-Auth-Extensible-1.00/blib/arch"
    PERL5_CPANPLUS_IS_RUNNING="80554"
    PERL5_CPANPLUS_IS_VERSION="0.9176"
    PERL5_MINISMOKEBOX="0.68"
    PERL5_YACSMOKE_BASE="/usr/home/cpan/pit/bare/conf/perl-5.16.2"
    PERL_EXTUTILS_AUTOINSTALL="--defaultdeps"
    PERL_LOCAL_LIB_ROOT="/usr/home/cpan/pit/jail/hTuzIFxlLi"
    PERL_MB_OPT="--install_base "/usr/home/cpan/pit/jail/hTuzIFxlLi""
    PERL_MM_OPT="INSTALL_BASE=/usr/home/cpan/pit/jail/hTuzIFxlLi"
    PERL_MM_USE_DEFAULT="1"
  @INC:
    /usr/home/cpan/pit/jail/hTuzIFxlLi/lib/perl5/5.16.2/i386-freebsd
    /usr/home/cpan/pit/jail/hTuzIFxlLi/lib/perl5/5.16.2
    /usr/home/cpan/pit/jail/hTuzIFxlLi/lib/perl5/i386-freebsd
    /usr/home/cpan/pit/jail/hTuzIFxlLi/lib/perl5
    /usr/home/cpan/pit/bare/conf/perl-5.16.2/.cpanplus/5.16.2/build/Ul7fZL2rss/Dancer-Plugin-Auth-Extensible-1.00/blib/lib
    /usr/home/cpan/pit/bare/conf/perl-5.16.2/.cpanplus/5.16.2/build/Ul7fZL2rss/Dancer-Plugin-Auth-Extensible-1.00/blib/arch
    /usr/home/cpan/pit/bare/perl-5.16.2/lib/site_perl/5.16.2/i386-freebsd
    /usr/home/cpan/pit/bare/perl-5.16.2/lib/site_perl/5.16.2
    /usr/home/cpan/pit/bare/perl-5.16.2/lib/5.16.2/i386-freebsd
    /usr/home/cpan/pit/bare/perl-5.16.2/lib/5.16.2
    .