DBIx-Class-Graph v1.05 Perl 5 v5.31.4 x86_64-linux-thread-multi

Status
Fail
From
Andreas J. König (ANDK)
Dist
DBIx-Class-Graph v1.05
Platform
Perl 5 v5.31.4 x86_64-linux-thread-multi
Date
2019-09-15 14:39:35
ID
a38c4f10-d7c6-11e9-a080-45cb50df33b6
This distribution has been tested as part of the CPAN Testers
project, supporting the Perl programming language.  See
http://wiki.cpantesters.org/ for more information or email
questions to cpan-testers-discuss@perl.org


--
Dear Moritz Onken,

This is a computer-generated report for DBIx-Class-Graph-1.05
on perl 5.31.4, created by CPAN-Reporter-1.2018.

Thank you for uploading your work to CPAN.  However, there was a problem
testing your distribution.

If you think this report is invalid, please consult the CPAN Testers Wiki
for suggestions on how to avoid getting FAIL reports for missing library
or binary dependencies, unsupported operating systems, and so on:

http://wiki.cpantesters.org/wiki/CPANAuthorNotes

Sections of this report:

    * Tester comments
    * Program output
    * Prerequisites
    * Environment and other context

------------------------------
TESTER COMMENTS
------------------------------

Additional comments from tester:

this report is from an automated smoke testing program
and was not reviewed by a human for accuracy

------------------------------
PROGRAM OUTPUT
------------------------------

Output from './Build test':

Could not generate inline handles for _graph->("" because : Failed to compile source: syntax error at (eval 205) line 21, near """( "


source:
#line 1 "inline delegation in DBIx::Class::ResultSet::Graph for _graph->("" (attribute declared in lib/DBIx/Class/Graph/Role/ResultSet.pm at line 22)"
sub {
    my $self = shift;

    my $proxy = $self->_graph;
    if ( !defined $proxy ) {
        die Module::Runtime::use_module("Moose::Exception::AttributeValueIsNotDefined")->new(method    => $self->meta->find_method_by_name("(\"\""),
instance  => $self,
attribute => $self->meta->find_attribute_by_name("_graph"),
);
    }
    elsif ( ref $proxy && !Scalar::Util::blessed($proxy) ) {
        die Module::Runtime::use_module("Moose::Exception::AttributeValueIsNotAnObject")->new(method      => $self->meta->find_method_by_name("(\"\""),
instance    => $self,
attribute   => $self->meta->find_attribute_by_name("_graph"),
given_value => $proxy,
);
    }
    return $proxy->(""( @_ );
}
 at /home/sand/src/perl/repoperls/installed-perls/host/k93msid/v5.31.3-146-g4a69216a74/1e0c/lib/site_perl/5.31.4/x86_64-linux-thread-multi/Class/MOP/Method/Generated.pm line 56.
 at /home/sand/src/perl/repoperls/installed-perls/host/k93msid/v5.31.3-146-g4a69216a74/1e0c/lib/site_perl/5.31.4/x86_64-linux-thread-multi/Moose/Meta/Method/Delegation.pm line 154
	Moose::Meta::Method::Delegation::catch {...} ('Failed to compile source: syntax error at (eval 205) line 21, near """( "^J^J^Jsource:^J#line 1 "inline delegation in DBIx::Class::ResultSet::Graph for _graph->("" (attribute declared in lib/DBIx/Class/Graph/Role/ResultSet.pm at line 22)"^Jsub {^J    my $self = shift;^J^J    my $proxy = $self->_graph;^J    if ( !defined $proxy ) {^J        die Module::Runtime::use_module("Moose::Exception::AttributeValueIsNotDefined")->new(method    => $self->meta->find_method_by_name("(\"\""),^Jinstance  => $self,^Jattribute => $self->meta->find_attribute_by_name("_graph"),^J);^J    }^J    elsif ( ref $proxy && !Scalar::Util::blessed($proxy) ) {^J        die Module::Runtime::use_module("Moose::Exception::AttributeValueIsNotAnObject")->new(method      => $self->meta->find_method_by_name("(\"\""),^Jinstance    => $self,^Jattribute   => $self->meta->find_attribute_by_name("_graph"),^Jgiven_value => $proxy,^J);^J    }^J    return $proxy->(""( @_ );^J}^J at /home/sand/src/perl/repoperls/installed-perls/host/k93msid/v5.31.3-146-g4a69216a74/1e0c/lib/site_perl/5.31.4/x86_64-linux-thread-multi/Class/MOP/Method/Generated.pm line 56.^J') called at /home/sand/src/perl/repoperls/installed-perls/host/k93msid/v5.31.3-146-g4a69216a74/1e0c/lib/site_perl/5.31.4/Try/Tiny.pm line 123
	Try::Tiny::try('CODE(0x5566cb75b348)', 'Try::Tiny::Catch=REF(0x5566cb708d00)') called at /home/sand/src/perl/repoperls/installed-perls/host/k93msid/v5.31.3-146-g4a69216a74/1e0c/lib/site_perl/5.31.4/x86_64-linux-thread-multi/Moose/Meta/Method/Delegation.pm line 160
	Moose::Meta::Method::Delegation::_generate_inline_method('Moose::Meta::Method::Delegation=HASH(0x5566c9f3d5a8)') called at /home/sand/src/perl/repoperls/installed-perls/host/k93msid/v5.31.3-146-g4a69216a74/1e0c/lib/site_perl/5.31.4/x86_64-linux-thread-multi/Moose/Meta/Method/Delegation.pm line 82
	Moose::Meta::Method::Delegation::_initialize_body('Moose::Meta::Method::Delegation=HASH(0x5566c9f3d5a8)') called at /home/sand/src/perl/repoperls/installed-perls/host/k93msid/v5.31.3-146-g4a69216a74/1e0c/lib/site_perl/5.31.4/x86_64-linux-thread-multi/Moose/Meta/Method/Delegation.pm line 54
	Moose::Meta::Method::Delegation::new('Moose::Meta::Method::Delegation', 'name', '(""', 'package_name', 'DBIx::Class::ResultSet::Graph', 'attribute', 'Moose::Meta::Attribute=HASH(0x5566cb6b6c58)', 'delegate_to_method', '(""', 'curried_arguments', 'ARRAY(0x5566ca296c70)') called at /home/sand/src/perl/repoperls/installed-perls/host/k93msid/v5.31.3-146-g4a69216a74/1e0c/lib/site_perl/5.31.4/x86_64-linux-thread-multi/Moose/Meta/Attribute.pm line 1299
	Moose::Meta::Attribute::_make_delegation_method('Moose::Meta::Attribute=HASH(0x5566cb6b6c58)', '(""', '(""') called at /home/sand/src/perl/repoperls/installed-perls/host/k93msid/v5.31.3-146-g4a69216a74/1e0c/lib/site_perl/5.31.4/x86_64-linux-thread-multi/Moose/Meta/Attribute.pm line 1166
	Moose::Meta::Attribute::install_delegation('Moose::Meta::Attribute=HASH(0x5566cb6b6c58)') called at /home/sand/src/perl/repoperls/installed-perls/host/k93msid/v5.31.3-146-g4a69216a74/1e0c/lib/site_perl/5.31.4/x86_64-linux-thread-multi/Moose/Meta/Attribute.pm line 1015
	Moose::Meta::Attribute::install_accessors('Moose::Meta::Attribute=HASH(0x5566cb6b6c58)') called at /home/sand/src/perl/repoperls/installed-perls/host/k93msid/v5.31.3-146-g4a69216a74/1e0c/lib/site_perl/5.31.4/x86_64-linux-thread-multi/Class/MOP/Class.pm line 899
	Class::MOP::Class::try {...}  at /home/sand/src/perl/repoperls/installed-perls/host/k93msid/v5.31.3-146-g4a69216a74/1e0c/lib/site_perl/5.31.4/Try/Tiny.pm line 102
	eval {...} at /home/sand/src/perl/repoperls/installed-perls/host/k93msid/v5.31.3-146-g4a69216a74/1e0c/lib/site_perl/5.31.4/Try/Tiny.pm line 93
	Try::Tiny::try('CODE(0x5566cb6e1810)', 'Try::Tiny::Catch=REF(0x5566cb416d60)') called at /home/sand/src/perl/repoperls/installed-perls/host/k93msid/v5.31.3-146-g4a69216a74/1e0c/lib/site_perl/5.31.4/x86_64-linux-thread-multi/Class/MOP/Class.pm line 904
	Class::MOP::Class::_post_add_attribute('Moose::Meta::Class=HASH(0x5566ca51ec18)', 'Moose::Meta::Attribute=HASH(0x5566cb6b6c58)') called at /home/sand/src/perl/repoperls/installed-perls/host/k93msid/v5.31.3-146-g4a69216a74/1e0c/lib/site_perl/5.31.4/x86_64-linux-thread-multi/Class/MOP/Mixin/HasAttributes.pm line 39
	Class::MOP::Mixin::HasAttributes::add_attribute('Moose::Meta::Class=HASH(0x5566ca51ec18)', 'Moose::Meta::Attribute=HASH(0x5566cb6b6c58)') called at /home/sand/src/perl/repoperls/installed-perls/host/k93msid/v5.31.3-146-g4a69216a74/1e0c/lib/site_perl/5.31.4/x86_64-linux-thread-multi/Moose/Meta/Class.pm line 585
	Moose::Meta::Class::add_attribute('Moose::Meta::Class=HASH(0x5566ca51ec18)', 'Moose::Meta::Attribute=HASH(0x5566cb6b6c58)') called at /home/sand/src/perl/repoperls/installed-perls/host/k93msid/v5.31.3-146-g4a69216a74/1e0c/lib/site_perl/5.31.4/x86_64-linux-thread-multi/Moose/Meta/Role/Application/ToClass.pm line 126
	Moose::Meta::Role::Application::ToClass::apply_attributes('Moose::Meta::Role::Application::ToClass=HASH(0x5566c968f6f8)', 'Moose::Meta::Role=HASH(0x5566cb6dd528)', 'Moose::Meta::Class=HASH(0x5566ca51ec18)') called at /home/sand/src/perl/repoperls/installed-perls/host/k93msid/v5.31.3-146-g4a69216a74/1e0c/lib/site_perl/5.31.4/x86_64-linux-thread-multi/Moose/Meta/Role/Application.pm line 59
	Moose::Meta::Role::Application::apply('Moose::Meta::Role::Application::ToClass=HASH(0x5566c968f6f8)', 'Moose::Meta::Role=HASH(0x5566cb6dd528)', 'Moose::Meta::Class=HASH(0x5566ca51ec18)') called at /home/sand/src/perl/repoperls/installed-perls/host/k93msid/v5.31.3-146-g4a69216a74/1e0c/lib/site_perl/5.31.4/x86_64-linux-thread-multi/Moose/Meta/Role/Application/ToClass.pm line 31
	Moose::Meta::Role::Application::ToClass::apply('Moose::Meta::Role::Application::ToClass=HASH(0x5566c968f6f8)', 'Moose::Meta::Role=HASH(0x5566cb6dd528)', 'Moose::Meta::Class=HASH(0x5566ca51ec18)', 'HASH(0x5566ca32e030)') called at /home/sand/src/perl/repoperls/installed-perls/host/k93msid/v5.31.3-146-g4a69216a74/1e0c/lib/site_perl/5.31.4/x86_64-linux-thread-multi/Moose/Meta/Role.pm line 472
	Moose::Meta::Role::apply('Moose::Meta::Role=HASH(0x5566cb6dd528)', 'Moose::Meta::Class=HASH(0x5566ca51ec18)') called at /home/sand/src/perl/repoperls/installed-perls/host/k93msid/v5.31.3-146-g4a69216a74/1e0c/lib/site_perl/5.31.4/x86_64-linux-thread-multi/Moose/Util.pm line 171
	Moose::Util::_apply_all_roles('Moose::Meta::Class=HASH(0x5566ca51ec18)', undef, 'DBIx::Class::Graph::Role::ResultSet') called at /home/sand/src/perl/repoperls/installed-perls/host/k93msid/v5.31.3-146-g4a69216a74/1e0c/lib/site_perl/5.31.4/x86_64-linux-thread-multi/Moose/Util.pm line 113
	Moose::Util::apply_all_roles('Moose::Meta::Class=HASH(0x5566ca51ec18)', 'DBIx::Class::Graph::Role::ResultSet') called at /home/sand/src/perl/repoperls/installed-perls/host/k93msid/v5.31.3-146-g4a69216a74/1e0c/lib/site_perl/5.31.4/x86_64-linux-thread-multi/Moose.pm line 57
	Moose::with('Moose::Meta::Class=HASH(0x5566ca51ec18)', 'DBIx::Class::Graph::Role::ResultSet') called at /home/sand/src/perl/repoperls/installed-perls/host/k93msid/v5.31.3-146-g4a69216a74/1e0c/lib/site_perl/5.31.4/x86_64-linux-thread-multi/Moose/Exporter.pm line 419
	Moose::with('DBIx::Class::Graph::Role::ResultSet') called at lib/DBIx/Class/ResultSet/Graph.pm line 19
	require DBIx/Class/ResultSet/Graph.pm at -e line 1
Compilation failed in require at -e line 1.

#   Failed test 'DBIx::Class::ResultSet::Graph loaded ok'
#   at t/00-compile.t line 71.
#                   ''
#     doesn't match '(?^s:^\s*DBIx::Class::ResultSet::Graph ok)'
# Looks like you failed 1 test of 5.
t/00-compile.t ................ 
Dubious, test returned 1 (wstat 256, 0x100)
Failed 1/5 subtests 
# 
# 
# perl: v5.31.4 (wanted any version) on linux from /tmp/basesmoker-reloperl-39AB/bin/perl
# 
# Class::C3                                     => 0.34       (want any version)
# DBIx::Class                                   => 0.082841   (want any version)
# DBIx::Class::ResultSet                        => <undef>    (want any version)
# DBIx::Class::Schema                           => <undef>    (want any version)
# File::Find                                    => 1.37       (want any version)
# File::Temp                                    => 0.2309     (want any version)
# Graph                                         => 0.9704     (want 0.94)   
# List::MoreUtils                               => 0.428      (want any version)
# Module::Build                                 => 0.4229     (want 0.3601) 
# Moose                                         => 2.2011     (want any version)
# Moose::Role                                   => 2.2011     (want any version)
# Scalar::Util                                  => 1.52       (want any version)
# Test::Memory::Cycle                           => 1.06       (want any version)
# Test::More                                    => 1.302168   (want 0.88)   
# base                                          => 2.27       (want any version)
# strict                                        => 1.11       (want any version)
# warnings                                      => 1.45       (want any version)
# 
# Thanks for using my code.  I hope it works for you.
# If not, please try and include this output in the bug report.
# That will help me reproduce the issue and solve you problem.
# 
t/000-report-versions-tiny.t .. ok
{UNKNOWN}: Could not generate inline handles for _graph->("" because : Failed to compile source: syntax error at (eval 758) line 21, near """( "


source:
#line 1 "inline delegation in DBIx::Class::ResultSet::Graph for _graph->("" (attribute declared in /home/sand/.cpan/privbuild/k93msid/DBIx-Class-Graph-1.05-6/blib/lib/DBIx/Class/Graph/Role/ResultSet.pm at line 22)"
sub {
    my $self = shift;

    my $proxy = $self->_graph;
    if ( !defined $proxy ) {
        die Module::Runtime::use_module("Moose::Exception::AttributeValueIsNotDefined")->new(method    => $self->meta->find_method_by_name("(\"\""),
instance  => $self,
attribute => $self->meta->find_attribute_by_name("_graph"),
);
    }
    elsif ( ref $proxy && !Scalar::Util::blessed($proxy) ) {
        die Module::Runtime::use_module("Moose::Exception::AttributeValueIsNotAnObject")->new(method      => $self->meta->find_method_by_name("(\"\""),
instance    => $self,
attribute   => $self->meta->find_attribute_by_name("_graph"),
given_value => $proxy,
);
    }
    return $proxy->(""( @_ );
}
 at /home/sand/src/perl/repoperls/installed-perls/host/k93msid/v5.31.3-146-g4a69216a74/1e0c/lib/site_perl/5.31.4/x86_64-linux-thread-multi/Class/MOP/Method/Generated.pm line 56.
 at /home/sand/src/perl/repoperls/installed-perls/host/k93msid/v5.31.3-146-g4a69216a74/1e0c/lib/site_perl/5.31.4/x86_64-linux-thread-multi/Moose/Meta/Method/Delegation.pm line 154
	Moose::Meta::Method::Delegation::catch {...} ('Failed to compile source: syntax error at (eval 758) line 21, near """( "^J^J^Jsource:^J#line 1 "inline delegation in DBIx::Class::ResultSet::Graph for _graph->("" (attribute declared in /home/sand/.cpan/privbuild/k93msid/DBIx-Class-Graph-1.05-6/blib/lib/DBIx/Class/Graph/Role/ResultSet.pm at line 22)"^Jsub {^J    my $self = shift;^J^J    my $proxy = $self->_graph;^J    if ( !defined $proxy ) {^J        die Module::Runtime::use_module("Moose::Exception::AttributeValueIsNotDefined")->new(method    => $self->meta->find_method_by_name("(\"\""),^Jinstance  => $self,^Jattribute => $self->meta->find_attribute_by_name("_graph"),^J);^J    }^J    elsif ( ref $proxy && !Scalar::Util::blessed($proxy) ) {^J        die Module::Runtime::use_module("Moose::Exception::AttributeValueIsNotAnObject")->new(method      => $self->meta->find_method_by_name("(\"\""),^Jinstance    => $self,^Jattribute   => $self->meta->find_attribute_by_name("_graph"),^Jgiven_value => $proxy,^J);^J    }^J    return $proxy->(""( @_ );^J}^J at /home/sand/src/perl/repoperls/installed-perls/host/k93msid/v5.31.3-146-g4a69216a74/1e0c/lib/site_perl/5.31.4/x86_64-linux-thread-multi/Class/MOP/Method/Generated.pm line 56.^J') called at /home/sand/src/perl/repoperls/installed-perls/host/k93msid/v5.31.3-146-g4a69216a74/1e0c/lib/site_perl/5.31.4/Try/Tiny.pm line 123
	Try::Tiny::try('CODE(0x55f0a63b9ec8)', 'Try::Tiny::Catch=REF(0x55f0a5763200)') called at /home/sand/src/perl/repoperls/installed-perls/host/k93msid/v5.31.3-146-g4a69216a74/1e0c/lib/site_perl/5.31.4/x86_64-linux-thread-multi/Moose/Meta/Method/Delegation.pm line 160
	Moose::Meta::Method::Delegation::_generate_inline_method('Moose::Meta::Method::Delegation=HASH(0x55f0a396e838)') called at /home/sand/src/perl/repoperls/installed-perls/host/k93msid/v5.31.3-146-g4a69216a74/1e0c/lib/site_perl/5.31.4/x86_64-linux-thread-multi/Moose/Meta/Method/Delegation.pm line 82
	Moose::Meta::Method::Delegation::_initialize_body('Moose::Meta::Method::Delegation=HASH(0x55f0a396e838)') called at /home/sand/src/perl/repoperls/installed-perls/host/k93msid/v5.31.3-146-g4a69216a74/1e0c/lib/site_perl/5.31.4/x86_64-linux-thread-multi/Moose/Meta/Method/Delegation.pm line 54
	Moose::Meta::Method::Delegation::new('Moose::Meta::Method::Delegation', 'name', '(""', 'package_name', 'DBIx::Class::ResultSet::Graph', 'attribute', 'Moose::Meta::Attribute=HASH(0x55f0a5762678)', 'delegate_to_method', '(""', 'curried_arguments', 'ARRAY(0x55f0a3ca4f88)') called at /home/sand/src/perl/repoperls/installed-perls/host/k93msid/v5.31.3-146-g4a69216a74/1e0c/lib/site_perl/5.31.4/x86_64-linux-thread-multi/Moose/Meta/Attribute.pm line 1299
	Moose::Meta::Attribute::_make_delegation_method('Moose::Meta::Attribute=HASH(0x55f0a5762678)', '(""', '(""') called at /home/sand/src/perl/repoperls/installed-perls/host/k93msid/v5.31.3-146-g4a69216a74/1e0c/lib/site_perl/5.31.4/x86_64-linux-thread-multi/Moose/Meta/Attribute.pm line 1166
	Moose::Meta::Attribute::install_delegation('Moose::Meta::Attribute=HASH(0x55f0a5762678)') called at /home/sand/src/perl/repoperls/installed-perls/host/k93msid/v5.31.3-146-g4a69216a74/1e0c/lib/site_perl/5.31.4/x86_64-linux-thread-multi/Moose/Meta/Attribute.pm line 1015
	Moose::Meta::Attribute::install_accessors('Moose::Meta::Attribute=HASH(0x55f0a5762678)') called at /home/sand/src/perl/repoperls/installed-perls/host/k93msid/v5.31.3-146-g4a69216a74/1e0c/lib/site_perl/5.31.4/x86_64-linux-thread-multi/Class/MOP/Class.pm line 899
	Class::MOP::Class::try {...}  at /home/sand/src/perl/repoperls/installed-perls/host/k93msid/v5.31.3-146-g4a69216a74/1e0c/lib/site_perl/5.31.4/Try/Tiny.pm line 102
	eval {...} at /home/sand/src/perl/repoperls/installed-perls/host/k93msid/v5.31.3-146-g4a69216a74/1e0c/lib/site_perl/5.31.4/Try/Tiny.pm line 93
	Try::Tiny::try('CODE(0x55f0a635a788)', 'Try::Tiny::Catch=REF(0x55f0a635ae18)') called at /home/sand/src/perl/repoperls/installed-perls/host/k93msid/v5.31.3-146-g4a69216a74/1e0c/lib/site_perl/5.31.4/x86_64-linux-thread-multi/Class/MOP/Class.pm line 904
	Class::MOP::Class::_post_add_attribute('Moose::Meta::Class=HASH(0x55f0a572bd78)', 'Moose::Meta::Attribute=HASH(0x55f0a5762678)') called at /home/sand/src/perl/repoperls/installed-perls/host/k93msid/v5.31.3-146-g4a69216a74/1e0c/lib/site_perl/5.31.4/x86_64-linux-thread-multi/Class/MOP/Mixin/HasAttributes.pm line 39
	Class::MOP::Mixin::HasAttributes::add_attribute('Moose::Meta::Class=HASH(0x55f0a572bd78)', 'Moose::Meta::Attribute=HASH(0x55f0a5762678)') called at /home/sand/src/perl/repoperls/installed-perls/host/k93msid/v5.31.3-146-g4a69216a74/1e0c/lib/site_perl/5.31.4/x86_64-linux-thread-multi/Moose/Meta/Class.pm line 585
	Moose::Meta::Class::add_attribute('Moose::Meta::Class=HASH(0x55f0a572bd78)', 'Moose::Meta::Attribute=HASH(0x55f0a5762678)') called at /home/sand/src/perl/repoperls/installed-perls/host/k93msid/v5.31.3-146-g4a69216a74/1e0c/lib/site_perl/5.31.4/x86_64-linux-thread-multi/Moose/Meta/Role/Application/ToClass.pm line 126
	Moose::Meta::Role::Application::ToClass::apply_attributes('Moose::Meta::Role::Application::ToClass=HASH(0x55f0a57318e0)', 'Moose::Meta::Role=HASH(0x55f0a576b028)', 'Moose::Meta::Class=HASH(0x55f0a572bd78)') called at /home/sand/src/perl/repoperls/installed-perls/host/k93msid/v5.31.3-146-g4a69216a74/1e0c/lib/site_perl/5.31.4/x86_64-linux-thread-multi/Moose/Meta/Role/Application.pm line 59
	Moose::Meta::Role::Application::apply('Moose::Meta::Role::Application::ToClass=HASH(0x55f0a57318e0)', 'Moose::Meta::Role=HASH(0x55f0a576b028)', 'Moose::Meta::Class=HASH(0x55f0a572bd78)') called at /home/sand/src/perl/repoperls/installed-perls/host/k93msid/v5.31.3-146-g4a69216a74/1e0c/lib/site_perl/5.31.4/x86_64-linux-thread-multi/Moose/Meta/Role/Application/ToClass.pm line 31
	Moose::Meta::Role::Application::ToClass::apply('Moose::Meta::Role::Application::ToClass=HASH(0x55f0a57318e0)', 'Moose::Meta::Role=HASH(0x55f0a576b028)', 'Moose::Meta::Class=HASH(0x55f0a572bd78)', 'HASH(0x55f0a400c0c0)') called at /home/sand/src/perl/repoperls/installed-perls/host/k93msid/v5.31.3-146-g4a69216a74/1e0c/lib/site_perl/5.31.4/x86_64-linux-thread-multi/Moose/Meta/Role.pm line 472
	Moose::Meta::Role::apply('Moose::Meta::Role=HASH(0x55f0a576b028)', 'Moose::Meta::Class=HASH(0x55f0a572bd78)') called at /home/sand/src/perl/repoperls/installed-perls/host/k93msid/v5.31.3-146-g4a69216a74/1e0c/lib/site_perl/5.31.4/x86_64-linux-thread-multi/Moose/Util.pm line 171
	Moose::Util::_apply_all_roles('Moose::Meta::Class=HASH(0x55f0a572bd78)', undef, 'DBIx::Class::Graph::Role::ResultSet') called at /home/sand/src/perl/repoperls/installed-perls/host/k93msid/v5.31.3-146-g4a69216a74/1e0c/lib/site_perl/5.31.4/x86_64-linux-thread-multi/Moose/Util.pm line 113
	Moose::Util::apply_all_roles('Moose::Meta::Class=HASH(0x55f0a572bd78)', 'DBIx::Class::Graph::Role::ResultSet') called at /home/sand/src/perl/repoperls/installed-perls/host/k93msid/v5.31.3-146-g4a69216a74/1e0c/lib/site_perl/5.31.4/x86_64-linux-thread-multi/Moose.pm line 57
	Moose::with('Moose::Meta::Class=HASH(0x55f0a572bd78)', 'DBIx::Class::Graph::Role::ResultSet') called at /home/sand/src/perl/repoperls/installed-perls/host/k93msid/v5.31.3-146-g4a69216a74/1e0c/lib/site_perl/5.31.4/x86_64-linux-thread-multi/Moose/Exporter.pm line 419
	Moose::with('DBIx::Class::Graph::Role::ResultSet') called at /home/sand/.cpan/privbuild/k93msid/DBIx-Class-Graph-1.05-6/blib/lib/DBIx/Class/ResultSet/Graph.pm line 19
	require DBIx/Class/ResultSet/Graph.pm at /home/sand/src/perl/repoperls/installed-perls/host/k93msid/v5.31.3-146-g4a69216a74/1e0c/lib/site_perl/5.31.4/Class/C3/Componentised.pm line 146
	eval {...} at /home/sand/src/perl/repoperls/installed-perls/host/k93msid/v5.31.3-146-g4a69216a74/1e0c/lib/site_perl/5.31.4/Class/C3/Componentised.pm line 146
	Class::C3::Componentised::ensure_class_loaded('DBIx::Class::ResultSource::Table=HASH(0x55f0a2e0d640)', 'DBIx::Class::ResultSet::Graph') called at /home/sand/src/perl/repoperls/installed-perls/host/k93msid/v5.31.3-146-g4a69216a74/1e0c/lib/site_perl/5.31.4/DBIx/Class/AccessorGroup.pm line 19
	DBIx::Class::AccessorGroup::get_component_class('DBIx::Class::ResultSource::Table=HASH(0x55f0a2e0d640)', 'resultset_class') called at (eval 197) line 2
	DBIx::Class::ResultSource::resultset_class('DBIx::Class::ResultSource::Table=HASH(0x55f0a2e0d640)') called at /home/sand/src/perl/repoperls/installed-perls/host/k93msid/v5.31.3-146-g4a69216a74/1e0c/lib/site_perl/5.31.4/DBIx/Class/ResultSource.pm line 1135
	DBIx::Class::ResultSource::resultset('DBIx::Class::ResultSource::Table=HASH(0x55f0a2e0d640)') called at /home/sand/src/perl/repoperls/installed-perls/host/k93msid/v5.31.3-146-g4a69216a74/1e0c/lib/site_perl/5.31.4/DBIx/Class/Schema.pm line 547
	DBIx::Class::Schema::resultset('TestLib::Schema=HASH(0x55f0a26cdd48)', 'Simple') called at /home/sand/src/perl/repoperls/installed-perls/host/k93msid/v5.31.3-146-g4a69216a74/1e0c/lib/site_perl/5.31.4/DBIx/Class/Schema.pm line 769
	DBIx::Class::Schema::populate('TestLib::Schema=HASH(0x55f0a26cdd48)', 'Simple', 'ARRAY(0x55f0a572ebd8)') called at t/lib/TestLib.pm line 20
	TestLib::new('TestLib') called at t/complex.t line 7
Compilation failed in require at /home/sand/src/perl/repoperls/installed-perls/host/k93msid/v5.31.3-146-g4a69216a74/1e0c/lib/site_perl/5.31.4/Class/C3/Componentised.pm line 146. at /home/sand/src/perl/repoperls/installed-perls/host/k93msid/v5.31.3-146-g4a69216a74/1e0c/lib/site_perl/5.31.4/Class/C3/Componentised.pm line 151
t/complex.t ................... 
Dubious, test returned 255 (wstat 65280, 0xff00)
No subtests run 
{UNKNOWN}: Could not generate inline handles for _graph->("" because : Failed to compile source: syntax error at (eval 757) line 21, near """( "


source:
#line 1 "inline delegation in DBIx::Class::ResultSet::Graph for _graph->("" (attribute declared in /home/sand/.cpan/privbuild/k93msid/DBIx-Class-Graph-1.05-6/blib/lib/DBIx/Class/Graph/Role/ResultSet.pm at line 22)"
sub {
    my $self = shift;

    my $proxy = $self->_graph;
    if ( !defined $proxy ) {
        die Module::Runtime::use_module("Moose::Exception::AttributeValueIsNotDefined")->new(method    => $self->meta->find_method_by_name("(\"\""),
instance  => $self,
attribute => $self->meta->find_attribute_by_name("_graph"),
);
    }
    elsif ( ref $proxy && !Scalar::Util::blessed($proxy) ) {
        die Module::Runtime::use_module("Moose::Exception::AttributeValueIsNotAnObject")->new(method      => $self->meta->find_method_by_name("(\"\""),
instance    => $self,
attribute   => $self->meta->find_attribute_by_name("_graph"),
given_value => $proxy,
);
    }
    return $proxy->(""( @_ );
}
 at /home/sand/src/perl/repoperls/installed-perls/host/k93msid/v5.31.3-146-g4a69216a74/1e0c/lib/site_perl/5.31.4/x86_64-linux-thread-multi/Class/MOP/Method/Generated.pm line 56.
 at /home/sand/src/perl/repoperls/installed-perls/host/k93msid/v5.31.3-146-g4a69216a74/1e0c/lib/site_perl/5.31.4/x86_64-linux-thread-multi/Moose/Meta/Method/Delegation.pm line 154
	Moose::Meta::Method::Delegation::catch {...} ('Failed to compile source: syntax error at (eval 757) line 21, near """( "^J^J^Jsource:^J#line 1 "inline delegation in DBIx::Class::ResultSet::Graph for _graph->("" (attribute declared in /home/sand/.cpan/privbuild/k93msid/DBIx-Class-Graph-1.05-6/blib/lib/DBIx/Class/Graph/Role/ResultSet.pm at line 22)"^Jsub {^J    my $self = shift;^J^J    my $proxy = $self->_graph;^J    if ( !defined $proxy ) {^J        die Module::Runtime::use_module("Moose::Exception::AttributeValueIsNotDefined")->new(method    => $self->meta->find_method_by_name("(\"\""),^Jinstance  => $self,^Jattribute => $self->meta->find_attribute_by_name("_graph"),^J);^J    }^J    elsif ( ref $proxy && !Scalar::Util::blessed($proxy) ) {^J        die Module::Runtime::use_module("Moose::Exception::AttributeValueIsNotAnObject")->new(method      => $self->meta->find_method_by_name("(\"\""),^Jinstance    => $self,^Jattribute   => $self->meta->find_attribute_by_name("_graph"),^Jgiven_value => $proxy,^J);^J    }^J    return $proxy->(""( @_ );^J}^J at /home/sand/src/perl/repoperls/installed-perls/host/k93msid/v5.31.3-146-g4a69216a74/1e0c/lib/site_perl/5.31.4/x86_64-linux-thread-multi/Class/MOP/Method/Generated.pm line 56.^J') called at /home/sand/src/perl/repoperls/installed-perls/host/k93msid/v5.31.3-146-g4a69216a74/1e0c/lib/site_perl/5.31.4/Try/Tiny.pm line 123
	Try::Tiny::try('CODE(0x55d62a014330)', 'Try::Tiny::Catch=REF(0x55d629fc77f8)') called at /home/sand/src/perl/repoperls/installed-perls/host/k93msid/v5.31.3-146-g4a69216a74/1e0c/lib/site_perl/5.31.4/x86_64-linux-thread-multi/Moose/Meta/Method/Delegation.pm line 160
	Moose::Meta::Method::Delegation::_generate_inline_method('Moose::Meta::Method::Delegation=HASH(0x55d6275d2c78)') called at /home/sand/src/perl/repoperls/installed-perls/host/k93msid/v5.31.3-146-g4a69216a74/1e0c/lib/site_perl/5.31.4/x86_64-linux-thread-multi/Moose/Meta/Method/Delegation.pm line 82
	Moose::Meta::Method::Delegation::_initialize_body('Moose::Meta::Method::Delegation=HASH(0x55d6275d2c78)') called at /home/sand/src/perl/repoperls/installed-perls/host/k93msid/v5.31.3-146-g4a69216a74/1e0c/lib/site_perl/5.31.4/x86_64-linux-thread-multi/Moose/Meta/Method/Delegation.pm line 54
	Moose::Meta::Method::Delegation::new('Moose::Meta::Method::Delegation', 'name', '(""', 'package_name', 'DBIx::Class::ResultSet::Graph', 'attribute', 'Moose::Meta::Attribute=HASH(0x55d6293c9370)', 'delegate_to_method', '(""', 'curried_arguments', 'ARRAY(0x55d627908ca8)') called at /home/sand/src/perl/repoperls/installed-perls/host/k93msid/v5.31.3-146-g4a69216a74/1e0c/lib/site_perl/5.31.4/x86_64-linux-thread-multi/Moose/Meta/Attribute.pm line 1299
	Moose::Meta::Attribute::_make_delegation_method('Moose::Meta::Attribute=HASH(0x55d6293c9370)', '(""', '(""') called at /home/sand/src/perl/repoperls/installed-perls/host/k93msid/v5.31.3-146-g4a69216a74/1e0c/lib/site_perl/5.31.4/x86_64-linux-thread-multi/Moose/Meta/Attribute.pm line 1166
	Moose::Meta::Attribute::install_delegation('Moose::Meta::Attribute=HASH(0x55d6293c9370)') called at /home/sand/src/perl/repoperls/installed-perls/host/k93msid/v5.31.3-146-g4a69216a74/1e0c/lib/site_perl/5.31.4/x86_64-linux-thread-multi/Moose/Meta/Attribute.pm line 1015
	Moose::Meta::Attribute::install_accessors('Moose::Meta::Attribute=HASH(0x55d6293c9370)') called at /home/sand/src/perl/repoperls/installed-perls/host/k93msid/v5.31.3-146-g4a69216a74/1e0c/lib/site_perl/5.31.4/x86_64-linux-thread-multi/Class/MOP/Class.pm line 899
	Class::MOP::Class::try {...}  at /home/sand/src/perl/repoperls/installed-perls/host/k93msid/v5.31.3-146-g4a69216a74/1e0c/lib/site_perl/5.31.4/Try/Tiny.pm line 102
	eval {...} at /home/sand/src/perl/repoperls/installed-perls/host/k93msid/v5.31.3-146-g4a69216a74/1e0c/lib/site_perl/5.31.4/Try/Tiny.pm line 93
	Try::Tiny::try('CODE(0x55d629fbad18)', 'Try::Tiny::Catch=REF(0x55d62939c5b8)') called at /home/sand/src/perl/repoperls/installed-perls/host/k93msid/v5.31.3-146-g4a69216a74/1e0c/lib/site_perl/5.31.4/x86_64-linux-thread-multi/Class/MOP/Class.pm line 904
	Class::MOP::Class::_post_add_attribute('Moose::Meta::Class=HASH(0x55d62938ece0)', 'Moose::Meta::Attribute=HASH(0x55d6293c9370)') called at /home/sand/src/perl/repoperls/installed-perls/host/k93msid/v5.31.3-146-g4a69216a74/1e0c/lib/site_perl/5.31.4/x86_64-linux-thread-multi/Class/MOP/Mixin/HasAttributes.pm line 39
	Class::MOP::Mixin::HasAttributes::add_attribute('Moose::Meta::Class=HASH(0x55d62938ece0)', 'Moose::Meta::Attribute=HASH(0x55d6293c9370)') called at /home/sand/src/perl/repoperls/installed-perls/host/k93msid/v5.31.3-146-g4a69216a74/1e0c/lib/site_perl/5.31.4/x86_64-linux-thread-multi/Moose/Meta/Class.pm line 585
	Moose::Meta::Class::add_attribute('Moose::Meta::Class=HASH(0x55d62938ece0)', 'Moose::Meta::Attribute=HASH(0x55d6293c9370)') called at /home/sand/src/perl/repoperls/installed-perls/host/k93msid/v5.31.3-146-g4a69216a74/1e0c/lib/site_perl/5.31.4/x86_64-linux-thread-multi/Moose/Meta/Role/Application/ToClass.pm line 126
	Moose::Meta::Role::Application::ToClass::apply_attributes('Moose::Meta::Role::Application::ToClass=HASH(0x55d62939c900)', 'Moose::Meta::Role=HASH(0x55d629fa61e8)', 'Moose::Meta::Class=HASH(0x55d62938ece0)') called at /home/sand/src/perl/repoperls/installed-perls/host/k93msid/v5.31.3-146-g4a69216a74/1e0c/lib/site_perl/5.31.4/x86_64-linux-thread-multi/Moose/Meta/Role/Application.pm line 59
	Moose::Meta::Role::Application::apply('Moose::Meta::Role::Application::ToClass=HASH(0x55d62939c900)', 'Moose::Meta::Role=HASH(0x55d629fa61e8)', 'Moose::Meta::Class=HASH(0x55d62938ece0)') called at /home/sand/src/perl/repoperls/installed-perls/host/k93msid/v5.31.3-146-g4a69216a74/1e0c/lib/site_perl/5.31.4/x86_64-linux-thread-multi/Moose/Meta/Role/Application/ToClass.pm line 31
	Moose::Meta::Role::Application::ToClass::apply('Moose::Meta::Role::Application::ToClass=HASH(0x55d62939c900)', 'Moose::Meta::Role=HASH(0x55d629fa61e8)', 'Moose::Meta::Class=HASH(0x55d62938ece0)', 'HASH(0x55d627c757a0)') called at /home/sand/src/perl/repoperls/installed-perls/host/k93msid/v5.31.3-146-g4a69216a74/1e0c/lib/site_perl/5.31.4/x86_64-linux-thread-multi/Moose/Meta/Role.pm line 472
	Moose::Meta::Role::apply('Moose::Meta::Role=HASH(0x55d629fa61e8)', 'Moose::Meta::Class=HASH(0x55d62938ece0)') called at /home/sand/src/perl/repoperls/installed-perls/host/k93msid/v5.31.3-146-g4a69216a74/1e0c/lib/site_perl/5.31.4/x86_64-linux-thread-multi/Moose/Util.pm line 171
	Moose::Util::_apply_all_roles('Moose::Meta::Class=HASH(0x55d62938ece0)', undef, 'DBIx::Class::Graph::Role::ResultSet') called at /home/sand/src/perl/repoperls/installed-perls/host/k93msid/v5.31.3-146-g4a69216a74/1e0c/lib/site_perl/5.31.4/x86_64-linux-thread-multi/Moose/Util.pm line 113
	Moose::Util::apply_all_roles('Moose::Meta::Class=HASH(0x55d62938ece0)', 'DBIx::Class::Graph::Role::ResultSet') called at /home/sand/src/perl/repoperls/installed-perls/host/k93msid/v5.31.3-146-g4a69216a74/1e0c/lib/site_perl/5.31.4/x86_64-linux-thread-multi/Moose.pm line 57
	Moose::with('Moose::Meta::Class=HASH(0x55d62938ece0)', 'DBIx::Class::Graph::Role::ResultSet') called at /home/sand/src/perl/repoperls/installed-perls/host/k93msid/v5.31.3-146-g4a69216a74/1e0c/lib/site_perl/5.31.4/x86_64-linux-thread-multi/Moose/Exporter.pm line 419
	Moose::with('DBIx::Class::Graph::Role::ResultSet') called at /home/sand/.cpan/privbuild/k93msid/DBIx-Class-Graph-1.05-6/blib/lib/DBIx/Class/ResultSet/Graph.pm line 19
	require DBIx/Class/ResultSet/Graph.pm at /home/sand/src/perl/repoperls/installed-perls/host/k93msid/v5.31.3-146-g4a69216a74/1e0c/lib/site_perl/5.31.4/Class/C3/Componentised.pm line 146
	eval {...} at /home/sand/src/perl/repoperls/installed-perls/host/k93msid/v5.31.3-146-g4a69216a74/1e0c/lib/site_perl/5.31.4/Class/C3/Componentised.pm line 146
	Class::C3::Componentised::ensure_class_loaded('DBIx::Class::ResultSource::Table=HASH(0x55d6262fa540)', 'DBIx::Class::ResultSet::Graph') called at /home/sand/src/perl/repoperls/installed-perls/host/k93msid/v5.31.3-146-g4a69216a74/1e0c/lib/site_perl/5.31.4/DBIx/Class/AccessorGroup.pm line 19
	DBIx::Class::AccessorGroup::get_component_class('DBIx::Class::ResultSource::Table=HASH(0x55d6262fa540)', 'resultset_class') called at (eval 197) line 2
	DBIx::Class::ResultSource::resultset_class('DBIx::Class::ResultSource::Table=HASH(0x55d6262fa540)') called at /home/sand/src/perl/repoperls/installed-perls/host/k93msid/v5.31.3-146-g4a69216a74/1e0c/lib/site_perl/5.31.4/DBIx/Class/ResultSource.pm line 1135
	DBIx::Class::ResultSource::resultset('DBIx::Class::ResultSource::Table=HASH(0x55d6262fa540)') called at /home/sand/src/perl/repoperls/installed-perls/host/k93msid/v5.31.3-146-g4a69216a74/1e0c/lib/site_perl/5.31.4/DBIx/Class/Schema.pm line 547
	DBIx::Class::Schema::resultset('TestLib::Schema=HASH(0x55d6262edd48)', 'Simple') called at /home/sand/src/perl/repoperls/installed-perls/host/k93msid/v5.31.3-146-g4a69216a74/1e0c/lib/site_perl/5.31.4/DBIx/Class/Schema.pm line 769
	DBIx::Class::Schema::populate('TestLib::Schema=HASH(0x55d6262edd48)', 'Simple', 'ARRAY(0x55d629391070)') called at t/lib/TestLib.pm line 20
	TestLib::new('TestLib') called at t/leak.t line 8
Compilation failed in require at /home/sand/src/perl/repoperls/installed-perls/host/k93msid/v5.31.3-146-g4a69216a74/1e0c/lib/site_perl/5.31.4/Class/C3/Componentised.pm line 146. at /home/sand/src/perl/repoperls/installed-perls/host/k93msid/v5.31.3-146-g4a69216a74/1e0c/lib/site_perl/5.31.4/Class/C3/Componentised.pm line 151
t/leak.t ...................... 
Dubious, test returned 255 (wstat 65280, 0xff00)
No subtests run 
t/release-has-version.t ....... skipped: these tests are for release candidate testing
t/release-kwalitee.t .......... skipped: these tests are for release candidate testing
t/release-minimum-version.t ... skipped: these tests are for release candidate testing
t/release-pod-coverage.t ...... skipped: these tests are for release candidate testing
t/release-pod-syntax.t ........ skipped: these tests are for release candidate testing
{UNKNOWN}: Could not generate inline handles for _graph->("" because : Failed to compile source: syntax error at (eval 757) line 21, near """( "


source:
#line 1 "inline delegation in DBIx::Class::ResultSet::Graph for _graph->("" (attribute declared in /home/sand/.cpan/privbuild/k93msid/DBIx-Class-Graph-1.05-6/blib/lib/DBIx/Class/Graph/Role/ResultSet.pm at line 22)"
sub {
    my $self = shift;

    my $proxy = $self->_graph;
    if ( !defined $proxy ) {
        die Module::Runtime::use_module("Moose::Exception::AttributeValueIsNotDefined")->new(method    => $self->meta->find_method_by_name("(\"\""),
instance  => $self,
attribute => $self->meta->find_attribute_by_name("_graph"),
);
    }
    elsif ( ref $proxy && !Scalar::Util::blessed($proxy) ) {
        die Module::Runtime::use_module("Moose::Exception::AttributeValueIsNotAnObject")->new(method      => $self->meta->find_method_by_name("(\"\""),
instance    => $self,
attribute   => $self->meta->find_attribute_by_name("_graph"),
given_value => $proxy,
);
    }
    return $proxy->(""( @_ );
}
 at /home/sand/src/perl/repoperls/installed-perls/host/k93msid/v5.31.3-146-g4a69216a74/1e0c/lib/site_perl/5.31.4/x86_64-linux-thread-multi/Class/MOP/Method/Generated.pm line 56.
 at /home/sand/src/perl/repoperls/installed-perls/host/k93msid/v5.31.3-146-g4a69216a74/1e0c/lib/site_perl/5.31.4/x86_64-linux-thread-multi/Moose/Meta/Method/Delegation.pm line 154
	Moose::Meta::Method::Delegation::catch {...} ('Failed to compile source: syntax error at (eval 757) line 21, near """( "^J^J^Jsource:^J#line 1 "inline delegation in DBIx::Class::ResultSet::Graph for _graph->("" (attribute declared in /home/sand/.cpan/privbuild/k93msid/DBIx-Class-Graph-1.05-6/blib/lib/DBIx/Class/Graph/Role/ResultSet.pm at line 22)"^Jsub {^J    my $self = shift;^J^J    my $proxy = $self->_graph;^J    if ( !defined $proxy ) {^J        die Module::Runtime::use_module("Moose::Exception::AttributeValueIsNotDefined")->new(method    => $self->meta->find_method_by_name("(\"\""),^Jinstance  => $self,^Jattribute => $self->meta->find_attribute_by_name("_graph"),^J);^J    }^J    elsif ( ref $proxy && !Scalar::Util::blessed($proxy) ) {^J        die Module::Runtime::use_module("Moose::Exception::AttributeValueIsNotAnObject")->new(method      => $self->meta->find_method_by_name("(\"\""),^Jinstance    => $self,^Jattribute   => $self->meta->find_attribute_by_name("_graph"),^Jgiven_value => $proxy,^J);^J    }^J    return $proxy->(""( @_ );^J}^J at /home/sand/src/perl/repoperls/installed-perls/host/k93msid/v5.31.3-146-g4a69216a74/1e0c/lib/site_perl/5.31.4/x86_64-linux-thread-multi/Class/MOP/Method/Generated.pm line 56.^J') called at /home/sand/src/perl/repoperls/installed-perls/host/k93msid/v5.31.3-146-g4a69216a74/1e0c/lib/site_perl/5.31.4/Try/Tiny.pm line 123
	Try::Tiny::try('CODE(0x555576d2b830)', 'Try::Tiny::Catch=REF(0x5555760dc278)') called at /home/sand/src/perl/repoperls/installed-perls/host/k93msid/v5.31.3-146-g4a69216a74/1e0c/lib/site_perl/5.31.4/x86_64-linux-thread-multi/Moose/Meta/Method/Delegation.pm line 160
	Moose::Meta::Method::Delegation::_generate_inline_method('Moose::Meta::Method::Delegation=HASH(0x5555742eca38)') called at /home/sand/src/perl/repoperls/installed-perls/host/k93msid/v5.31.3-146-g4a69216a74/1e0c/lib/site_perl/5.31.4/x86_64-linux-thread-multi/Moose/Meta/Method/Delegation.pm line 82
	Moose::Meta::Method::Delegation::_initialize_body('Moose::Meta::Method::Delegation=HASH(0x5555742eca38)') called at /home/sand/src/perl/repoperls/installed-perls/host/k93msid/v5.31.3-146-g4a69216a74/1e0c/lib/site_perl/5.31.4/x86_64-linux-thread-multi/Moose/Meta/Method/Delegation.pm line 54
	Moose::Meta::Method::Delegation::new('Moose::Meta::Method::Delegation', 'name', '(""', 'package_name', 'DBIx::Class::ResultSet::Graph', 'attribute', 'Moose::Meta::Attribute=HASH(0x5555760db678)', 'delegate_to_method', '(""', 'curried_arguments', 'ARRAY(0x555574623318)') called at /home/sand/src/perl/repoperls/installed-perls/host/k93msid/v5.31.3-146-g4a69216a74/1e0c/lib/site_perl/5.31.4/x86_64-linux-thread-multi/Moose/Meta/Attribute.pm line 1299
	Moose::Meta::Attribute::_make_delegation_method('Moose::Meta::Attribute=HASH(0x5555760db678)', '(""', '(""') called at /home/sand/src/perl/repoperls/installed-perls/host/k93msid/v5.31.3-146-g4a69216a74/1e0c/lib/site_perl/5.31.4/x86_64-linux-thread-multi/Moose/Meta/Attribute.pm line 1166
	Moose::Meta::Attribute::install_delegation('Moose::Meta::Attribute=HASH(0x5555760db678)') called at /home/sand/src/perl/repoperls/installed-perls/host/k93msid/v5.31.3-146-g4a69216a74/1e0c/lib/site_perl/5.31.4/x86_64-linux-thread-multi/Moose/Meta/Attribute.pm line 1015
	Moose::Meta::Attribute::install_accessors('Moose::Meta::Attribute=HASH(0x5555760db678)') called at /home/sand/src/perl/repoperls/installed-perls/host/k93msid/v5.31.3-146-g4a69216a74/1e0c/lib/site_perl/5.31.4/x86_64-linux-thread-multi/Class/MOP/Class.pm line 899
	Class::MOP::Class::try {...}  at /home/sand/src/perl/repoperls/installed-perls/host/k93msid/v5.31.3-146-g4a69216a74/1e0c/lib/site_perl/5.31.4/Try/Tiny.pm line 102
	eval {...} at /home/sand/src/perl/repoperls/installed-perls/host/k93msid/v5.31.3-146-g4a69216a74/1e0c/lib/site_perl/5.31.4/Try/Tiny.pm line 93
	Try::Tiny::try('CODE(0x555576cd0310)', 'Try::Tiny::Catch=REF(0x5555760d73d0)') called at /home/sand/src/perl/repoperls/installed-perls/host/k93msid/v5.31.3-146-g4a69216a74/1e0c/lib/site_perl/5.31.4/x86_64-linux-thread-multi/Class/MOP/Class.pm line 904
	Class::MOP::Class::_post_add_attribute('Moose::Meta::Class=HASH(0x5555760d7310)', 'Moose::Meta::Attribute=HASH(0x5555760db678)') called at /home/sand/src/perl/repoperls/installed-perls/host/k93msid/v5.31.3-146-g4a69216a74/1e0c/lib/site_perl/5.31.4/x86_64-linux-thread-multi/Class/MOP/Mixin/HasAttributes.pm line 39
	Class::MOP::Mixin::HasAttributes::add_attribute('Moose::Meta::Class=HASH(0x5555760d7310)', 'Moose::Meta::Attribute=HASH(0x5555760db678)') called at /home/sand/src/perl/repoperls/installed-perls/host/k93msid/v5.31.3-146-g4a69216a74/1e0c/lib/site_perl/5.31.4/x86_64-linux-thread-multi/Moose/Meta/Class.pm line 585
	Moose::Meta::Class::add_attribute('Moose::Meta::Class=HASH(0x5555760d7310)', 'Moose::Meta::Attribute=HASH(0x5555760db678)') called at /home/sand/src/perl/repoperls/installed-perls/host/k93msid/v5.31.3-146-g4a69216a74/1e0c/lib/site_perl/5.31.4/x86_64-linux-thread-multi/Moose/Meta/Role/Application/ToClass.pm line 126
	Moose::Meta::Role::Application::ToClass::apply_attributes('Moose::Meta::Role::Application::ToClass=HASH(0x555575ee6b88)', 'Moose::Meta::Role=HASH(0x5555767da550)', 'Moose::Meta::Class=HASH(0x5555760d7310)') called at /home/sand/src/perl/repoperls/installed-perls/host/k93msid/v5.31.3-146-g4a69216a74/1e0c/lib/site_perl/5.31.4/x86_64-linux-thread-multi/Moose/Meta/Role/Application.pm line 59
	Moose::Meta::Role::Application::apply('Moose::Meta::Role::Application::ToClass=HASH(0x555575ee6b88)', 'Moose::Meta::Role=HASH(0x5555767da550)', 'Moose::Meta::Class=HASH(0x5555760d7310)') called at /home/sand/src/perl/repoperls/installed-perls/host/k93msid/v5.31.3-146-g4a69216a74/1e0c/lib/site_perl/5.31.4/x86_64-linux-thread-multi/Moose/Meta/Role/Application/ToClass.pm line 31
	Moose::Meta::Role::Application::ToClass::apply('Moose::Meta::Role::Application::ToClass=HASH(0x555575ee6b88)', 'Moose::Meta::Role=HASH(0x5555767da550)', 'Moose::Meta::Class=HASH(0x5555760d7310)', 'HASH(0x55557498a640)') called at /home/sand/src/perl/repoperls/installed-perls/host/k93msid/v5.31.3-146-g4a69216a74/1e0c/lib/site_perl/5.31.4/x86_64-linux-thread-multi/Moose/Meta/Role.pm line 472
	Moose::Meta::Role::apply('Moose::Meta::Role=HASH(0x5555767da550)', 'Moose::Meta::Class=HASH(0x5555760d7310)') called at /home/sand/src/perl/repoperls/installed-perls/host/k93msid/v5.31.3-146-g4a69216a74/1e0c/lib/site_perl/5.31.4/x86_64-linux-thread-multi/Moose/Util.pm line 171
	Moose::Util::_apply_all_roles('Moose::Meta::Class=HASH(0x5555760d7310)', undef, 'DBIx::Class::Graph::Role::ResultSet') called at /home/sand/src/perl/repoperls/installed-perls/host/k93msid/v5.31.3-146-g4a69216a74/1e0c/lib/site_perl/5.31.4/x86_64-linux-thread-multi/Moose/Util.pm line 113
	Moose::Util::apply_all_roles('Moose::Meta::Class=HASH(0x5555760d7310)', 'DBIx::Class::Graph::Role::ResultSet') called at /home/sand/src/perl/repoperls/installed-perls/host/k93msid/v5.31.3-146-g4a69216a74/1e0c/lib/site_perl/5.31.4/x86_64-linux-thread-multi/Moose.pm line 57
	Moose::with('Moose::Meta::Class=HASH(0x5555760d7310)', 'DBIx::Class::Graph::Role::ResultSet') called at /home/sand/src/perl/repoperls/installed-perls/host/k93msid/v5.31.3-146-g4a69216a74/1e0c/lib/site_perl/5.31.4/x86_64-linux-thread-multi/Moose/Exporter.pm line 419
	Moose::with('DBIx::Class::Graph::Role::ResultSet') called at /home/sand/.cpan/privbuild/k93msid/DBIx-Class-Graph-1.05-6/blib/lib/DBIx/Class/ResultSet/Graph.pm line 19
	require DBIx/Class/ResultSet/Graph.pm at /home/sand/src/perl/repoperls/installed-perls/host/k93msid/v5.31.3-146-g4a69216a74/1e0c/lib/site_perl/5.31.4/Class/C3/Componentised.pm line 146
	eval {...} at /home/sand/src/perl/repoperls/installed-perls/host/k93msid/v5.31.3-146-g4a69216a74/1e0c/lib/site_perl/5.31.4/Class/C3/Componentised.pm line 146
	Class::C3::Componentised::ensure_class_loaded('DBIx::Class::ResultSource::Table=HASH(0x5555730593d8)', 'DBIx::Class::ResultSet::Graph') called at /home/sand/src/perl/repoperls/installed-perls/host/k93msid/v5.31.3-146-g4a69216a74/1e0c/lib/site_perl/5.31.4/DBIx/Class/AccessorGroup.pm line 19
	DBIx::Class::AccessorGroup::get_component_class('DBIx::Class::ResultSource::Table=HASH(0x5555730593d8)', 'resultset_class') called at (eval 197) line 2
	DBIx::Class::ResultSource::resultset_class('DBIx::Class::ResultSource::Table=HASH(0x5555730593d8)') called at /home/sand/src/perl/repoperls/installed-perls/host/k93msid/v5.31.3-146-g4a69216a74/1e0c/lib/site_perl/5.31.4/DBIx/Class/ResultSource.pm line 1135
	DBIx::Class::ResultSource::resultset('DBIx::Class::ResultSource::Table=HASH(0x5555730593d8)') called at /home/sand/src/perl/repoperls/installed-perls/host/k93msid/v5.31.3-146-g4a69216a74/1e0c/lib/site_perl/5.31.4/DBIx/Class/Schema.pm line 547
	DBIx::Class::Schema::resultset('TestLib::Schema=HASH(0x55557304cd48)', 'Simple') called at /home/sand/src/perl/repoperls/installed-perls/host/k93msid/v5.31.3-146-g4a69216a74/1e0c/lib/site_perl/5.31.4/DBIx/Class/Schema.pm line 769
	DBIx::Class::Schema::populate('TestLib::Schema=HASH(0x55557304cd48)', 'Simple', 'ARRAY(0x55557602b358)') called at t/lib/TestLib.pm line 20
	TestLib::new('TestLib') called at t/result.t line 7
Compilation failed in require at /home/sand/src/perl/repoperls/installed-perls/host/k93msid/v5.31.3-146-g4a69216a74/1e0c/lib/site_perl/5.31.4/Class/C3/Componentised.pm line 146. at /home/sand/src/perl/repoperls/installed-perls/host/k93msid/v5.31.3-146-g4a69216a74/1e0c/lib/site_perl/5.31.4/Class/C3/Componentised.pm line 151
t/result.t .................... 
Dubious, test returned 255 (wstat 65280, 0xff00)
No subtests run 
{UNKNOWN}: Could not generate inline handles for _graph->("" because : Failed to compile source: syntax error at (eval 757) line 21, near """( "


source:
#line 1 "inline delegation in DBIx::Class::ResultSet::Graph for _graph->("" (attribute declared in /home/sand/.cpan/privbuild/k93msid/DBIx-Class-Graph-1.05-6/blib/lib/DBIx/Class/Graph/Role/ResultSet.pm at line 22)"
sub {
    my $self = shift;

    my $proxy = $self->_graph;
    if ( !defined $proxy ) {
        die Module::Runtime::use_module("Moose::Exception::AttributeValueIsNotDefined")->new(method    => $self->meta->find_method_by_name("(\"\""),
instance  => $self,
attribute => $self->meta->find_attribute_by_name("_graph"),
);
    }
    elsif ( ref $proxy && !Scalar::Util::blessed($proxy) ) {
        die Module::Runtime::use_module("Moose::Exception::AttributeValueIsNotAnObject")->new(method      => $self->meta->find_method_by_name("(\"\""),
instance    => $self,
attribute   => $self->meta->find_attribute_by_name("_graph"),
given_value => $proxy,
);
    }
    return $proxy->(""( @_ );
}
 at /home/sand/src/perl/repoperls/installed-perls/host/k93msid/v5.31.3-146-g4a69216a74/1e0c/lib/site_perl/5.31.4/x86_64-linux-thread-multi/Class/MOP/Method/Generated.pm line 56.
 at /home/sand/src/perl/repoperls/installed-perls/host/k93msid/v5.31.3-146-g4a69216a74/1e0c/lib/site_perl/5.31.4/x86_64-linux-thread-multi/Moose/Meta/Method/Delegation.pm line 154
	Moose::Meta::Method::Delegation::catch {...} ('Failed to compile source: syntax error at (eval 757) line 21, near """( "^J^J^Jsource:^J#line 1 "inline delegation in DBIx::Class::ResultSet::Graph for _graph->("" (attribute declared in /home/sand/.cpan/privbuild/k93msid/DBIx-Class-Graph-1.05-6/blib/lib/DBIx/Class/Graph/Role/ResultSet.pm at line 22)"^Jsub {^J    my $self = shift;^J^J    my $proxy = $self->_graph;^J    if ( !defined $proxy ) {^J        die Module::Runtime::use_module("Moose::Exception::AttributeValueIsNotDefined")->new(method    => $self->meta->find_method_by_name("(\"\""),^Jinstance  => $self,^Jattribute => $self->meta->find_attribute_by_name("_graph"),^J);^J    }^J    elsif ( ref $proxy && !Scalar::Util::blessed($proxy) ) {^J        die Module::Runtime::use_module("Moose::Exception::AttributeValueIsNotAnObject")->new(method      => $self->meta->find_method_by_name("(\"\""),^Jinstance    => $self,^Jattribute   => $self->meta->find_attribute_by_name("_graph"),^Jgiven_value => $proxy,^J);^J    }^J    return $proxy->(""( @_ );^J}^J at /home/sand/src/perl/repoperls/installed-perls/host/k93msid/v5.31.3-146-g4a69216a74/1e0c/lib/site_perl/5.31.4/x86_64-linux-thread-multi/Class/MOP/Method/Generated.pm line 56.^J') called at /home/sand/src/perl/repoperls/installed-perls/host/k93msid/v5.31.3-146-g4a69216a74/1e0c/lib/site_perl/5.31.4/Try/Tiny.pm line 123
	Try::Tiny::try('CODE(0x55b9f301eda8)', 'Try::Tiny::Catch=REF(0x55b9f2fd27c0)') called at /home/sand/src/perl/repoperls/installed-perls/host/k93msid/v5.31.3-146-g4a69216a74/1e0c/lib/site_perl/5.31.4/x86_64-linux-thread-multi/Moose/Meta/Method/Delegation.pm line 160
	Moose::Meta::Method::Delegation::_generate_inline_method('Moose::Meta::Method::Delegation=HASH(0x55b9f05e03b8)') called at /home/sand/src/perl/repoperls/installed-perls/host/k93msid/v5.31.3-146-g4a69216a74/1e0c/lib/site_perl/5.31.4/x86_64-linux-thread-multi/Moose/Meta/Method/Delegation.pm line 82
	Moose::Meta::Method::Delegation::_initialize_body('Moose::Meta::Method::Delegation=HASH(0x55b9f05e03b8)') called at /home/sand/src/perl/repoperls/installed-perls/host/k93msid/v5.31.3-146-g4a69216a74/1e0c/lib/site_perl/5.31.4/x86_64-linux-thread-multi/Moose/Meta/Method/Delegation.pm line 54
	Moose::Meta::Method::Delegation::new('Moose::Meta::Method::Delegation', 'name', '(""', 'package_name', 'DBIx::Class::ResultSet::Graph', 'attribute', 'Moose::Meta::Attribute=HASH(0x55b9f2fd1bc0)', 'delegate_to_method', '(""', 'curried_arguments', 'ARRAY(0x55b9f0916868)') called at /home/sand/src/perl/repoperls/installed-perls/host/k93msid/v5.31.3-146-g4a69216a74/1e0c/lib/site_perl/5.31.4/x86_64-linux-thread-multi/Moose/Meta/Attribute.pm line 1299
	Moose::Meta::Attribute::_make_delegation_method('Moose::Meta::Attribute=HASH(0x55b9f2fd1bc0)', '(""', '(""') called at /home/sand/src/perl/repoperls/installed-perls/host/k93msid/v5.31.3-146-g4a69216a74/1e0c/lib/site_perl/5.31.4/x86_64-linux-thread-multi/Moose/Meta/Attribute.pm line 1166
	Moose::Meta::Attribute::install_delegation('Moose::Meta::Attribute=HASH(0x55b9f2fd1bc0)') called at /home/sand/src/perl/repoperls/installed-perls/host/k93msid/v5.31.3-146-g4a69216a74/1e0c/lib/site_perl/5.31.4/x86_64-linux-thread-multi/Moose/Meta/Attribute.pm line 1015
	Moose::Meta::Attribute::install_accessors('Moose::Meta::Attribute=HASH(0x55b9f2fd1bc0)') called at /home/sand/src/perl/repoperls/installed-perls/host/k93msid/v5.31.3-146-g4a69216a74/1e0c/lib/site_perl/5.31.4/x86_64-linux-thread-multi/Class/MOP/Class.pm line 899
	Class::MOP::Class::try {...}  at /home/sand/src/perl/repoperls/installed-perls/host/k93msid/v5.31.3-146-g4a69216a74/1e0c/lib/site_perl/5.31.4/Try/Tiny.pm line 102
	eval {...} at /home/sand/src/perl/repoperls/installed-perls/host/k93msid/v5.31.3-146-g4a69216a74/1e0c/lib/site_perl/5.31.4/Try/Tiny.pm line 93
	Try::Tiny::try('CODE(0x55b9f2fc4558)', 'Try::Tiny::Catch=REF(0x55b9f236aa90)') called at /home/sand/src/perl/repoperls/installed-perls/host/k93msid/v5.31.3-146-g4a69216a74/1e0c/lib/site_perl/5.31.4/x86_64-linux-thread-multi/Class/MOP/Class.pm line 904
	Class::MOP::Class::_post_add_attribute('Moose::Meta::Class=HASH(0x55b9f236ef30)', 'Moose::Meta::Attribute=HASH(0x55b9f2fd1bc0)') called at /home/sand/src/perl/repoperls/installed-perls/host/k93msid/v5.31.3-146-g4a69216a74/1e0c/lib/site_perl/5.31.4/x86_64-linux-thread-multi/Class/MOP/Mixin/HasAttributes.pm line 39
	Class::MOP::Mixin::HasAttributes::add_attribute('Moose::Meta::Class=HASH(0x55b9f236ef30)', 'Moose::Meta::Attribute=HASH(0x55b9f2fd1bc0)') called at /home/sand/src/perl/repoperls/installed-perls/host/k93msid/v5.31.3-146-g4a69216a74/1e0c/lib/site_perl/5.31.4/x86_64-linux-thread-multi/Moose/Meta/Class.pm line 585
	Moose::Meta::Class::add_attribute('Moose::Meta::Class=HASH(0x55b9f236ef30)', 'Moose::Meta::Attribute=HASH(0x55b9f2fd1bc0)') called at /home/sand/src/perl/repoperls/installed-perls/host/k93msid/v5.31.3-146-g4a69216a74/1e0c/lib/site_perl/5.31.4/x86_64-linux-thread-multi/Moose/Meta/Role/Application/ToClass.pm line 126
	Moose::Meta::Role::Application::ToClass::apply_attributes('Moose::Meta::Role::Application::ToClass=HASH(0x55b9f236f9b0)', 'Moose::Meta::Role=HASH(0x55b9f2ace238)', 'Moose::Meta::Class=HASH(0x55b9f236ef30)') called at /home/sand/src/perl/repoperls/installed-perls/host/k93msid/v5.31.3-146-g4a69216a74/1e0c/lib/site_perl/5.31.4/x86_64-linux-thread-multi/Moose/Meta/Role/Application.pm line 59
	Moose::Meta::Role::Application::apply('Moose::Meta::Role::Application::ToClass=HASH(0x55b9f236f9b0)', 'Moose::Meta::Role=HASH(0x55b9f2ace238)', 'Moose::Meta::Class=HASH(0x55b9f236ef30)') called at /home/sand/src/perl/repoperls/installed-perls/host/k93msid/v5.31.3-146-g4a69216a74/1e0c/lib/site_perl/5.31.4/x86_64-linux-thread-multi/Moose/Meta/Role/Application/ToClass.pm line 31
	Moose::Meta::Role::Application::ToClass::apply('Moose::Meta::Role::Application::ToClass=HASH(0x55b9f236f9b0)', 'Moose::Meta::Role=HASH(0x55b9f2ace238)', 'Moose::Meta::Class=HASH(0x55b9f236ef30)', 'HASH(0x55b9f0c7ea70)') called at /home/sand/src/perl/repoperls/installed-perls/host/k93msid/v5.31.3-146-g4a69216a74/1e0c/lib/site_perl/5.31.4/x86_64-linux-thread-multi/Moose/Meta/Role.pm line 472
	Moose::Meta::Role::apply('Moose::Meta::Role=HASH(0x55b9f2ace238)', 'Moose::Meta::Class=HASH(0x55b9f236ef30)') called at /home/sand/src/perl/repoperls/installed-perls/host/k93msid/v5.31.3-146-g4a69216a74/1e0c/lib/site_perl/5.31.4/x86_64-linux-thread-multi/Moose/Util.pm line 171
	Moose::Util::_apply_all_roles('Moose::Meta::Class=HASH(0x55b9f236ef30)', undef, 'DBIx::Class::Graph::Role::ResultSet') called at /home/sand/src/perl/repoperls/installed-perls/host/k93msid/v5.31.3-146-g4a69216a74/1e0c/lib/site_perl/5.31.4/x86_64-linux-thread-multi/Moose/Util.pm line 113
	Moose::Util::apply_all_roles('Moose::Meta::Class=HASH(0x55b9f236ef30)', 'DBIx::Class::Graph::Role::ResultSet') called at /home/sand/src/perl/repoperls/installed-perls/host/k93msid/v5.31.3-146-g4a69216a74/1e0c/lib/site_perl/5.31.4/x86_64-linux-thread-multi/Moose.pm line 57
	Moose::with('Moose::Meta::Class=HASH(0x55b9f236ef30)', 'DBIx::Class::Graph::Role::ResultSet') called at /home/sand/src/perl/repoperls/installed-perls/host/k93msid/v5.31.3-146-g4a69216a74/1e0c/lib/site_perl/5.31.4/x86_64-linux-thread-multi/Moose/Exporter.pm line 419
	Moose::with('DBIx::Class::Graph::Role::ResultSet') called at /home/sand/.cpan/privbuild/k93msid/DBIx-Class-Graph-1.05-6/blib/lib/DBIx/Class/ResultSet/Graph.pm line 19
	require DBIx/Class/ResultSet/Graph.pm at /home/sand/src/perl/repoperls/installed-perls/host/k93msid/v5.31.3-146-g4a69216a74/1e0c/lib/site_perl/5.31.4/Class/C3/Componentised.pm line 146
	eval {...} at /home/sand/src/perl/repoperls/installed-perls/host/k93msid/v5.31.3-146-g4a69216a74/1e0c/lib/site_perl/5.31.4/Class/C3/Componentised.pm line 146
	Class::C3::Componentised::ensure_class_loaded('DBIx::Class::ResultSource::Table=HASH(0x55b9f12912e0)', 'DBIx::Class::ResultSet::Graph') called at /home/sand/src/perl/repoperls/installed-perls/host/k93msid/v5.31.3-146-g4a69216a74/1e0c/lib/site_perl/5.31.4/DBIx/Class/AccessorGroup.pm line 19
	DBIx::Class::AccessorGroup::get_component_class('DBIx::Class::ResultSource::Table=HASH(0x55b9f12912e0)', 'resultset_class') called at (eval 197) line 2
	DBIx::Class::ResultSource::resultset_class('DBIx::Class::ResultSource::Table=HASH(0x55b9f12912e0)') called at /home/sand/src/perl/repoperls/installed-perls/host/k93msid/v5.31.3-146-g4a69216a74/1e0c/lib/site_perl/5.31.4/DBIx/Class/ResultSource.pm line 1135
	DBIx::Class::ResultSource::resultset('DBIx::Class::ResultSource::Table=HASH(0x55b9f12912e0)') called at /home/sand/src/perl/repoperls/installed-perls/host/k93msid/v5.31.3-146-g4a69216a74/1e0c/lib/site_perl/5.31.4/DBIx/Class/Schema.pm line 547
	DBIx::Class::Schema::resultset('TestLib::Schema=HASH(0x55b9ef33fd48)', 'Simple') called at /home/sand/src/perl/repoperls/installed-perls/host/k93msid/v5.31.3-146-g4a69216a74/1e0c/lib/site_perl/5.31.4/DBIx/Class/Schema.pm line 769
	DBIx::Class::Schema::populate('TestLib::Schema=HASH(0x55b9ef33fd48)', 'Simple', 'ARRAY(0x55b9f236f0f8)') called at t/lib/TestLib.pm line 20
	TestLib::new('TestLib') called at t/resultset.t line 7
Compilation failed in require at /home/sand/src/perl/repoperls/installed-perls/host/k93msid/v5.31.3-146-g4a69216a74/1e0c/lib/site_perl/5.31.4/Class/C3/Componentised.pm line 146. at /home/sand/src/perl/repoperls/installed-perls/host/k93msid/v5.31.3-146-g4a69216a74/1e0c/lib/site_perl/5.31.4/Class/C3/Componentised.pm line 151
t/resultset.t ................. 
Dubious, test returned 255 (wstat 65280, 0xff00)
No subtests run 
{UNKNOWN}: Could not generate inline handles for _graph->("" because : Failed to compile source: syntax error at (eval 758) line 21, near """( "


source:
#line 1 "inline delegation in DBIx::Class::ResultSet::Graph for _graph->("" (attribute declared in /home/sand/.cpan/privbuild/k93msid/DBIx-Class-Graph-1.05-6/blib/lib/DBIx/Class/Graph/Role/ResultSet.pm at line 22)"
sub {
    my $self = shift;

    my $proxy = $self->_graph;
    if ( !defined $proxy ) {
        die Module::Runtime::use_module("Moose::Exception::AttributeValueIsNotDefined")->new(method    => $self->meta->find_method_by_name("(\"\""),
instance  => $self,
attribute => $self->meta->find_attribute_by_name("_graph"),
);
    }
    elsif ( ref $proxy && !Scalar::Util::blessed($proxy) ) {
        die Module::Runtime::use_module("Moose::Exception::AttributeValueIsNotAnObject")->new(method      => $self->meta->find_method_by_name("(\"\""),
instance    => $self,
attribute   => $self->meta->find_attribute_by_name("_graph"),
given_value => $proxy,
);
    }
    return $proxy->(""( @_ );
}
 at /home/sand/src/perl/repoperls/installed-perls/host/k93msid/v5.31.3-146-g4a69216a74/1e0c/lib/site_perl/5.31.4/x86_64-linux-thread-multi/Class/MOP/Method/Generated.pm line 56.
 at /home/sand/src/perl/repoperls/installed-perls/host/k93msid/v5.31.3-146-g4a69216a74/1e0c/lib/site_perl/5.31.4/x86_64-linux-thread-multi/Moose/Meta/Method/Delegation.pm line 154
	Moose::Meta::Method::Delegation::catch {...} ('Failed to compile source: syntax error at (eval 758) line 21, near """( "^J^J^Jsource:^J#line 1 "inline delegation in DBIx::Class::ResultSet::Graph for _graph->("" (attribute declared in /home/sand/.cpan/privbuild/k93msid/DBIx-Class-Graph-1.05-6/blib/lib/DBIx/Class/Graph/Role/ResultSet.pm at line 22)"^Jsub {^J    my $self = shift;^J^J    my $proxy = $self->_graph;^J    if ( !defined $proxy ) {^J        die Module::Runtime::use_module("Moose::Exception::AttributeValueIsNotDefined")->new(method    => $self->meta->find_method_by_name("(\"\""),^Jinstance  => $self,^Jattribute => $self->meta->find_attribute_by_name("_graph"),^J);^J    }^J    elsif ( ref $proxy && !Scalar::Util::blessed($proxy) ) {^J        die Module::Runtime::use_module("Moose::Exception::AttributeValueIsNotAnObject")->new(method      => $self->meta->find_method_by_name("(\"\""),^Jinstance    => $self,^Jattribute   => $self->meta->find_attribute_by_name("_graph"),^Jgiven_value => $proxy,^J);^J    }^J    return $proxy->(""( @_ );^J}^J at /home/sand/src/perl/repoperls/installed-perls/host/k93msid/v5.31.3-146-g4a69216a74/1e0c/lib/site_perl/5.31.4/x86_64-linux-thread-multi/Class/MOP/Method/Generated.pm line 56.^J') called at /home/sand/src/perl/repoperls/installed-perls/host/k93msid/v5.31.3-146-g4a69216a74/1e0c/lib/site_perl/5.31.4/Try/Tiny.pm line 123
	Try::Tiny::try('CODE(0x557640f380c0)', 'Try::Tiny::Catch=REF(0x557640ee9fc8)') called at /home/sand/src/perl/repoperls/installed-perls/host/k93msid/v5.31.3-146-g4a69216a74/1e0c/lib/site_perl/5.31.4/x86_64-linux-thread-multi/Moose/Meta/Method/Delegation.pm line 160
	Moose::Meta::Method::Delegation::_generate_inline_method('Moose::Meta::Method::Delegation=HASH(0x55763e4f4ea8)') called at /home/sand/src/perl/repoperls/installed-perls/host/k93msid/v5.31.3-146-g4a69216a74/1e0c/lib/site_perl/5.31.4/x86_64-linux-thread-multi/Moose/Meta/Method/Delegation.pm line 82
	Moose::Meta::Method::Delegation::_initialize_body('Moose::Meta::Method::Delegation=HASH(0x55763e4f4ea8)') called at /home/sand/src/perl/repoperls/installed-perls/host/k93msid/v5.31.3-146-g4a69216a74/1e0c/lib/site_perl/5.31.4/x86_64-linux-thread-multi/Moose/Meta/Method/Delegation.pm line 54
	Moose::Meta::Method::Delegation::new('Moose::Meta::Method::Delegation', 'name', '(""', 'package_name', 'DBIx::Class::ResultSet::Graph', 'attribute', 'Moose::Meta::Attribute=HASH(0x5576402ed788)', 'delegate_to_method', '(""', 'curried_arguments', 'ARRAY(0x55763e82c888)') called at /home/sand/src/perl/repoperls/installed-perls/host/k93msid/v5.31.3-146-g4a69216a74/1e0c/lib/site_perl/5.31.4/x86_64-linux-thread-multi/Moose/Meta/Attribute.pm line 1299
	Moose::Meta::Attribute::_make_delegation_method('Moose::Meta::Attribute=HASH(0x5576402ed788)', '(""', '(""') called at /home/sand/src/perl/repoperls/installed-perls/host/k93msid/v5.31.3-146-g4a69216a74/1e0c/lib/site_perl/5.31.4/x86_64-linux-thread-multi/Moose/Meta/Attribute.pm line 1166
	Moose::Meta::Attribute::install_delegation('Moose::Meta::Attribute=HASH(0x5576402ed788)') called at /home/sand/src/perl/repoperls/installed-perls/host/k93msid/v5.31.3-146-g4a69216a74/1e0c/lib/site_perl/5.31.4/x86_64-linux-thread-multi/Moose/Meta/Attribute.pm line 1015
	Moose::Meta::Attribute::install_accessors('Moose::Meta::Attribute=HASH(0x5576402ed788)') called at /home/sand/src/perl/repoperls/installed-perls/host/k93msid/v5.31.3-146-g4a69216a74/1e0c/lib/site_perl/5.31.4/x86_64-linux-thread-multi/Class/MOP/Class.pm line 899
	Class::MOP::Class::try {...}  at /home/sand/src/perl/repoperls/installed-perls/host/k93msid/v5.31.3-146-g4a69216a74/1e0c/lib/site_perl/5.31.4/Try/Tiny.pm line 102
	eval {...} at /home/sand/src/perl/repoperls/installed-perls/host/k93msid/v5.31.3-146-g4a69216a74/1e0c/lib/site_perl/5.31.4/Try/Tiny.pm line 93
	Try::Tiny::try('CODE(0x5576402ed050)', 'Try::Tiny::Catch=REF(0x5576402ed3b0)') called at /home/sand/src/perl/repoperls/installed-perls/host/k93msid/v5.31.3-146-g4a69216a74/1e0c/lib/site_perl/5.31.4/x86_64-linux-thread-multi/Class/MOP/Class.pm line 904
	Class::MOP::Class::_post_add_attribute('Moose::Meta::Class=HASH(0x5576402b0d08)', 'Moose::Meta::Attribute=HASH(0x5576402ed788)') called at /home/sand/src/perl/repoperls/installed-perls/host/k93msid/v5.31.3-146-g4a69216a74/1e0c/lib/site_perl/5.31.4/x86_64-linux-thread-multi/Class/MOP/Mixin/HasAttributes.pm line 39
	Class::MOP::Mixin::HasAttributes::add_attribute('Moose::Meta::Class=HASH(0x5576402b0d08)', 'Moose::Meta::Attribute=HASH(0x5576402ed788)') called at /home/sand/src/perl/repoperls/installed-perls/host/k93msid/v5.31.3-146-g4a69216a74/1e0c/lib/site_perl/5.31.4/x86_64-linux-thread-multi/Moose/Meta/Class.pm line 585
	Moose::Meta::Class::add_attribute('Moose::Meta::Class=HASH(0x5576402b0d08)', 'Moose::Meta::Attribute=HASH(0x5576402ed788)') called at /home/sand/src/perl/repoperls/installed-perls/host/k93msid/v5.31.3-146-g4a69216a74/1e0c/lib/site_perl/5.31.4/x86_64-linux-thread-multi/Moose/Meta/Role/Application/ToClass.pm line 126
	Moose::Meta::Role::Application::ToClass::apply_attributes('Moose::Meta::Role::Application::ToClass=HASH(0x5576402b0528)', 'Moose::Meta::Role=HASH(0x5576409e79e8)', 'Moose::Meta::Class=HASH(0x5576402b0d08)') called at /home/sand/src/perl/repoperls/installed-perls/host/k93msid/v5.31.3-146-g4a69216a74/1e0c/lib/site_perl/5.31.4/x86_64-linux-thread-multi/Moose/Meta/Role/Application.pm line 59
	Moose::Meta::Role::Application::apply('Moose::Meta::Role::Application::ToClass=HASH(0x5576402b0528)', 'Moose::Meta::Role=HASH(0x5576409e79e8)', 'Moose::Meta::Class=HASH(0x5576402b0d08)') called at /home/sand/src/perl/repoperls/installed-perls/host/k93msid/v5.31.3-146-g4a69216a74/1e0c/lib/site_perl/5.31.4/x86_64-linux-thread-multi/Moose/Meta/Role/Application/ToClass.pm line 31
	Moose::Meta::Role::Application::ToClass::apply('Moose::Meta::Role::Application::ToClass=HASH(0x5576402b0528)', 'Moose::Meta::Role=HASH(0x5576409e79e8)', 'Moose::Meta::Class=HASH(0x5576402b0d08)', 'HASH(0x55763eb93df0)') called at /home/sand/src/perl/repoperls/installed-perls/host/k93msid/v5.31.3-146-g4a69216a74/1e0c/lib/site_perl/5.31.4/x86_64-linux-thread-multi/Moose/Meta/Role.pm line 472
	Moose::Meta::Role::apply('Moose::Meta::Role=HASH(0x5576409e79e8)', 'Moose::Meta::Class=HASH(0x5576402b0d08)') called at /home/sand/src/perl/repoperls/installed-perls/host/k93msid/v5.31.3-146-g4a69216a74/1e0c/lib/site_perl/5.31.4/x86_64-linux-thread-multi/Moose/Util.pm line 171
	Moose::Util::_apply_all_roles('Moose::Meta::Class=HASH(0x5576402b0d08)', undef, 'DBIx::Class::Graph::Role::ResultSet') called at /home/sand/src/perl/repoperls/installed-perls/host/k93msid/v5.31.3-146-g4a69216a74/1e0c/lib/site_perl/5.31.4/x86_64-linux-thread-multi/Moose/Util.pm line 113
	Moose::Util::apply_all_roles('Moose::Meta::Class=HASH(0x5576402b0d08)', 'DBIx::Class::Graph::Role::ResultSet') called at /home/sand/src/perl/repoperls/installed-perls/host/k93msid/v5.31.3-146-g4a69216a74/1e0c/lib/site_perl/5.31.4/x86_64-linux-thread-multi/Moose.pm line 57
	Moose::with('Moose::Meta::Class=HASH(0x5576402b0d08)', 'DBIx::Class::Graph::Role::ResultSet') called at /home/sand/src/perl/repoperls/installed-perls/host/k93msid/v5.31.3-146-g4a69216a74/1e0c/lib/site_perl/5.31.4/x86_64-linux-thread-multi/Moose/Exporter.pm line 419
	Moose::with('DBIx::Class::Graph::Role::ResultSet') called at /home/sand/.cpan/privbuild/k93msid/DBIx-Class-Graph-1.05-6/blib/lib/DBIx/Class/ResultSet/Graph.pm line 19
	require DBIx/Class/ResultSet/Graph.pm at /home/sand/src/perl/repoperls/installed-perls/host/k93msid/v5.31.3-146-g4a69216a74/1e0c/lib/site_perl/5.31.4/Class/C3/Componentised.pm line 146
	eval {...} at /home/sand/src/perl/repoperls/installed-perls/host/k93msid/v5.31.3-146-g4a69216a74/1e0c/lib/site_perl/5.31.4/Class/C3/Componentised.pm line 146
	Class::C3::Componentised::ensure_class_loaded('DBIx::Class::ResultSource::Table=HASH(0x55763d994c00)', 'DBIx::Class::ResultSet::Graph') called at /home/sand/src/perl/repoperls/installed-perls/host/k93msid/v5.31.3-146-g4a69216a74/1e0c/lib/site_perl/5.31.4/DBIx/Class/AccessorGroup.pm line 19
	DBIx::Class::AccessorGroup::get_component_class('DBIx::Class::ResultSource::Table=HASH(0x55763d994c00)', 'resultset_class') called at (eval 197) line 2
	DBIx::Class::ResultSource::resultset_class('DBIx::Class::ResultSource::Table=HASH(0x55763d994c00)') called at /home/sand/src/perl/repoperls/installed-perls/host/k93msid/v5.31.3-146-g4a69216a74/1e0c/lib/site_perl/5.31.4/DBIx/Class/ResultSource.pm line 1135
	DBIx::Class::ResultSource::resultset('DBIx::Class::ResultSource::Table=HASH(0x55763d994c00)') called at /home/sand/src/perl/repoperls/installed-perls/host/k93msid/v5.31.3-146-g4a69216a74/1e0c/lib/site_perl/5.31.4/DBIx/Class/Schema.pm line 547
	DBIx::Class::Schema::resultset('TestLib::Schema=HASH(0x55763d255d48)', 'Simple') called at /home/sand/src/perl/repoperls/installed-perls/host/k93msid/v5.31.3-146-g4a69216a74/1e0c/lib/site_perl/5.31.4/DBIx/Class/Schema.pm line 769
	DBIx::Class::Schema::populate('TestLib::Schema=HASH(0x55763d255d48)', 'Simple', 'ARRAY(0x5576401cbb98)') called at t/lib/TestLib.pm line 20
	TestLib::new('TestLib') called at t/simple01.t line 7
Compilation failed in require at /home/sand/src/perl/repoperls/installed-perls/host/k93msid/v5.31.3-146-g4a69216a74/1e0c/lib/site_perl/5.31.4/Class/C3/Componentised.pm line 146. at /home/sand/src/perl/repoperls/installed-perls/host/k93msid/v5.31.3-146-g4a69216a74/1e0c/lib/site_perl/5.31.4/Class/C3/Componentised.pm line 151
t/simple01.t .................. 
Dubious, test returned 255 (wstat 65280, 0xff00)
No subtests run 
{UNKNOWN}: Could not generate inline handles for _graph->("" because : Failed to compile source: syntax error at (eval 757) line 21, near """( "


source:
#line 1 "inline delegation in DBIx::Class::ResultSet::Graph for _graph->("" (attribute declared in lib/DBIx/Class/Graph/Role/ResultSet.pm at line 22)"
sub {
    my $self = shift;

    my $proxy = $self->_graph;
    if ( !defined $proxy ) {
        die Module::Runtime::use_module("Moose::Exception::AttributeValueIsNotDefined")->new(method    => $self->meta->find_method_by_name("(\"\""),
instance  => $self,
attribute => $self->meta->find_attribute_by_name("_graph"),
);
    }
    elsif ( ref $proxy && !Scalar::Util::blessed($proxy) ) {
        die Module::Runtime::use_module("Moose::Exception::AttributeValueIsNotAnObject")->new(method      => $self->meta->find_method_by_name("(\"\""),
instance    => $self,
attribute   => $self->meta->find_attribute_by_name("_graph"),
given_value => $proxy,
);
    }
    return $proxy->(""( @_ );
}
 at /home/sand/src/perl/repoperls/installed-perls/host/k93msid/v5.31.3-146-g4a69216a74/1e0c/lib/site_perl/5.31.4/x86_64-linux-thread-multi/Class/MOP/Method/Generated.pm line 56.
 at /home/sand/src/perl/repoperls/installed-perls/host/k93msid/v5.31.3-146-g4a69216a74/1e0c/lib/site_perl/5.31.4/x86_64-linux-thread-multi/Moose/Meta/Method/Delegation.pm line 154
	Moose::Meta::Method::Delegation::catch {...} ('Failed to compile source: syntax error at (eval 757) line 21, near """( "^J^J^Jsource:^J#line 1 "inline delegation in DBIx::Class::ResultSet::Graph for _graph->("" (attribute declared in lib/DBIx/Class/Graph/Role/ResultSet.pm at line 22)"^Jsub {^J    my $self = shift;^J^J    my $proxy = $self->_graph;^J    if ( !defined $proxy ) {^J        die Module::Runtime::use_module("Moose::Exception::AttributeValueIsNotDefined")->new(method    => $self->meta->find_method_by_name("(\"\""),^Jinstance  => $self,^Jattribute => $self->meta->find_attribute_by_name("_graph"),^J);^J    }^J    elsif ( ref $proxy && !Scalar::Util::blessed($proxy) ) {^J        die Module::Runtime::use_module("Moose::Exception::AttributeValueIsNotAnObject")->new(method      => $self->meta->find_method_by_name("(\"\""),^Jinstance    => $self,^Jattribute   => $self->meta->find_attribute_by_name("_graph"),^Jgiven_value => $proxy,^J);^J    }^J    return $proxy->(""( @_ );^J}^J at /home/sand/src/perl/repoperls/installed-perls/host/k93msid/v5.31.3-146-g4a69216a74/1e0c/lib/site_perl/5.31.4/x86_64-linux-thread-multi/Class/MOP/Method/Generated.pm line 56.^J') called at /home/sand/src/perl/repoperls/installed-perls/host/k93msid/v5.31.3-146-g4a69216a74/1e0c/lib/site_perl/5.31.4/Try/Tiny.pm line 123
	Try::Tiny::try('CODE(0x55978de444d0)', 'Try::Tiny::Catch=REF(0x55978d1f6d28)') called at /home/sand/src/perl/repoperls/installed-perls/host/k93msid/v5.31.3-146-g4a69216a74/1e0c/lib/site_perl/5.31.4/x86_64-linux-thread-multi/Moose/Meta/Method/Delegation.pm line 160
	Moose::Meta::Method::Delegation::_generate_inline_method('Moose::Meta::Method::Delegation=HASH(0x55978b404e40)') called at /home/sand/src/perl/repoperls/installed-perls/host/k93msid/v5.31.3-146-g4a69216a74/1e0c/lib/site_perl/5.31.4/x86_64-linux-thread-multi/Moose/Meta/Method/Delegation.pm line 82
	Moose::Meta::Method::Delegation::_initialize_body('Moose::Meta::Method::Delegation=HASH(0x55978b404e40)') called at /home/sand/src/perl/repoperls/installed-perls/host/k93msid/v5.31.3-146-g4a69216a74/1e0c/lib/site_perl/5.31.4/x86_64-linux-thread-multi/Moose/Meta/Method/Delegation.pm line 54
	Moose::Meta::Method::Delegation::new('Moose::Meta::Method::Delegation', 'name', '(""', 'package_name', 'DBIx::Class::ResultSet::Graph', 'attribute', 'Moose::Meta::Attribute=HASH(0x55978d1f5780)', 'delegate_to_method', '(""', 'curried_arguments', 'ARRAY(0x55978b73c2e8)') called at /home/sand/src/perl/repoperls/installed-perls/host/k93msid/v5.31.3-146-g4a69216a74/1e0c/lib/site_perl/5.31.4/x86_64-linux-thread-multi/Moose/Meta/Attribute.pm line 1299
	Moose::Meta::Attribute::_make_delegation_method('Moose::Meta::Attribute=HASH(0x55978d1f5780)', '(""', '(""') called at /home/sand/src/perl/repoperls/installed-perls/host/k93msid/v5.31.3-146-g4a69216a74/1e0c/lib/site_perl/5.31.4/x86_64-linux-thread-multi/Moose/Meta/Attribute.pm line 1166
	Moose::Meta::Attribute::install_delegation('Moose::Meta::Attribute=HASH(0x55978d1f5780)') called at /home/sand/src/perl/repoperls/installed-perls/host/k93msid/v5.31.3-146-g4a69216a74/1e0c/lib/site_perl/5.31.4/x86_64-linux-thread-multi/Moose/Meta/Attribute.pm line 1015
	Moose::Meta::Attribute::install_accessors('Moose::Meta::Attribute=HASH(0x55978d1f5780)') called at /home/sand/src/perl/repoperls/installed-perls/host/k93msid/v5.31.3-146-g4a69216a74/1e0c/lib/site_perl/5.31.4/x86_64-linux-thread-multi/Class/MOP/Class.pm line 899
	Class::MOP::Class::try {...}  at /home/sand/src/perl/repoperls/installed-perls/host/k93msid/v5.31.3-146-g4a69216a74/1e0c/lib/site_perl/5.31.4/Try/Tiny.pm line 102
	eval {...} at /home/sand/src/perl/repoperls/installed-perls/host/k93msid/v5.31.3-146-g4a69216a74/1e0c/lib/site_perl/5.31.4/Try/Tiny.pm line 93
	Try::Tiny::try('CODE(0x55978ddeac48)', 'Try::Tiny::Catch=REF(0x55978d1d2b38)') called at /home/sand/src/perl/repoperls/installed-perls/host/k93msid/v5.31.3-146-g4a69216a74/1e0c/lib/site_perl/5.31.4/x86_64-linux-thread-multi/Class/MOP/Class.pm line 904
	Class::MOP::Class::_post_add_attribute('Moose::Meta::Class=HASH(0x55978d1f28e0)', 'Moose::Meta::Attribute=HASH(0x55978d1f5780)') called at /home/sand/src/perl/repoperls/installed-perls/host/k93msid/v5.31.3-146-g4a69216a74/1e0c/lib/site_perl/5.31.4/x86_64-linux-thread-multi/Class/MOP/Mixin/HasAttributes.pm line 39
	Class::MOP::Mixin::HasAttributes::add_attribute('Moose::Meta::Class=HASH(0x55978d1f28e0)', 'Moose::Meta::Attribute=HASH(0x55978d1f5780)') called at /home/sand/src/perl/repoperls/installed-perls/host/k93msid/v5.31.3-146-g4a69216a74/1e0c/lib/site_perl/5.31.4/x86_64-linux-thread-multi/Moose/Meta/Class.pm line 585
	Moose::Meta::Class::add_attribute('Moose::Meta::Class=HASH(0x55978d1f28e0)', 'Moose::Meta::Attribute=HASH(0x55978d1f5780)') called at /home/sand/src/perl/repoperls/installed-perls/host/k93msid/v5.31.3-146-g4a69216a74/1e0c/lib/site_perl/5.31.4/x86_64-linux-thread-multi/Moose/Meta/Role/Application/ToClass.pm line 126
	Moose::Meta::Role::Application::ToClass::apply_attributes('Moose::Meta::Role::Application::ToClass=HASH(0x55978d036918)', 'Moose::Meta::Role=HASH(0x55978d8f7528)', 'Moose::Meta::Class=HASH(0x55978d1f28e0)') called at /home/sand/src/perl/repoperls/installed-perls/host/k93msid/v5.31.3-146-g4a69216a74/1e0c/lib/site_perl/5.31.4/x86_64-linux-thread-multi/Moose/Meta/Role/Application.pm line 59
	Moose::Meta::Role::Application::apply('Moose::Meta::Role::Application::ToClass=HASH(0x55978d036918)', 'Moose::Meta::Role=HASH(0x55978d8f7528)', 'Moose::Meta::Class=HASH(0x55978d1f28e0)') called at /home/sand/src/perl/repoperls/installed-perls/host/k93msid/v5.31.3-146-g4a69216a74/1e0c/lib/site_perl/5.31.4/x86_64-linux-thread-multi/Moose/Meta/Role/Application/ToClass.pm line 31
	Moose::Meta::Role::Application::ToClass::apply('Moose::Meta::Role::Application::ToClass=HASH(0x55978d036918)', 'Moose::Meta::Role=HASH(0x55978d8f7528)', 'Moose::Meta::Class=HASH(0x55978d1f28e0)', 'HASH(0x55978baa54c8)') called at /home/sand/src/perl/repoperls/installed-perls/host/k93msid/v5.31.3-146-g4a69216a74/1e0c/lib/site_perl/5.31.4/x86_64-linux-thread-multi/Moose/Meta/Role.pm line 472
	Moose::Meta::Role::apply('Moose::Meta::Role=HASH(0x55978d8f7528)', 'Moose::Meta::Class=HASH(0x55978d1f28e0)') called at /home/sand/src/perl/repoperls/installed-perls/host/k93msid/v5.31.3-146-g4a69216a74/1e0c/lib/site_perl/5.31.4/x86_64-linux-thread-multi/Moose/Util.pm line 171
	Moose::Util::_apply_all_roles('Moose::Meta::Class=HASH(0x55978d1f28e0)', undef, 'DBIx::Class::Graph::Role::ResultSet') called at /home/sand/src/perl/repoperls/installed-perls/host/k93msid/v5.31.3-146-g4a69216a74/1e0c/lib/site_perl/5.31.4/x86_64-linux-thread-multi/Moose/Util.pm line 113
	Moose::Util::apply_all_roles('Moose::Meta::Class=HASH(0x55978d1f28e0)', 'DBIx::Class::Graph::Role::ResultSet') called at /home/sand/src/perl/repoperls/installed-perls/host/k93msid/v5.31.3-146-g4a69216a74/1e0c/lib/site_perl/5.31.4/x86_64-linux-thread-multi/Moose.pm line 57
	Moose::with('Moose::Meta::Class=HASH(0x55978d1f28e0)', 'DBIx::Class::Graph::Role::ResultSet') called at /home/sand/src/perl/repoperls/installed-perls/host/k93msid/v5.31.3-146-g4a69216a74/1e0c/lib/site_perl/5.31.4/x86_64-linux-thread-multi/Moose/Exporter.pm line 419
	Moose::with('DBIx::Class::Graph::Role::ResultSet') called at lib/DBIx/Class/ResultSet/Graph.pm line 19
	require DBIx/Class/ResultSet/Graph.pm at /home/sand/src/perl/repoperls/installed-perls/host/k93msid/v5.31.3-146-g4a69216a74/1e0c/lib/site_perl/5.31.4/Class/C3/Componentised.pm line 146
	eval {...} at /home/sand/src/perl/repoperls/installed-perls/host/k93msid/v5.31.3-146-g4a69216a74/1e0c/lib/site_perl/5.31.4/Class/C3/Componentised.pm line 146
	Class::C3::Componentised::ensure_class_loaded('DBIx::Class::ResultSource::Table=HASH(0x55978a172a68)', 'DBIx::Class::ResultSet::Graph') called at /home/sand/src/perl/repoperls/installed-perls/host/k93msid/v5.31.3-146-g4a69216a74/1e0c/lib/site_perl/5.31.4/DBIx/Class/AccessorGroup.pm line 19
	DBIx::Class::AccessorGroup::get_component_class('DBIx::Class::ResultSource::Table=HASH(0x55978a172a68)', 'resultset_class') called at (eval 197) line 2
	DBIx::Class::ResultSource::resultset_class('DBIx::Class::ResultSource::Table=HASH(0x55978a172a68)') called at /home/sand/src/perl/repoperls/installed-perls/host/k93msid/v5.31.3-146-g4a69216a74/1e0c/lib/site_perl/5.31.4/DBIx/Class/ResultSource.pm line 1135
	DBIx::Class::ResultSource::resultset('DBIx::Class::ResultSource::Table=HASH(0x55978a172a68)') called at /home/sand/src/perl/repoperls/installed-perls/host/k93msid/v5.31.3-146-g4a69216a74/1e0c/lib/site_perl/5.31.4/DBIx/Class/Schema.pm line 547
	DBIx::Class::Schema::resultset('TestLib::Schema=HASH(0x55978a165d48)', 'Simple') called at /home/sand/src/perl/repoperls/installed-perls/host/k93msid/v5.31.3-146-g4a69216a74/1e0c/lib/site_perl/5.31.4/DBIx/Class/Schema.pm line 769
	DBIx::Class::Schema::populate('TestLib::Schema=HASH(0x55978a165d48)', 'Simple', 'ARRAY(0x55978d1c03c8)') called at t/lib/TestLib.pm line 20
	TestLib::new('TestLib') called at t/simple02.t line 7
Compilation failed in require at /home/sand/src/perl/repoperls/installed-perls/host/k93msid/v5.31.3-146-g4a69216a74/1e0c/lib/site_perl/5.31.4/Class/C3/Componentised.pm line 146. at /home/sand/src/perl/repoperls/installed-perls/host/k93msid/v5.31.3-146-g4a69216a74/1e0c/lib/site_perl/5.31.4/Class/C3/Componentised.pm line 151
t/simple02.t .................. 
Dubious, test returned 255 (wstat 65280, 0xff00)
No subtests run 
{UNKNOWN}: Could not generate inline handles for _graph->("" because : Failed to compile source: syntax error at (eval 757) line 21, near """( "


source:
#line 1 "inline delegation in DBIx::Class::ResultSet::Graph for _graph->("" (attribute declared in /home/sand/.cpan/privbuild/k93msid/DBIx-Class-Graph-1.05-6/blib/lib/DBIx/Class/Graph/Role/ResultSet.pm at line 22)"
sub {
    my $self = shift;

    my $proxy = $self->_graph;
    if ( !defined $proxy ) {
        die Module::Runtime::use_module("Moose::Exception::AttributeValueIsNotDefined")->new(method    => $self->meta->find_method_by_name("(\"\""),
instance  => $self,
attribute => $self->meta->find_attribute_by_name("_graph"),
);
    }
    elsif ( ref $proxy && !Scalar::Util::blessed($proxy) ) {
        die Module::Runtime::use_module("Moose::Exception::AttributeValueIsNotAnObject")->new(method      => $self->meta->find_method_by_name("(\"\""),
instance    => $self,
attribute   => $self->meta->find_attribute_by_name("_graph"),
given_value => $proxy,
);
    }
    return $proxy->(""( @_ );
}
 at /home/sand/src/perl/repoperls/installed-perls/host/k93msid/v5.31.3-146-g4a69216a74/1e0c/lib/site_perl/5.31.4/x86_64-linux-thread-multi/Class/MOP/Method/Generated.pm line 56.
 at /home/sand/src/perl/repoperls/installed-perls/host/k93msid/v5.31.3-146-g4a69216a74/1e0c/lib/site_perl/5.31.4/x86_64-linux-thread-multi/Moose/Meta/Method/Delegation.pm line 154
	Moose::Meta::Method::Delegation::catch {...} ('Failed to compile source: syntax error at (eval 757) line 21, near """( "^J^J^Jsource:^J#line 1 "inline delegation in DBIx::Class::ResultSet::Graph for _graph->("" (attribute declared in /home/sand/.cpan/privbuild/k93msid/DBIx-Class-Graph-1.05-6/blib/lib/DBIx/Class/Graph/Role/ResultSet.pm at line 22)"^Jsub {^J    my $self = shift;^J^J    my $proxy = $self->_graph;^J    if ( !defined $proxy ) {^J        die Module::Runtime::use_module("Moose::Exception::AttributeValueIsNotDefined")->new(method    => $self->meta->find_method_by_name("(\"\""),^Jinstance  => $self,^Jattribute => $self->meta->find_attribute_by_name("_graph"),^J);^J    }^J    elsif ( ref $proxy && !Scalar::Util::blessed($proxy) ) {^J        die Module::Runtime::use_module("Moose::Exception::AttributeValueIsNotAnObject")->new(method      => $self->meta->find_method_by_name("(\"\""),^Jinstance    => $self,^Jattribute   => $self->meta->find_attribute_by_name("_graph"),^Jgiven_value => $proxy,^J);^J    }^J    return $proxy->(""( @_ );^J}^J at /home/sand/src/perl/repoperls/installed-perls/host/k93msid/v5.31.3-146-g4a69216a74/1e0c/lib/site_perl/5.31.4/x86_64-linux-thread-multi/Class/MOP/Method/Generated.pm line 56.^J') called at /home/sand/src/perl/repoperls/installed-perls/host/k93msid/v5.31.3-146-g4a69216a74/1e0c/lib/site_perl/5.31.4/Try/Tiny.pm line 123
	Try::Tiny::try('CODE(0x558ee7408830)', 'Try::Tiny::Catch=REF(0x558ee67b5e08)') called at /home/sand/src/perl/repoperls/installed-perls/host/k93msid/v5.31.3-146-g4a69216a74/1e0c/lib/site_perl/5.31.4/x86_64-linux-thread-multi/Moose/Meta/Method/Delegation.pm line 160
	Moose::Meta::Method::Delegation::_generate_inline_method('Moose::Meta::Method::Delegation=HASH(0x558ee49c4c98)') called at /home/sand/src/perl/repoperls/installed-perls/host/k93msid/v5.31.3-146-g4a69216a74/1e0c/lib/site_perl/5.31.4/x86_64-linux-thread-multi/Moose/Meta/Method/Delegation.pm line 82
	Moose::Meta::Method::Delegation::_initialize_body('Moose::Meta::Method::Delegation=HASH(0x558ee49c4c98)') called at /home/sand/src/perl/repoperls/installed-perls/host/k93msid/v5.31.3-146-g4a69216a74/1e0c/lib/site_perl/5.31.4/x86_64-linux-thread-multi/Moose/Meta/Method/Delegation.pm line 54
	Moose::Meta::Method::Delegation::new('Moose::Meta::Method::Delegation', 'name', '(""', 'package_name', 'DBIx::Class::ResultSet::Graph', 'attribute', 'Moose::Meta::Attribute=HASH(0x558ee67b4bd0)', 'delegate_to_method', '(""', 'curried_arguments', 'ARRAY(0x558ee4cfaed8)') called at /home/sand/src/perl/repoperls/installed-perls/host/k93msid/v5.31.3-146-g4a69216a74/1e0c/lib/site_perl/5.31.4/x86_64-linux-thread-multi/Moose/Meta/Attribute.pm line 1299
	Moose::Meta::Attribute::_make_delegation_method('Moose::Meta::Attribute=HASH(0x558ee67b4bd0)', '(""', '(""') called at /home/sand/src/perl/repoperls/installed-perls/host/k93msid/v5.31.3-146-g4a69216a74/1e0c/lib/site_perl/5.31.4/x86_64-linux-thread-multi/Moose/Meta/Attribute.pm line 1166
	Moose::Meta::Attribute::install_delegation('Moose::Meta::Attribute=HASH(0x558ee67b4bd0)') called at /home/sand/src/perl/repoperls/installed-perls/host/k93msid/v5.31.3-146-g4a69216a74/1e0c/lib/site_perl/5.31.4/x86_64-linux-thread-multi/Moose/Meta/Attribute.pm line 1015
	Moose::Meta::Attribute::install_accessors('Moose::Meta::Attribute=HASH(0x558ee67b4bd0)') called at /home/sand/src/perl/repoperls/installed-perls/host/k93msid/v5.31.3-146-g4a69216a74/1e0c/lib/site_perl/5.31.4/x86_64-linux-thread-multi/Class/MOP/Class.pm line 899
	Class::MOP::Class::try {...}  at /home/sand/src/perl/repoperls/installed-perls/host/k93msid/v5.31.3-146-g4a69216a74/1e0c/lib/site_perl/5.31.4/Try/Tiny.pm line 102
	eval {...} at /home/sand/src/perl/repoperls/installed-perls/host/k93msid/v5.31.3-146-g4a69216a74/1e0c/lib/site_perl/5.31.4/Try/Tiny.pm line 93
	Try::Tiny::try('CODE(0x558ee73aac08)', 'Try::Tiny::Catch=REF(0x558ee6781250)') called at /home/sand/src/perl/repoperls/installed-perls/host/k93msid/v5.31.3-146-g4a69216a74/1e0c/lib/site_perl/5.31.4/x86_64-linux-thread-multi/Class/MOP/Class.pm line 904
	Class::MOP::Class::_post_add_attribute('Moose::Meta::Class=HASH(0x558ee65b3760)', 'Moose::Meta::Attribute=HASH(0x558ee67b4bd0)') called at /home/sand/src/perl/repoperls/installed-perls/host/k93msid/v5.31.3-146-g4a69216a74/1e0c/lib/site_perl/5.31.4/x86_64-linux-thread-multi/Class/MOP/Mixin/HasAttributes.pm line 39
	Class::MOP::Mixin::HasAttributes::add_attribute('Moose::Meta::Class=HASH(0x558ee65b3760)', 'Moose::Meta::Attribute=HASH(0x558ee67b4bd0)') called at /home/sand/src/perl/repoperls/installed-perls/host/k93msid/v5.31.3-146-g4a69216a74/1e0c/lib/site_perl/5.31.4/x86_64-linux-thread-multi/Moose/Meta/Class.pm line 585
	Moose::Meta::Class::add_attribute('Moose::Meta::Class=HASH(0x558ee65b3760)', 'Moose::Meta::Attribute=HASH(0x558ee67b4bd0)') called at /home/sand/src/perl/repoperls/installed-perls/host/k93msid/v5.31.3-146-g4a69216a74/1e0c/lib/site_perl/5.31.4/x86_64-linux-thread-multi/Moose/Meta/Role/Application/ToClass.pm line 126
	Moose::Meta::Role::Application::ToClass::apply_attributes('Moose::Meta::Role::Application::ToClass=HASH(0x558ee678d4b8)', 'Moose::Meta::Role=HASH(0x558ee6eb60a8)', 'Moose::Meta::Class=HASH(0x558ee65b3760)') called at /home/sand/src/perl/repoperls/installed-perls/host/k93msid/v5.31.3-146-g4a69216a74/1e0c/lib/site_perl/5.31.4/x86_64-linux-thread-multi/Moose/Meta/Role/Application.pm line 59
	Moose::Meta::Role::Application::apply('Moose::Meta::Role::Application::ToClass=HASH(0x558ee678d4b8)', 'Moose::Meta::Role=HASH(0x558ee6eb60a8)', 'Moose::Meta::Class=HASH(0x558ee65b3760)') called at /home/sand/src/perl/repoperls/installed-perls/host/k93msid/v5.31.3-146-g4a69216a74/1e0c/lib/site_perl/5.31.4/x86_64-linux-thread-multi/Moose/Meta/Role/Application/ToClass.pm line 31
	Moose::Meta::Role::Application::ToClass::apply('Moose::Meta::Role::Application::ToClass=HASH(0x558ee678d4b8)', 'Moose::Meta::Role=HASH(0x558ee6eb60a8)', 'Moose::Meta::Class=HASH(0x558ee65b3760)', 'HASH(0x558ee5062470)') called at /home/sand/src/perl/repoperls/installed-perls/host/k93msid/v5.31.3-146-g4a69216a74/1e0c/lib/site_perl/5.31.4/x86_64-linux-thread-multi/Moose/Meta/Role.pm line 472
	Moose::Meta::Role::apply('Moose::Meta::Role=HASH(0x558ee6eb60a8)', 'Moose::Meta::Class=HASH(0x558ee65b3760)') called at /home/sand/src/perl/repoperls/installed-perls/host/k93msid/v5.31.3-146-g4a69216a74/1e0c/lib/site_perl/5.31.4/x86_64-linux-thread-multi/Moose/Util.pm line 171
	Moose::Util::_apply_all_roles('Moose::Meta::Class=HASH(0x558ee65b3760)', undef, 'DBIx::Class::Graph::Role::ResultSet') called at /home/sand/src/perl/repoperls/installed-perls/host/k93msid/v5.31.3-146-g4a69216a74/1e0c/lib/site_perl/5.31.4/x86_64-linux-thread-multi/Moose/Util.pm line 113
	Moose::Util::apply_all_roles('Moose::Meta::Class=HASH(0x558ee65b3760)', 'DBIx::Class::Graph::Role::ResultSet') called at /home/sand/src/perl/repoperls/installed-perls/host/k93msid/v5.31.3-146-g4a69216a74/1e0c/lib/site_perl/5.31.4/x86_64-linux-thread-multi/Moose.pm line 57
	Moose::with('Moose::Meta::Class=HASH(0x558ee65b3760)', 'DBIx::Class::Graph::Role::ResultSet') called at /home/sand/src/perl/repoperls/installed-perls/host/k93msid/v5.31.3-146-g4a69216a74/1e0c/lib/site_perl/5.31.4/x86_64-linux-thread-multi/Moose/Exporter.pm line 419
	Moose::with('DBIx::Class::Graph::Role::ResultSet') called at /home/sand/.cpan/privbuild/k93msid/DBIx-Class-Graph-1.05-6/blib/lib/DBIx/Class/ResultSet/Graph.pm line 19
	require DBIx/Class/ResultSet/Graph.pm at /home/sand/src/perl/repoperls/installed-perls/host/k93msid/v5.31.3-146-g4a69216a74/1e0c/lib/site_perl/5.31.4/Class/C3/Componentised.pm line 146
	eval {...} at /home/sand/src/perl/repoperls/installed-perls/host/k93msid/v5.31.3-146-g4a69216a74/1e0c/lib/site_perl/5.31.4/Class/C3/Componentised.pm line 146
	Class::C3::Componentised::ensure_class_loaded('DBIx::Class::ResultSource::Table=HASH(0x558ee3e62958)', 'DBIx::Class::ResultSet::Graph') called at /home/sand/src/perl/repoperls/installed-perls/host/k93msid/v5.31.3-146-g4a69216a74/1e0c/lib/site_perl/5.31.4/DBIx/Class/AccessorGroup.pm line 19
	DBIx::Class::AccessorGroup::get_component_class('DBIx::Class::ResultSource::Table=HASH(0x558ee3e62958)', 'resultset_class') called at (eval 197) line 2
	DBIx::Class::ResultSource::resultset_class('DBIx::Class::ResultSource::Table=HASH(0x558ee3e62958)') called at /home/sand/src/perl/repoperls/installed-perls/host/k93msid/v5.31.3-146-g4a69216a74/1e0c/lib/site_perl/5.31.4/DBIx/Class/ResultSource.pm line 1135
	DBIx::Class::ResultSource::resultset('DBIx::Class::ResultSource::Table=HASH(0x558ee3e62958)') called at /home/sand/src/perl/repoperls/installed-perls/host/k93msid/v5.31.3-146-g4a69216a74/1e0c/lib/site_perl/5.31.4/DBIx/Class/Schema.pm line 547
	DBIx::Class::Schema::resultset('TestLib::Schema=HASH(0x558ee3723d48)', 'Simple') called at /home/sand/src/perl/repoperls/installed-perls/host/k93msid/v5.31.3-146-g4a69216a74/1e0c/lib/site_perl/5.31.4/DBIx/Class/Schema.pm line 769
	DBIx::Class::Schema::populate('TestLib::Schema=HASH(0x558ee3723d48)', 'Simple', 'ARRAY(0x558ee6771000)') called at t/lib/TestLib.pm line 20
	TestLib::new('TestLib') called at t/simplesucc.t line 7
Compilation failed in require at /home/sand/src/perl/repoperls/installed-perls/host/k93msid/v5.31.3-146-g4a69216a74/1e0c/lib/site_perl/5.31.4/Class/C3/Componentised.pm line 146. at /home/sand/src/perl/repoperls/installed-perls/host/k93msid/v5.31.3-146-g4a69216a74/1e0c/lib/site_perl/5.31.4/Class/C3/Componentised.pm line 151
t/simplesucc.t ................ 
Dubious, test returned 255 (wstat 65280, 0xff00)
No subtests run 
{UNKNOWN}: Could not generate inline handles for _graph->("" because : Failed to compile source: syntax error at (eval 758) line 21, near """( "


source:
#line 1 "inline delegation in DBIx::Class::ResultSet::Graph for _graph->("" (attribute declared in /home/sand/.cpan/privbuild/k93msid/DBIx-Class-Graph-1.05-6/blib/lib/DBIx/Class/Graph/Role/ResultSet.pm at line 22)"
sub {
    my $self = shift;

    my $proxy = $self->_graph;
    if ( !defined $proxy ) {
        die Module::Runtime::use_module("Moose::Exception::AttributeValueIsNotDefined")->new(method    => $self->meta->find_method_by_name("(\"\""),
instance  => $self,
attribute => $self->meta->find_attribute_by_name("_graph"),
);
    }
    elsif ( ref $proxy && !Scalar::Util::blessed($proxy) ) {
        die Module::Runtime::use_module("Moose::Exception::AttributeValueIsNotAnObject")->new(method      => $self->meta->find_method_by_name("(\"\""),
instance    => $self,
attribute   => $self->meta->find_attribute_by_name("_graph"),
given_value => $proxy,
);
    }
    return $proxy->(""( @_ );
}
 at /home/sand/src/perl/repoperls/installed-perls/host/k93msid/v5.31.3-146-g4a69216a74/1e0c/lib/site_perl/5.31.4/x86_64-linux-thread-multi/Class/MOP/Method/Generated.pm line 56.
 at /home/sand/src/perl/repoperls/installed-perls/host/k93msid/v5.31.3-146-g4a69216a74/1e0c/lib/site_perl/5.31.4/x86_64-linux-thread-multi/Moose/Meta/Method/Delegation.pm line 154
	Moose::Meta::Method::Delegation::catch {...} ('Failed to compile source: syntax error at (eval 758) line 21, near """( "^J^J^Jsource:^J#line 1 "inline delegation in DBIx::Class::ResultSet::Graph for _graph->("" (attribute declared in /home/sand/.cpan/privbuild/k93msid/DBIx-Class-Graph-1.05-6/blib/lib/DBIx/Class/Graph/Role/ResultSet.pm at line 22)"^Jsub {^J    my $self = shift;^J^J    my $proxy = $self->_graph;^J    if ( !defined $proxy ) {^J        die Module::Runtime::use_module("Moose::Exception::AttributeValueIsNotDefined")->new(method    => $self->meta->find_method_by_name("(\"\""),^Jinstance  => $self,^Jattribute => $self->meta->find_attribute_by_name("_graph"),^J);^J    }^J    elsif ( ref $proxy && !Scalar::Util::blessed($proxy) ) {^J        die Module::Runtime::use_module("Moose::Exception::AttributeValueIsNotAnObject")->new(method      => $self->meta->find_method_by_name("(\"\""),^Jinstance    => $self,^Jattribute   => $self->meta->find_attribute_by_name("_graph"),^Jgiven_value => $proxy,^J);^J    }^J    return $proxy->(""( @_ );^J}^J at /home/sand/src/perl/repoperls/installed-perls/host/k93msid/v5.31.3-146-g4a69216a74/1e0c/lib/site_perl/5.31.4/x86_64-linux-thread-multi/Class/MOP/Method/Generated.pm line 56.^J') called at /home/sand/src/perl/repoperls/installed-perls/host/k93msid/v5.31.3-146-g4a69216a74/1e0c/lib/site_perl/5.31.4/Try/Tiny.pm line 123
	Try::Tiny::try('CODE(0x5604f9d99f20)', 'Try::Tiny::Catch=REF(0x5604f9d4cff0)') called at /home/sand/src/perl/repoperls/installed-perls/host/k93msid/v5.31.3-146-g4a69216a74/1e0c/lib/site_perl/5.31.4/x86_64-linux-thread-multi/Moose/Meta/Method/Delegation.pm line 160
	Moose::Meta::Method::Delegation::_generate_inline_method('Moose::Meta::Method::Delegation=HASH(0x5604f73564d8)') called at /home/sand/src/perl/repoperls/installed-perls/host/k93msid/v5.31.3-146-g4a69216a74/1e0c/lib/site_perl/5.31.4/x86_64-linux-thread-multi/Moose/Meta/Method/Delegation.pm line 82
	Moose::Meta::Method::Delegation::_initialize_body('Moose::Meta::Method::Delegation=HASH(0x5604f73564d8)') called at /home/sand/src/perl/repoperls/installed-perls/host/k93msid/v5.31.3-146-g4a69216a74/1e0c/lib/site_perl/5.31.4/x86_64-linux-thread-multi/Moose/Meta/Method/Delegation.pm line 54
	Moose::Meta::Method::Delegation::new('Moose::Meta::Method::Delegation', 'name', '(""', 'package_name', 'DBIx::Class::ResultSet::Graph', 'attribute', 'Moose::Meta::Attribute=HASH(0x5604f914f220)', 'delegate_to_method', '(""', 'curried_arguments', 'ARRAY(0x5604f768de08)') called at /home/sand/src/perl/repoperls/installed-perls/host/k93msid/v5.31.3-146-g4a69216a74/1e0c/lib/site_perl/5.31.4/x86_64-linux-thread-multi/Moose/Meta/Attribute.pm line 1299
	Moose::Meta::Attribute::_make_delegation_method('Moose::Meta::Attribute=HASH(0x5604f914f220)', '(""', '(""') called at /home/sand/src/perl/repoperls/installed-perls/host/k93msid/v5.31.3-146-g4a69216a74/1e0c/lib/site_perl/5.31.4/x86_64-linux-thread-multi/Moose/Meta/Attribute.pm line 1166
	Moose::Meta::Attribute::install_delegation('Moose::Meta::Attribute=HASH(0x5604f914f220)') called at /home/sand/src/perl/repoperls/installed-perls/host/k93msid/v5.31.3-146-g4a69216a74/1e0c/lib/site_perl/5.31.4/x86_64-linux-thread-multi/Moose/Meta/Attribute.pm line 1015
	Moose::Meta::Attribute::install_accessors('Moose::Meta::Attribute=HASH(0x5604f914f220)') called at /home/sand/src/perl/repoperls/installed-perls/host/k93msid/v5.31.3-146-g4a69216a74/1e0c/lib/site_perl/5.31.4/x86_64-linux-thread-multi/Class/MOP/Class.pm line 899
	Class::MOP::Class::try {...}  at /home/sand/src/perl/repoperls/installed-perls/host/k93msid/v5.31.3-146-g4a69216a74/1e0c/lib/site_perl/5.31.4/Try/Tiny.pm line 102
	eval {...} at /home/sand/src/perl/repoperls/installed-perls/host/k93msid/v5.31.3-146-g4a69216a74/1e0c/lib/site_perl/5.31.4/Try/Tiny.pm line 93
	Try::Tiny::try('CODE(0x5604f914e878)', 'Try::Tiny::Catch=REF(0x5604f914ee48)') called at /home/sand/src/perl/repoperls/installed-perls/host/k93msid/v5.31.3-146-g4a69216a74/1e0c/lib/site_perl/5.31.4/x86_64-linux-thread-multi/Class/MOP/Class.pm line 904
	Class::MOP::Class::_post_add_attribute('Moose::Meta::Class=HASH(0x5604f9115350)', 'Moose::Meta::Attribute=HASH(0x5604f914f220)') called at /home/sand/src/perl/repoperls/installed-perls/host/k93msid/v5.31.3-146-g4a69216a74/1e0c/lib/site_perl/5.31.4/x86_64-linux-thread-multi/Class/MOP/Mixin/HasAttributes.pm line 39
	Class::MOP::Mixin::HasAttributes::add_attribute('Moose::Meta::Class=HASH(0x5604f9115350)', 'Moose::Meta::Attribute=HASH(0x5604f914f220)') called at /home/sand/src/perl/repoperls/installed-perls/host/k93msid/v5.31.3-146-g4a69216a74/1e0c/lib/site_perl/5.31.4/x86_64-linux-thread-multi/Moose/Meta/Class.pm line 585
	Moose::Meta::Class::add_attribute('Moose::Meta::Class=HASH(0x5604f9115350)', 'Moose::Meta::Attribute=HASH(0x5604f914f220)') called at /home/sand/src/perl/repoperls/installed-perls/host/k93msid/v5.31.3-146-g4a69216a74/1e0c/lib/site_perl/5.31.4/x86_64-linux-thread-multi/Moose/Meta/Role/Application/ToClass.pm line 126
	Moose::Meta::Role::Application::ToClass::apply_attributes('Moose::Meta::Role::Application::ToClass=HASH(0x5604f9118e40)', 'Moose::Meta::Role=HASH(0x5604f9849ee0)', 'Moose::Meta::Class=HASH(0x5604f9115350)') called at /home/sand/src/perl/repoperls/installed-perls/host/k93msid/v5.31.3-146-g4a69216a74/1e0c/lib/site_perl/5.31.4/x86_64-linux-thread-multi/Moose/Meta/Role/Application.pm line 59
	Moose::Meta::Role::Application::apply('Moose::Meta::Role::Application::ToClass=HASH(0x5604f9118e40)', 'Moose::Meta::Role=HASH(0x5604f9849ee0)', 'Moose::Meta::Class=HASH(0x5604f9115350)') called at /home/sand/src/perl/repoperls/installed-perls/host/k93msid/v5.31.3-146-g4a69216a74/1e0c/lib/site_perl/5.31.4/x86_64-linux-thread-multi/Moose/Meta/Role/Application/ToClass.pm line 31
	Moose::Meta::Role::Application::ToClass::apply('Moose::Meta::Role::Application::ToClass=HASH(0x5604f9118e40)', 'Moose::Meta::Role=HASH(0x5604f9849ee0)', 'Moose::Meta::Class=HASH(0x5604f9115350)', 'HASH(0x5604f79f5580)') called at /home/sand/src/perl/repoperls/installed-perls/host/k93msid/v5.31.3-146-g4a69216a74/1e0c/lib/site_perl/5.31.4/x86_64-linux-thread-multi/Moose/Meta/Role.pm line 472
	Moose::Meta::Role::apply('Moose::Meta::Role=HASH(0x5604f9849ee0)', 'Moose::Meta::Class=HASH(0x5604f9115350)') called at /home/sand/src/perl/repoperls/installed-perls/host/k93msid/v5.31.3-146-g4a69216a74/1e0c/lib/site_perl/5.31.4/x86_64-linux-thread-multi/Moose/Util.pm line 171
	Moose::Util::_apply_all_roles('Moose::Meta::Class=HASH(0x5604f9115350)', undef, 'DBIx::Class::Graph::Role::ResultSet') called at /home/sand/src/perl/repoperls/installed-perls/host/k93msid/v5.31.3-146-g4a69216a74/1e0c/lib/site_perl/5.31.4/x86_64-linux-thread-multi/Moose/Util.pm line 113
	Moose::Util::apply_all_roles('Moose::Meta::Class=HASH(0x5604f9115350)', 'DBIx::Class::Graph::Role::ResultSet') called at /home/sand/src/perl/repoperls/installed-perls/host/k93msid/v5.31.3-146-g4a69216a74/1e0c/lib/site_perl/5.31.4/x86_64-linux-thread-multi/Moose.pm line 57
	Moose::with('Moose::Meta::Class=HASH(0x5604f9115350)', 'DBIx::Class::Graph::Role::ResultSet') called at /home/sand/src/perl/repoperls/installed-perls/host/k93msid/v5.31.3-146-g4a69216a74/1e0c/lib/site_perl/5.31.4/x86_64-linux-thread-multi/Moose/Exporter.pm line 419
	Moose::with('DBIx::Class::Graph::Role::ResultSet') called at /home/sand/.cpan/privbuild/k93msid/DBIx-Class-Graph-1.05-6/blib/lib/DBIx/Class/ResultSet/Graph.pm line 19
	require DBIx/Class/ResultSet/Graph.pm at /home/sand/src/perl/repoperls/installed-perls/host/k93msid/v5.31.3-146-g4a69216a74/1e0c/lib/site_perl/5.31.4/Class/C3/Componentised.pm line 146
	eval {...} at /home/sand/src/perl/repoperls/installed-perls/host/k93msid/v5.31.3-146-g4a69216a74/1e0c/lib/site_perl/5.31.4/Class/C3/Componentised.pm line 146
	Class::C3::Componentised::ensure_class_loaded('DBIx::Class::ResultSource::Table=HASH(0x5604f67f5b70)', 'DBIx::Class::ResultSet::Graph') called at /home/sand/src/perl/repoperls/installed-perls/host/k93msid/v5.31.3-146-g4a69216a74/1e0c/lib/site_perl/5.31.4/DBIx/Class/AccessorGroup.pm line 19
	DBIx::Class::AccessorGroup::get_component_class('DBIx::Class::ResultSource::Table=HASH(0x5604f67f5b70)', 'resultset_class') called at (eval 197) line 2
	DBIx::Class::ResultSource::resultset_class('DBIx::Class::ResultSource::Table=HASH(0x5604f67f5b70)') called at /home/sand/src/perl/repoperls/installed-perls/host/k93msid/v5.31.3-146-g4a69216a74/1e0c/lib/site_perl/5.31.4/DBIx/Class/ResultSource.pm line 1135
	DBIx::Class::ResultSource::resultset('DBIx::Class::ResultSource::Table=HASH(0x5604f67f5b70)') called at /home/sand/src/perl/repoperls/installed-perls/host/k93msid/v5.31.3-146-g4a69216a74/1e0c/lib/site_perl/5.31.4/DBIx/Class/Schema.pm line 547
	DBIx::Class::Schema::resultset('TestLib::Schema=HASH(0x5604f60b6d48)', 'Simple') called at /home/sand/src/perl/repoperls/installed-perls/host/k93msid/v5.31.3-146-g4a69216a74/1e0c/lib/site_perl/5.31.4/DBIx/Class/Schema.pm line 769
	DBIx::Class::Schema::populate('TestLib::Schema=HASH(0x5604f60b6d48)', 'Simple', 'ARRAY(0x5604f9101cf8)') called at t/lib/TestLib.pm line 20
	TestLib::new('TestLib') called at t/wrapper.t line 7
Compilation failed in require at /home/sand/src/perl/repoperls/installed-perls/host/k93msid/v5.31.3-146-g4a69216a74/1e0c/lib/site_perl/5.31.4/Class/C3/Componentised.pm line 146. at /home/sand/src/perl/repoperls/installed-perls/host/k93msid/v5.31.3-146-g4a69216a74/1e0c/lib/site_perl/5.31.4/Class/C3/Componentised.pm line 151
t/wrapper.t ................... 
Dubious, test returned 255 (wstat 65280, 0xff00)
No subtests run 

Test Summary Report
-------------------
t/00-compile.t              (Wstat: 256 Tests: 5 Failed: 1)
  Failed test:  5
  Non-zero exit status: 1
t/complex.t                 (Wstat: 65280 Tests: 0 Failed: 0)
  Non-zero exit status: 255
  Parse errors: No plan found in TAP output
t/leak.t                    (Wstat: 65280 Tests: 0 Failed: 0)
  Non-zero exit status: 255
  Parse errors: No plan found in TAP output
t/result.t                  (Wstat: 65280 Tests: 0 Failed: 0)
  Non-zero exit status: 255
  Parse errors: No plan found in TAP output
t/resultset.t               (Wstat: 65280 Tests: 0 Failed: 0)
  Non-zero exit status: 255
  Parse errors: No plan found in TAP output
t/simple01.t                (Wstat: 65280 Tests: 0 Failed: 0)
  Non-zero exit status: 255
  Parse errors: No plan found in TAP output
t/simple02.t                (Wstat: 65280 Tests: 0 Failed: 0)
  Non-zero exit status: 255
  Parse errors: No plan found in TAP output
t/simplesucc.t              (Wstat: 65280 Tests: 0 Failed: 0)
  Non-zero exit status: 255
  Parse errors: No plan found in TAP output
t/wrapper.t                 (Wstat: 65280 Tests: 0 Failed: 0)
  Non-zero exit status: 255
  Parse errors: No plan found in TAP output
Files=15, Tests=6,  7 wallclock secs ( 0.04 usr  0.11 sys +  5.57 cusr  1.02 csys =  6.74 CPU)
Result: FAIL
Failed 9/15 test programs. 1/6 subtests failed.

------------------------------
PREREQUISITES
------------------------------

Prerequisite modules loaded:

requires:

    Module                 Need   Have    
    ---------------------- ------ --------
    base                   0      2.27    
    Class::C3              0      0.34    
    DBIx::Class            0      0.082841
    DBIx::Class::ResultSet 0      0       
    Graph                  0.94   0.9704  
    List::MoreUtils        0      0.428   
    Moose                  0      2.2011  
    Moose::Role            0      2.2011  
    Scalar::Util           0      1.52    
    strict                 0      1.11    
    warnings               0      1.45    

build_requires:

    Module                 Need   Have    
    ---------------------- ------ --------
    DBIx::Class::Schema    0      0       
    File::Find             0      1.37    
    File::Temp             0      0.2309  
    Module::Build          0.3601 0.4229  
    Test::Memory::Cycle    0      1.06    
    Test::More             0.88   1.302168

configure_requires:

    Module                 Need   Have    
    ---------------------- ------ --------
    Module::Build          0.3601 0.4229  


------------------------------
ENVIRONMENT AND OTHER CONTEXT
------------------------------

Environment variables:

    AUTOMATED_TESTING = 1
    LANG = en_US.UTF-8
    PATH = /home/sand/bin:/usr/local/bin:/usr/bin:/bin:/usr/games:/usr/local/perl/bin:/usr/X11/bin:/sbin:/usr/sbin
    PERL5LIB = 
    PERL5OPT = 
    PERL5_CPANPLUS_IS_RUNNING = 7423
    PERL5_CPAN_IS_RUNNING = 7423
    PERL_CANARY_STABILITY_NOPROMPT = 1
    PERL_MM_USE_DEFAULT = 1
    PERL_USE_UNSAFE_INC = 1
    SHELL = /usr/bin/zsh
    TERM = screen

Perl special variables (and OS-specific diagnostics, for MSWin32):

    $^X = /tmp/basesmoker-reloperl-39AB/bin/perl
    $UID/$EUID = 1005 / 1005
    $GID = 1005 1005
    $EGID = 1005 1005

Perl module toolchain versions installed:

    Module              Have    
    ------------------- --------
    CPAN                2.27    
    CPAN::Meta          2.150010
    Cwd                 3.78    
    ExtUtils::CBuilder  0.280232
    ExtUtils::Command   7.38    
    ExtUtils::Install   2.14    
    ExtUtils::MakeMaker 7.38    
    ExtUtils::Manifest  1.72    
    ExtUtils::ParseXS   3.40    
    File::Spec          3.78    
    JSON                4.02    
    JSON::PP            4.04    
    Module::Build       0.4229  
    Module::Signature   0.83    
    Parse::CPAN::Meta   2.150010
    Test::Harness       3.42    
    Test::More          1.302168
    YAML                1.29    
    YAML::Syck          1.31    
    version             0.9924  


--

Summary of my perl5 (revision 5 version 31 subversion 4) configuration:
  Commit id: 4a69216a74159df74779841fa79d731bcc5c6a9d
  Platform:
    osname=linux
    osvers=4.18.0-2-amd64
    archname=x86_64-linux-thread-multi
    uname='linux k93msid 4.18.0-2-amd64 #1 smp debian 4.18.10-2 (2018-10-07) x86_64 gnulinux '
    config_args='-Dprefix=/home/sand/src/perl/repoperls/installed-perls/host/k93msid/v5.31.3-146-g4a69216a74/1e0c -Dmyhostname=k93msid -Dinstallusrbinperl=n -Uversiononly -Dusedevel -des -Ui_db -Dlibswanted=cl pthread socket inet nsl gdbm dbm malloc dl ld sun m crypt sec util c cposix posix ucb BSD gdbm_compat -Duseithreads -Uuselongdouble -DEBUGGING=-g'
    hint=recommended
    useposix=true
    d_sigaction=define
    useithreads=define
    usemultiplicity=define
    use64bitint=define
    use64bitall=define
    uselongdouble=undef
    usemymalloc=n
    default_inc_excludes_dot=define
    bincompat5005=undef
  Compiler:
    cc='cc'
    ccflags ='-D_REENTRANT -D_GNU_SOURCE -fwrapv -fno-strict-aliasing -pipe -fstack-protector-strong -I/usr/local/include -D_LARGEFILE_SOURCE -D_FILE_OFFSET_BITS=64 -D_FORTIFY_SOURCE=2'
    optimize='-O2 -g'
    cppflags='-D_REENTRANT -D_GNU_SOURCE -fwrapv -fno-strict-aliasing -pipe -fstack-protector-strong -I/usr/local/include'
    ccversion=''
    gccversion='8.2.0'
    gccosandvers=''
    intsize=4
    longsize=8
    ptrsize=8
    doublesize=8
    byteorder=12345678
    doublekind=3
    d_longlong=define
    longlongsize=8
    d_longdbl=define
    longdblsize=16
    longdblkind=3
    ivtype='long'
    ivsize=8
    nvtype='double'
    nvsize=8
    Off_t='off_t'
    lseeksize=8
    alignbytes=8
    prototype=define
  Linker and Libraries:
    ld='cc'
    ldflags =' -fstack-protector-strong -L/usr/local/lib'
    libpth=/usr/local/lib /usr/lib/gcc/x86_64-linux-gnu/8/include-fixed /usr/include/x86_64-linux-gnu /usr/lib /lib/x86_64-linux-gnu /lib/../lib /usr/lib/x86_64-linux-gnu /usr/lib/../lib /lib
    libs=-lpthread -lnsl -ldl -lm -lcrypt -lutil -lc
    perllibs=-lpthread -lnsl -ldl -lm -lcrypt -lutil -lc
    libc=libc-2.27.so
    so=so
    useshrplib=false
    libperl=libperl.a
    gnulibc_version='2.27'
  Dynamic Linking:
    dlsrc=dl_dlopen.xs
    dlext=so
    d_dlsymun=undef
    ccdlflags='-Wl,-E'
    cccdlflags='-fPIC'
    lddlflags='-shared -O2 -g -L/usr/local/lib -fstack-protector-strong'


Characteristics of this binary (from libperl): 
  Compile-time options:
    HAS_TIMES
    MULTIPLICITY
    PERLIO_LAYERS
    PERL_COPY_ON_WRITE
    PERL_DONT_CREATE_GVSV
    PERL_IMPLICIT_CONTEXT
    PERL_MALLOC_WRAP
    PERL_OP_PARENT
    PERL_PRESERVE_IVUV
    PERL_USE_DEVEL
    USE_64_BIT_ALL
    USE_64_BIT_INT
    USE_ITHREADS
    USE_LARGE_FILES
    USE_LOCALE
    USE_LOCALE_COLLATE
    USE_LOCALE_CTYPE
    USE_LOCALE_NUMERIC
    USE_LOCALE_TIME
    USE_PERLIO
    USE_PERL_ATOF
    USE_REENTRANT_API
    USE_THREAD_SAFE_LOCALE
  Built under linux
  Compiled at Sep 14 2019 15:48:33
  %ENV:
    PERL5LIB=""
    PERL5OPT=""
    PERL5_CPANPLUS_IS_RUNNING="7423"
    PERL5_CPAN_IS_RUNNING="7423"
    PERL_CANARY_STABILITY_NOPROMPT="1"
    PERL_MM_USE_DEFAULT="1"
    PERL_USE_UNSAFE_INC="1"
  @INC:
    /home/sand/src/perl/repoperls/installed-perls/host/k93msid/v5.31.3-146-g4a69216a74/1e0c/lib/site_perl/5.31.4/x86_64-linux-thread-multi
    /home/sand/src/perl/repoperls/installed-perls/host/k93msid/v5.31.3-146-g4a69216a74/1e0c/lib/site_perl/5.31.4
    /home/sand/src/perl/repoperls/installed-perls/host/k93msid/v5.31.3-146-g4a69216a74/1e0c/lib/5.31.4/x86_64-linux-thread-multi
    /home/sand/src/perl/repoperls/installed-perls/host/k93msid/v5.31.3-146-g4a69216a74/1e0c/lib/5.31.4
    .