Back
From: metabase:user:9820532a-708b-1014-9a05-b18a96298da1
Subject: FAIL HTML-Widget-1.11 v5.15.7 GNU/Linux
Date: 2012-02-12T18:01:51Z
This distribution has been tested as part of the CPAN Testers
project, supporting the Perl programming language. See
http://wiki.cpantesters.org/ for more information or email
questions to cpan-testers-discuss@perl.org
--
Dear Carl Franks,
This is a computer-generated report for HTML-Widget-1.11
on perl 5.15.7, created by CPAN-Reporter-1.2003.
Thank you for uploading your work to CPAN. However, there was a problem
testing your distribution.
If you think this report is invalid, please consult the CPAN Testers Wiki
for suggestions on how to avoid getting FAIL reports for missing library
or binary dependencies, unsupported operating systems, and so on:
http://wiki.cpantesters.org/wiki/CPANAuthorNotes
Sections of this report:
* Tester comments
* Program output
* Prerequisites
* Environment and other context
------------------------------
TESTER COMMENTS
------------------------------
Additional comments from tester:
this report is from an automated smoke testing program
and was not reviewed by a human for accuracy
------------------------------
PROGRAM OUTPUT
------------------------------
Output from '/usr/bin/make test':
/home/bri/perl5/perlbrew/perls/perl-5.15.7-ld/bin/perl5.15.7 "-Iinc" Makefile.PL --config= --installdeps=Module::Pluggable::Fast,0
Cannot determine perl version info from lib/HTML/Widget.pm
PERL_DL_NONLAZY=1 /home/bri/perl5/perlbrew/perls/perl-5.15.7-ld/bin/perl5.15.7 "-MExtUtils::Command::MM" "-e" "test_harness(0, 'inc', 'blib/lib', 'blib/arch')" t/01use.t t/02pod.t t/03podcoverage.t t/04basic.t t/05strict.t t/06bugs_ascii_space.t t/06bugs_callbackone_missing_param.t t/06bugs_constraint_range_zero_max.t t/06bugs_constraint_range_zero_min.t t/06bugs_in_value_empty.t t/06bugs_name_regex_chars.t t/06bugs_result_elements_warnings.t t/06bugs_result_params_multiple.t t/06bugs_select_empty_options.t t/06bugs_select_zero_key_constraint.t t/06bugs_value_empty_string.t t/06bugs_value_no_default.t t/06bugs_value_zero.t t/06bugs_widget_get_elements.t t/06bugs_widget_name_zero.t t/06bugs_xml_escape.t t/06bugs_zero_value_xml.t t/06bugs_zero_xml.t t/07custom_render.t t/08constraint_all.t t/08empty_errors.t t/08filter_all.t t/09nested_embed.t t/10explicit_ids.t t/10no_name.t t/attributes.t t/constraint_all.t t/constraint_allornone.t t/constraint_any.t t/constraint_ascii.t t/constraint_bool.t t/constraint_callback.t t/constraint_callbackonce.t t/constraint_custom_namespace.t t/constraint_date.t t/constraint_datetime.t t/constraint_dependon.t t/constraint_email.t t/constraint_equal.t t/constraint_http.t t/constraint_in.t t/constraint_integer.t t/constraint_length.t t/constraint_number.t t/constraint_printable.t t/constraint_range.t t/constraint_regex.t t/constraint_singlevalue.t t/constraint_string.t t/constraint_time.t t/element_block.t t/element_button.t t/element_button_tag.t t/element_checkbox.t t/element_custom_namespace.t t/element_hidden.t t/element_password.t t/element_radio.t t/element_radiogroup.t t/element_radiogroup_constrain_values.t t/element_reset.t t/element_select.t t/element_select_constrain_options.t t/element_span.t t/element_submit.t t/element_textarea.t t/element_textfield.t t/element_upload.t t/filter_callback.t t/filter_htmlescape.t t/filter_htmlstrip.t t/filter_lowercase.t t/filter_trimedges.t t/filter_uppercase.t t/filter_whitespace.t t/get_constraint.t t/get_constraints.t t/get_element.t t/get_elements.t t/get_errors.t t/get_filter.t t/get_filters.t t/result_add_error.t t/retain_default.t t/submitted.t
overload arg '..' is invalid at /home/bri/perl5/perlbrew/perls/perl-5.15.7-ld/lib/5.15.7/Math/BigInt.pm line 153
t/01use.t ................................ ok
t/02pod.t ................................ skipped: set TEST_POD to enable this test
t/03podcoverage.t ........................ skipped: set TEST_POD to enable this test
overload arg '..' is invalid at /home/bri/perl5/perlbrew/perls/perl-5.15.7-ld/lib/5.15.7/Math/BigInt.pm line 153
# Failed test 'JavScript XML output is ok'
# at t/04basic.t line 85.
# got: '<script type="text/javascript">
# <!--
#
# //-->
# </script>'
# expected: '<script type="text/javascript">
# <!--
#
# //-->
# </script>
# '
# Looks like you failed 1 test of 36.
t/04basic.t ..............................
Dubious, test returned 1 (wstat 256, 0x100)
Failed 1/36 subtests
overload arg '..' is invalid at /home/bri/perl5/perlbrew/perls/perl-5.15.7-ld/lib/5.15.7/Math/BigInt.pm line 153
t/05strict.t ............................. ok
overload arg '..' is invalid at /home/bri/perl5/perlbrew/perls/perl-5.15.7-ld/lib/5.15.7/Math/BigInt.pm line 153
t/06bugs_ascii_space.t ................... ok
overload arg '..' is invalid at /home/bri/perl5/perlbrew/perls/perl-5.15.7-ld/lib/5.15.7/Math/BigInt.pm line 153
t/06bugs_callbackone_missing_param.t ..... ok
overload arg '..' is invalid at /home/bri/perl5/perlbrew/perls/perl-5.15.7-ld/lib/5.15.7/Math/BigInt.pm line 153
t/06bugs_constraint_range_zero_max.t ..... ok
overload arg '..' is invalid at /home/bri/perl5/perlbrew/perls/perl-5.15.7-ld/lib/5.15.7/Math/BigInt.pm line 153
t/06bugs_constraint_range_zero_min.t ..... ok
overload arg '..' is invalid at /home/bri/perl5/perlbrew/perls/perl-5.15.7-ld/lib/5.15.7/Math/BigInt.pm line 153
t/06bugs_in_value_empty.t ................ ok
overload arg '..' is invalid at /home/bri/perl5/perlbrew/perls/perl-5.15.7-ld/lib/5.15.7/Math/BigInt.pm line 153
t/06bugs_name_regex_chars.t .............. ok
# Failed test 'no warnings'
# at /home/bri/perl5/perlbrew/perls/perl-5.15.7-ld/lib/site_perl/5.15.7/Test/NoWarnings.pm line 45.
# There were 1 warning(s)
# Previous test 0 ''
# overload arg '..' is invalid at /home/bri/perl5/perlbrew/perls/perl-5.15.7-ld/lib/5.15.7/Math/BigInt.pm line 153
# at /home/bri/perl5/perlbrew/perls/perl-5.15.7-ld/lib/5.15.7/overload.pm line 41
# overload::OVERLOAD('Math::BigInt', '=', 'CODE(0x91bf0e8)', '+=', 'CODE(0x91bf238)', '-=', 'CODE(0x91bf408)', '*=', 'CODE(0x91bf4b8)', ...) called at /home/bri/perl5/perlbrew/perls/perl-5.15.7-ld/lib/5.15.7/overload.pm line 59
# overload::import('overload', '=', 'CODE(0x91bf0e8)', '+=', 'CODE(0x91bf238)', '-=', 'CODE(0x91bf408)', '*=', 'CODE(0x91bf4b8)', ...) called at /home/bri/perl5/perlbrew/perls/perl-5.15.7-ld/lib/5.15.7/Math/BigInt.pm line 153
# Math::BigInt::BEGIN() called at /home/bri/perl5/perlbrew/perls/perl-5.15.7-ld/lib/5.15.7/Math/BigInt.pm line 153
# eval {...} called at /home/bri/perl5/perlbrew/perls/perl-5.15.7-ld/lib/5.15.7/Math/BigInt.pm line 153
# require Math/BigInt.pm called at /home/bri/perl5/perlbrew/perls/perl-5.15.7-ld/lib/site_perl/5.15.7/Net/DNS/SEC/Private.pm line 16
# Net::DNS::SEC::Private::BEGIN() called at /home/bri/perl5/perlbrew/perls/perl-5.15.7-ld/lib/5.15.7/Math/BigInt.pm line 153
# eval {...} called at /home/bri/perl5/perlbrew/perls/perl-5.15.7-ld/lib/5.15.7/Math/BigInt.pm line 153
# require Net/DNS/SEC/Private.pm called at /home/bri/perl5/perlbrew/perls/perl-5.15.7-ld/lib/site_perl/5.15.7/Net/DNS/RR/SIG.pm line 15
# Net::DNS::RR::SIG::BEGIN() called at /home/bri/perl5/perlbrew/perls/perl-5.15.7-ld/lib/5.15.7/Math/BigInt.pm line 153
# eval {...} called at /home/bri/perl5/perlbrew/perls/perl-5.15.7-ld/lib/5.15.7/Math/BigInt.pm line 153
# require Net/DNS/RR/SIG.pm called at /home/bri/perl5/perlbrew/perls/perl-5.15.7-ld/lib/site_perl/5.15.7/i686-linux-ld/Net/DNS/RR.pm line 95
# eval {...} called at /home/bri/perl5/perlbrew/perls/perl-5.15.7-ld/lib/site_perl/5.15.7/i686-linux-ld/Net/DNS/RR.pm line 93
# Net::DNS::RR::BEGIN() called at /home/bri/perl5/perlbrew/perls/perl-5.15.7-ld/lib/5.15.7/Math/BigInt.pm line 153
# eval {...} called at /home/bri/perl5/perlbrew/perls/perl-5.15.7-ld/lib/5.15.7/Math/BigInt.pm line 153
# require Net/DNS/RR.pm called at /home/bri/perl5/perlbrew/perls/perl-5.15.7-ld/lib/site_perl/5.15.7/i686-linux-ld/Net/DNS/Packet.pm line 35
# Net::DNS::Packet::BEGIN() called at /home/bri/perl5/perlbrew/perls/perl-5.15.7-ld/lib/5.15.7/Math/BigInt.pm line 153
# eval {...} called at /home/bri/perl5/perlbrew/perls/perl-5.15.7-ld/lib/5.15.7/Math/BigInt.pm line 153
# require Net/DNS/Packet.pm called at /home/bri/perl5/perlbrew/perls/perl-5.15.7-ld/lib/site_perl/5.15.7/i686-linux-ld/Net/DNS/Resolver/Base.pm line 25
# Net::DNS::Resolver::Base::BEGIN() called at /home/bri/perl5/perlbrew/perls/perl-5.15.7-ld/lib/5.15.7/Math/BigInt.pm line 153
# eval {...} called at /home/bri/perl5/perlbrew/perls/perl-5.15.7-ld/lib/5.15.7/Math/BigInt.pm line 153
# require Net/DNS/Resolver/Base.pm called at /home/bri/perl5/perlbrew/perls/perl-5.15.7-ld/lib/site_perl/5.15.7/i686-linux-ld/Net/DNS/Resolver/UNIX.pm line 9
# Net::DNS::Resolver::UNIX::BEGIN() called at /home/bri/perl5/perlbrew/perls/perl-5.15.7-ld/lib/5.15.7/Math/BigInt.pm line 153
# eval {...} called at /home/bri/perl5/perlbrew/perls/perl-5.15.7-ld/lib/5.15.7/Math/BigInt.pm line 153
# require Net/DNS/Resolver/UNIX.pm called at /home/bri/perl5/perlbrew/perls/perl-5.15.7-ld/lib/site_perl/5.15.7/i686-linux-ld/Net/DNS/Resolver.pm line 27
# Net::DNS::Resolver::BEGIN() called at /home/bri/perl5/perlbrew/perls/perl-5.15.7-ld/lib/5.15.7/Math/BigInt.pm line 153
# eval {...} called at /home/bri/perl5/perlbrew/perls/perl-5.15.7-ld/lib/5.15.7/Math/BigInt.pm line 153
# require Net/DNS/Resolver.pm called at /home/bri/perl5/perlbrew/perls/perl-5.15.7-ld/lib/site_perl/5.15.7/i686-linux-ld/Net/DNS.pm line 106
# Net::DNS::BEGIN() called at /home/bri/perl5/perlbrew/perls/perl-5.15.7-ld/lib/5.15.7/Math/BigInt.pm line 153
# eval {...} called at /home/bri/perl5/perlbrew/perls/perl-5.15.7-ld/lib/5.15.7/Math/BigInt.pm line 153
# require Net/DNS.pm called at /home/bri/perl5/perlbrew/perls/perl-5.15.7-ld/lib/site_perl/5.15.7/Email/Valid.pm line 133
# eval {...} called at /home/bri/perl5/perlbrew/perls/perl-5.15.7-ld/lib/site_perl/5.15.7/Email/Valid.pm line 133
# Email::Valid::_select_dns_method('Email::Valid') called at /home/bri/perl5/perlbrew/perls/perl-5.15.7-ld/lib/site_perl/5.15.7/Email/Valid.pm line 33
# require Email/Valid.pm called at /home/bri/.cpan/build/HTML-Widget-1.11-hX57Qs/blib/lib/HTML/Widget/Constraint/Email.pm line 6
# HTML::Widget::Constraint::Email::BEGIN() called at /home/bri/perl5/perlbrew/perls/perl-5.15.7-ld/lib/5.15.7/Math/BigInt.pm line 153
# eval {...} called at /home/bri/perl5/perlbrew/perls/perl-5.15.7-ld/lib/5.15.7/Math/BigInt.pm line 153
# require HTML/Widget/Constraint/Email.pm called at /home/bri/perl5/perlbrew/perls/perl-5.15.7-ld/lib/site_perl/5.15.7/Module/Pluggable/Fast.pm line 82
# eval '
# #line 82 "/home/bri/perl5/perlbrew/perls/perl-5.15.7-ld/lib/site_perl/5.15.7/Module/Pluggable/Fast.pm"
# CORE::require($file);
#
# ;' called at /home/bri/perl5/perlbrew/perls/perl-5.15.7-ld/lib/site_perl/5.15.7/UNIVERSAL/require.pm line 92
# UNIVERSAL::require('HTML::Widget::Constraint::Email') called at /home/bri/perl5/perlbrew/perls/perl-5.15.7-ld/lib/site_perl/5.15.7/Module/Pluggable/Fast.pm line 82
# Module::Pluggable::Fast::__ANON__('HTML::Widget') called at /home/bri/.cpan/build/HTML-Widget-1.11-hX57Qs/blib/lib/HTML/Widget.pm line 16
# require HTML/Widget.pm called at t/06bugs_result_elements_warnings.t line 7
# main::BEGIN() called at /home/bri/perl5/perlbrew/perls/perl-5.15.7-ld/lib/5.15.7/Math/BigInt.pm line 153
# eval {...} called at /home/bri/perl5/perlbrew/perls/perl-5.15.7-ld/lib/5.15.7/Math/BigInt.pm line 153
#
# Looks like you failed 1 test of 2.
t/06bugs_result_elements_warnings.t ......
Dubious, test returned 1 (wstat 256, 0x100)
Failed 1/2 subtests
overload arg '..' is invalid at /home/bri/perl5/perlbrew/perls/perl-5.15.7-ld/lib/5.15.7/Math/BigInt.pm line 153
t/06bugs_result_params_multiple.t ........ ok
overload arg '..' is invalid at /home/bri/perl5/perlbrew/perls/perl-5.15.7-ld/lib/5.15.7/Math/BigInt.pm line 153
t/06bugs_select_empty_options.t .......... ok
overload arg '..' is invalid at /home/bri/perl5/perlbrew/perls/perl-5.15.7-ld/lib/5.15.7/Math/BigInt.pm line 153
t/06bugs_select_zero_key_constraint.t .... ok
overload arg '..' is invalid at /home/bri/perl5/perlbrew/perls/perl-5.15.7-ld/lib/5.15.7/Math/BigInt.pm line 153
t/06bugs_value_empty_string.t ............ ok
overload arg '..' is invalid at /home/bri/perl5/perlbrew/perls/perl-5.15.7-ld/lib/5.15.7/Math/BigInt.pm line 153
t/06bugs_value_no_default.t .............. ok
overload arg '..' is invalid at /home/bri/perl5/perlbrew/perls/perl-5.15.7-ld/lib/5.15.7/Math/BigInt.pm line 153
t/06bugs_value_zero.t .................... ok
overload arg '..' is invalid at /home/bri/perl5/perlbrew/perls/perl-5.15.7-ld/lib/5.15.7/Math/BigInt.pm line 153
t/06bugs_widget_get_elements.t ........... ok
overload arg '..' is invalid at /home/bri/perl5/perlbrew/perls/perl-5.15.7-ld/lib/5.15.7/Math/BigInt.pm line 153
t/06bugs_widget_name_zero.t .............. ok
overload arg '..' is invalid at /home/bri/perl5/perlbrew/perls/perl-5.15.7-ld/lib/5.15.7/Math/BigInt.pm line 153
# Failed test ''
# at t/06bugs_xml_escape.t line 26.
# '<form id="widget" method="post"><fieldset class="widget_fieldset"><input class="textfield" id="widget_foo" name="foo" type="text" value="é" /><input class="hidden" id="widget_bar" name="bar" type="hidden" value="" foo >" /></fieldset></form>
# '
# doesn't match '(?^:value="" foo >")'
# Looks like you failed 1 test of 2.
t/06bugs_xml_escape.t ....................
Dubious, test returned 1 (wstat 256, 0x100)
Failed 1/2 subtests
overload arg '..' is invalid at /home/bri/perl5/perlbrew/perls/perl-5.15.7-ld/lib/5.15.7/Math/BigInt.pm line 153
t/06bugs_zero_value_xml.t ................ ok
overload arg '..' is invalid at /home/bri/perl5/perlbrew/perls/perl-5.15.7-ld/lib/5.15.7/Math/BigInt.pm line 153
t/06bugs_zero_xml.t ...................... ok
overload arg '..' is invalid at /home/bri/perl5/perlbrew/perls/perl-5.15.7-ld/lib/5.15.7/Math/BigInt.pm line 153
# Failed test 'JavScript XML output is ok'
# at t/07custom_render.t line 122.
# got: '<script type="text/javascript">
# <!--
#
# //-->
# </script>'
# expected: '<script type="text/javascript">
# <!--
#
# //-->
# </script>
# '
# Looks like you failed 1 test of 46.
t/07custom_render.t ......................
Dubious, test returned 1 (wstat 256, 0x100)
Failed 1/46 subtests
overload arg '..' is invalid at /home/bri/perl5/perlbrew/perls/perl-5.15.7-ld/lib/5.15.7/Math/BigInt.pm line 153
t/08constraint_all.t ..................... ok
overload arg '..' is invalid at /home/bri/perl5/perlbrew/perls/perl-5.15.7-ld/lib/5.15.7/Math/BigInt.pm line 153
t/08empty_errors.t ....................... ok
overload arg '..' is invalid at /home/bri/perl5/perlbrew/perls/perl-5.15.7-ld/lib/5.15.7/Math/BigInt.pm line 153
t/08filter_all.t ......................... ok
overload arg '..' is invalid at /home/bri/perl5/perlbrew/perls/perl-5.15.7-ld/lib/5.15.7/Math/BigInt.pm line 153
t/09nested_embed.t ....................... ok
overload arg '..' is invalid at /home/bri/perl5/perlbrew/perls/perl-5.15.7-ld/lib/5.15.7/Math/BigInt.pm line 153
t/10explicit_ids.t ....................... ok
# Failed test 'no warnings'
# at /home/bri/perl5/perlbrew/perls/perl-5.15.7-ld/lib/site_perl/5.15.7/Test/NoWarnings.pm line 45.
# There were 1 warning(s)
# Previous test 0 ''
# overload arg '..' is invalid at /home/bri/perl5/perlbrew/perls/perl-5.15.7-ld/lib/5.15.7/Math/BigInt.pm line 153
# at /home/bri/perl5/perlbrew/perls/perl-5.15.7-ld/lib/5.15.7/overload.pm line 41
# overload::OVERLOAD('Math::BigInt', '=', 'CODE(0xa523700)', '+=', 'CODE(0xa523850)', '-=', 'CODE(0xa523a20)', '*=', 'CODE(0xa523ad0)', ...) called at /home/bri/perl5/perlbrew/perls/perl-5.15.7-ld/lib/5.15.7/overload.pm line 59
# overload::import('overload', '=', 'CODE(0xa523700)', '+=', 'CODE(0xa523850)', '-=', 'CODE(0xa523a20)', '*=', 'CODE(0xa523ad0)', ...) called at /home/bri/perl5/perlbrew/perls/perl-5.15.7-ld/lib/5.15.7/Math/BigInt.pm line 153
# Math::BigInt::BEGIN() called at /home/bri/perl5/perlbrew/perls/perl-5.15.7-ld/lib/5.15.7/Math/BigInt.pm line 153
# eval {...} called at /home/bri/perl5/perlbrew/perls/perl-5.15.7-ld/lib/5.15.7/Math/BigInt.pm line 153
# require Math/BigInt.pm called at /home/bri/perl5/perlbrew/perls/perl-5.15.7-ld/lib/site_perl/5.15.7/Net/DNS/SEC/Private.pm line 16
# Net::DNS::SEC::Private::BEGIN() called at /home/bri/perl5/perlbrew/perls/perl-5.15.7-ld/lib/5.15.7/Math/BigInt.pm line 153
# eval {...} called at /home/bri/perl5/perlbrew/perls/perl-5.15.7-ld/lib/5.15.7/Math/BigInt.pm line 153
# require Net/DNS/SEC/Private.pm called at /home/bri/perl5/perlbrew/perls/perl-5.15.7-ld/lib/site_perl/5.15.7/Net/DNS/RR/SIG.pm line 15
# Net::DNS::RR::SIG::BEGIN() called at /home/bri/perl5/perlbrew/perls/perl-5.15.7-ld/lib/5.15.7/Math/BigInt.pm line 153
# eval {...} called at /home/bri/perl5/perlbrew/perls/perl-5.15.7-ld/lib/5.15.7/Math/BigInt.pm line 153
# require Net/DNS/RR/SIG.pm called at /home/bri/perl5/perlbrew/perls/perl-5.15.7-ld/lib/site_perl/5.15.7/i686-linux-ld/Net/DNS/RR.pm line 95
# eval {...} called at /home/bri/perl5/perlbrew/perls/perl-5.15.7-ld/lib/site_perl/5.15.7/i686-linux-ld/Net/DNS/RR.pm line 93
# Net::DNS::RR::BEGIN() called at /home/bri/perl5/perlbrew/perls/perl-5.15.7-ld/lib/5.15.7/Math/BigInt.pm line 153
# eval {...} called at /home/bri/perl5/perlbrew/perls/perl-5.15.7-ld/lib/5.15.7/Math/BigInt.pm line 153
# require Net/DNS/RR.pm called at /home/bri/perl5/perlbrew/perls/perl-5.15.7-ld/lib/site_perl/5.15.7/i686-linux-ld/Net/DNS/Packet.pm line 35
# Net::DNS::Packet::BEGIN() called at /home/bri/perl5/perlbrew/perls/perl-5.15.7-ld/lib/5.15.7/Math/BigInt.pm line 153
# eval {...} called at /home/bri/perl5/perlbrew/perls/perl-5.15.7-ld/lib/5.15.7/Math/BigInt.pm line 153
# require Net/DNS/Packet.pm called at /home/bri/perl5/perlbrew/perls/perl-5.15.7-ld/lib/site_perl/5.15.7/i686-linux-ld/Net/DNS/Resolver/Base.pm line 25
# Net::DNS::Resolver::Base::BEGIN() called at /home/bri/perl5/perlbrew/perls/perl-5.15.7-ld/lib/5.15.7/Math/BigInt.pm line 153
# eval {...} called at /home/bri/perl5/perlbrew/perls/perl-5.15.7-ld/lib/5.15.7/Math/BigInt.pm line 153
# require Net/DNS/Resolver/Base.pm called at /home/bri/perl5/perlbrew/perls/perl-5.15.7-ld/lib/site_perl/5.15.7/i686-linux-ld/Net/DNS/Resolver/UNIX.pm line 9
# Net::DNS::Resolver::UNIX::BEGIN() called at /home/bri/perl5/perlbrew/perls/perl-5.15.7-ld/lib/5.15.7/Math/BigInt.pm line 153
# eval {...} called at /home/bri/perl5/perlbrew/perls/perl-5.15.7-ld/lib/5.15.7/Math/BigInt.pm line 153
# require Net/DNS/Resolver/UNIX.pm called at /home/bri/perl5/perlbrew/perls/perl-5.15.7-ld/lib/site_perl/5.15.7/i686-linux-ld/Net/DNS/Resolver.pm line 27
# Net::DNS::Resolver::BEGIN() called at /home/bri/perl5/perlbrew/perls/perl-5.15.7-ld/lib/5.15.7/Math/BigInt.pm line 153
# eval {...} called at /home/bri/perl5/perlbrew/perls/perl-5.15.7-ld/lib/5.15.7/Math/BigInt.pm line 153
# require Net/DNS/Resolver.pm called at /home/bri/perl5/perlbrew/perls/perl-5.15.7-ld/lib/site_perl/5.15.7/i686-linux-ld/Net/DNS.pm line 106
# Net::DNS::BEGIN() called at /home/bri/perl5/perlbrew/perls/perl-5.15.7-ld/lib/5.15.7/Math/BigInt.pm line 153
# eval {...} called at /home/bri/perl5/perlbrew/perls/perl-5.15.7-ld/lib/5.15.7/Math/BigInt.pm line 153
# require Net/DNS.pm called at /home/bri/perl5/perlbrew/perls/perl-5.15.7-ld/lib/site_perl/5.15.7/Email/Valid.pm line 133
# eval {...} called at /home/bri/perl5/perlbrew/perls/perl-5.15.7-ld/lib/site_perl/5.15.7/Email/Valid.pm line 133
# Email::Valid::_select_dns_method('Email::Valid') called at /home/bri/perl5/perlbrew/perls/perl-5.15.7-ld/lib/site_perl/5.15.7/Email/Valid.pm line 33
# require Email/Valid.pm called at /home/bri/.cpan/build/HTML-Widget-1.11-hX57Qs/blib/lib/HTML/Widget/Constraint/Email.pm line 6
# HTML::Widget::Constraint::Email::BEGIN() called at /home/bri/perl5/perlbrew/perls/perl-5.15.7-ld/lib/5.15.7/Math/BigInt.pm line 153
# eval {...} called at /home/bri/perl5/perlbrew/perls/perl-5.15.7-ld/lib/5.15.7/Math/BigInt.pm line 153
# require HTML/Widget/Constraint/Email.pm called at /home/bri/perl5/perlbrew/perls/perl-5.15.7-ld/lib/site_perl/5.15.7/Module/Pluggable/Fast.pm line 82
# eval '
# #line 82 "/home/bri/perl5/perlbrew/perls/perl-5.15.7-ld/lib/site_perl/5.15.7/Module/Pluggable/Fast.pm"
# CORE::require($file);
#
# ;' called at /home/bri/perl5/perlbrew/perls/perl-5.15.7-ld/lib/site_perl/5.15.7/UNIVERSAL/require.pm line 92
# UNIVERSAL::require('HTML::Widget::Constraint::Email') called at /home/bri/perl5/perlbrew/perls/perl-5.15.7-ld/lib/site_perl/5.15.7/Module/Pluggable/Fast.pm line 82
# Module::Pluggable::Fast::__ANON__('HTML::Widget') called at /home/bri/.cpan/build/HTML-Widget-1.11-hX57Qs/blib/lib/HTML/Widget.pm line 16
# require HTML/Widget.pm called at t/10no_name.t line 7
# main::BEGIN() called at /home/bri/perl5/perlbrew/perls/perl-5.15.7-ld/lib/5.15.7/Math/BigInt.pm line 153
# eval {...} called at /home/bri/perl5/perlbrew/perls/perl-5.15.7-ld/lib/5.15.7/Math/BigInt.pm line 153
#
# Looks like you failed 1 test of 5.
t/10no_name.t ............................
Dubious, test returned 1 (wstat 256, 0x100)
Failed 1/5 subtests
overload arg '..' is invalid at /home/bri/perl5/perlbrew/perls/perl-5.15.7-ld/lib/5.15.7/Math/BigInt.pm line 153
t/attributes.t ........................... ok
overload arg '..' is invalid at /home/bri/perl5/perlbrew/perls/perl-5.15.7-ld/lib/5.15.7/Math/BigInt.pm line 153
t/constraint_all.t ....................... ok
overload arg '..' is invalid at /home/bri/perl5/perlbrew/perls/perl-5.15.7-ld/lib/5.15.7/Math/BigInt.pm line 153
t/constraint_allornone.t ................. ok
overload arg '..' is invalid at /home/bri/perl5/perlbrew/perls/perl-5.15.7-ld/lib/5.15.7/Math/BigInt.pm line 153
t/constraint_any.t ....................... ok
overload arg '..' is invalid at /home/bri/perl5/perlbrew/perls/perl-5.15.7-ld/lib/5.15.7/Math/BigInt.pm line 153
t/constraint_ascii.t ..................... ok
overload arg '..' is invalid at /home/bri/perl5/perlbrew/perls/perl-5.15.7-ld/lib/5.15.7/Math/BigInt.pm line 153
t/constraint_bool.t ...................... ok
overload arg '..' is invalid at /home/bri/perl5/perlbrew/perls/perl-5.15.7-ld/lib/5.15.7/Math/BigInt.pm line 153
t/constraint_callback.t .................. ok
overload arg '..' is invalid at /home/bri/perl5/perlbrew/perls/perl-5.15.7-ld/lib/5.15.7/Math/BigInt.pm line 153
t/constraint_callbackonce.t .............. ok
overload arg '..' is invalid at /home/bri/perl5/perlbrew/perls/perl-5.15.7-ld/lib/5.15.7/Math/BigInt.pm line 153
t/constraint_custom_namespace.t .......... ok
overload arg '..' is invalid at /home/bri/perl5/perlbrew/perls/perl-5.15.7-ld/lib/5.15.7/Math/BigInt.pm line 153
t/constraint_date.t ...................... ok
overload arg '..' is invalid at /home/bri/perl5/perlbrew/perls/perl-5.15.7-ld/lib/5.15.7/Math/BigInt.pm line 153
t/constraint_datetime.t .................. ok
overload arg '..' is invalid at /home/bri/perl5/perlbrew/perls/perl-5.15.7-ld/lib/5.15.7/Math/BigInt.pm line 153
t/constraint_dependon.t .................. ok
overload arg '..' is invalid at /home/bri/perl5/perlbrew/perls/perl-5.15.7-ld/lib/5.15.7/Math/BigInt.pm line 153
t/constraint_email.t ..................... ok
overload arg '..' is invalid at /home/bri/perl5/perlbrew/perls/perl-5.15.7-ld/lib/5.15.7/Math/BigInt.pm line 153
t/constraint_equal.t ..................... ok
overload arg '..' is invalid at /home/bri/perl5/perlbrew/perls/perl-5.15.7-ld/lib/5.15.7/Math/BigInt.pm line 153
t/constraint_http.t ...................... ok
overload arg '..' is invalid at /home/bri/perl5/perlbrew/perls/perl-5.15.7-ld/lib/5.15.7/Math/BigInt.pm line 153
t/constraint_in.t ........................ ok
overload arg '..' is invalid at /home/bri/perl5/perlbrew/perls/perl-5.15.7-ld/lib/5.15.7/Math/BigInt.pm line 153
t/constraint_integer.t ................... ok
overload arg '..' is invalid at /home/bri/perl5/perlbrew/perls/perl-5.15.7-ld/lib/5.15.7/Math/BigInt.pm line 153
t/constraint_length.t .................... ok
overload arg '..' is invalid at /home/bri/perl5/perlbrew/perls/perl-5.15.7-ld/lib/5.15.7/Math/BigInt.pm line 153
t/constraint_number.t .................... ok
overload arg '..' is invalid at /home/bri/perl5/perlbrew/perls/perl-5.15.7-ld/lib/5.15.7/Math/BigInt.pm line 153
t/constraint_printable.t ................. ok
overload arg '..' is invalid at /home/bri/perl5/perlbrew/perls/perl-5.15.7-ld/lib/5.15.7/Math/BigInt.pm line 153
t/constraint_range.t ..................... ok
overload arg '..' is invalid at /home/bri/perl5/perlbrew/perls/perl-5.15.7-ld/lib/5.15.7/Math/BigInt.pm line 153
t/constraint_regex.t ..................... ok
overload arg '..' is invalid at /home/bri/perl5/perlbrew/perls/perl-5.15.7-ld/lib/5.15.7/Math/BigInt.pm line 153
t/constraint_singlevalue.t ............... ok
overload arg '..' is invalid at /home/bri/perl5/perlbrew/perls/perl-5.15.7-ld/lib/5.15.7/Math/BigInt.pm line 153
t/constraint_string.t .................... ok
overload arg '..' is invalid at /home/bri/perl5/perlbrew/perls/perl-5.15.7-ld/lib/5.15.7/Math/BigInt.pm line 153
t/constraint_time.t ...................... ok
overload arg '..' is invalid at /home/bri/perl5/perlbrew/perls/perl-5.15.7-ld/lib/5.15.7/Math/BigInt.pm line 153
t/element_block.t ........................ ok
overload arg '..' is invalid at /home/bri/perl5/perlbrew/perls/perl-5.15.7-ld/lib/5.15.7/Math/BigInt.pm line 153
t/element_button.t ....................... ok
overload arg '..' is invalid at /home/bri/perl5/perlbrew/perls/perl-5.15.7-ld/lib/5.15.7/Math/BigInt.pm line 153
t/element_button_tag.t ................... ok
overload arg '..' is invalid at /home/bri/perl5/perlbrew/perls/perl-5.15.7-ld/lib/5.15.7/Math/BigInt.pm line 153
t/element_checkbox.t ..................... ok
overload arg '..' is invalid at /home/bri/perl5/perlbrew/perls/perl-5.15.7-ld/lib/5.15.7/Math/BigInt.pm line 153
t/element_custom_namespace.t ............. ok
overload arg '..' is invalid at /home/bri/perl5/perlbrew/perls/perl-5.15.7-ld/lib/5.15.7/Math/BigInt.pm line 153
t/element_hidden.t ....................... ok
overload arg '..' is invalid at /home/bri/perl5/perlbrew/perls/perl-5.15.7-ld/lib/5.15.7/Math/BigInt.pm line 153
t/element_password.t ..................... ok
overload arg '..' is invalid at /home/bri/perl5/perlbrew/perls/perl-5.15.7-ld/lib/5.15.7/Math/BigInt.pm line 153
t/element_radio.t ........................ ok
overload arg '..' is invalid at /home/bri/perl5/perlbrew/perls/perl-5.15.7-ld/lib/5.15.7/Math/BigInt.pm line 153
t/element_radiogroup.t ................... ok
overload arg '..' is invalid at /home/bri/perl5/perlbrew/perls/perl-5.15.7-ld/lib/5.15.7/Math/BigInt.pm line 153
t/element_radiogroup_constrain_values.t .. ok
overload arg '..' is invalid at /home/bri/perl5/perlbrew/perls/perl-5.15.7-ld/lib/5.15.7/Math/BigInt.pm line 153
t/element_reset.t ........................ ok
overload arg '..' is invalid at /home/bri/perl5/perlbrew/perls/perl-5.15.7-ld/lib/5.15.7/Math/BigInt.pm line 153
t/element_select.t ....................... ok
overload arg '..' is invalid at /home/bri/perl5/perlbrew/perls/perl-5.15.7-ld/lib/5.15.7/Math/BigInt.pm line 153
t/element_select_constrain_options.t ..... ok
overload arg '..' is invalid at /home/bri/perl5/perlbrew/perls/perl-5.15.7-ld/lib/5.15.7/Math/BigInt.pm line 153
t/element_span.t ......................... ok
overload arg '..' is invalid at /home/bri/perl5/perlbrew/perls/perl-5.15.7-ld/lib/5.15.7/Math/BigInt.pm line 153
t/element_submit.t ....................... ok
overload arg '..' is invalid at /home/bri/perl5/perlbrew/perls/perl-5.15.7-ld/lib/5.15.7/Math/BigInt.pm line 153
t/element_textarea.t ..................... ok
overload arg '..' is invalid at /home/bri/perl5/perlbrew/perls/perl-5.15.7-ld/lib/5.15.7/Math/BigInt.pm line 153
t/element_textfield.t .................... ok
overload arg '..' is invalid at /home/bri/perl5/perlbrew/perls/perl-5.15.7-ld/lib/5.15.7/Math/BigInt.pm line 153
t/element_upload.t ....................... ok
overload arg '..' is invalid at /home/bri/perl5/perlbrew/perls/perl-5.15.7-ld/lib/5.15.7/Math/BigInt.pm line 153
t/filter_callback.t ...................... ok
overload arg '..' is invalid at /home/bri/perl5/perlbrew/perls/perl-5.15.7-ld/lib/5.15.7/Math/BigInt.pm line 153
t/filter_htmlescape.t .................... ok
overload arg '..' is invalid at /home/bri/perl5/perlbrew/perls/perl-5.15.7-ld/lib/5.15.7/Math/BigInt.pm line 153
t/filter_htmlstrip.t ..................... ok
overload arg '..' is invalid at /home/bri/perl5/perlbrew/perls/perl-5.15.7-ld/lib/5.15.7/Math/BigInt.pm line 153
t/filter_lowercase.t ..................... ok
overload arg '..' is invalid at /home/bri/perl5/perlbrew/perls/perl-5.15.7-ld/lib/5.15.7/Math/BigInt.pm line 153
t/filter_trimedges.t ..................... ok
overload arg '..' is invalid at /home/bri/perl5/perlbrew/perls/perl-5.15.7-ld/lib/5.15.7/Math/BigInt.pm line 153
t/filter_uppercase.t ..................... ok
overload arg '..' is invalid at /home/bri/perl5/perlbrew/perls/perl-5.15.7-ld/lib/5.15.7/Math/BigInt.pm line 153
t/filter_whitespace.t .................... ok
overload arg '..' is invalid at /home/bri/perl5/perlbrew/perls/perl-5.15.7-ld/lib/5.15.7/Math/BigInt.pm line 153
t/get_constraint.t ....................... ok
overload arg '..' is invalid at /home/bri/perl5/perlbrew/perls/perl-5.15.7-ld/lib/5.15.7/Math/BigInt.pm line 153
t/get_constraints.t ...................... ok
overload arg '..' is invalid at /home/bri/perl5/perlbrew/perls/perl-5.15.7-ld/lib/5.15.7/Math/BigInt.pm line 153
t/get_element.t .......................... ok
overload arg '..' is invalid at /home/bri/perl5/perlbrew/perls/perl-5.15.7-ld/lib/5.15.7/Math/BigInt.pm line 153
t/get_elements.t ......................... ok
overload arg '..' is invalid at /home/bri/perl5/perlbrew/perls/perl-5.15.7-ld/lib/5.15.7/Math/BigInt.pm line 153
t/get_errors.t ........................... ok
overload arg '..' is invalid at /home/bri/perl5/perlbrew/perls/perl-5.15.7-ld/lib/5.15.7/Math/BigInt.pm line 153
t/get_filter.t ........................... ok
overload arg '..' is invalid at /home/bri/perl5/perlbrew/perls/perl-5.15.7-ld/lib/5.15.7/Math/BigInt.pm line 153
t/get_filters.t .......................... ok
overload arg '..' is invalid at /home/bri/perl5/perlbrew/perls/perl-5.15.7-ld/lib/5.15.7/Math/BigInt.pm line 153
t/result_add_error.t ..................... ok
overload arg '..' is invalid at /home/bri/perl5/perlbrew/perls/perl-5.15.7-ld/lib/5.15.7/Math/BigInt.pm line 153
t/retain_default.t ....................... ok
overload arg '..' is invalid at /home/bri/perl5/perlbrew/perls/perl-5.15.7-ld/lib/5.15.7/Math/BigInt.pm line 153
t/submitted.t ............................ ok
Test Summary Report
-------------------
t/04basic.t (Wstat: 256 Tests: 36 Failed: 1)
Failed test: 26
Non-zero exit status: 1
t/06bugs_result_elements_warnings.t (Wstat: 256 Tests: 2 Failed: 1)
Failed test: 2
Non-zero exit status: 1
t/06bugs_xml_escape.t (Wstat: 256 Tests: 2 Failed: 1)
Failed test: 2
Non-zero exit status: 1
t/07custom_render.t (Wstat: 256 Tests: 46 Failed: 1)
Failed test: 37
Non-zero exit status: 1
t/10no_name.t (Wstat: 256 Tests: 5 Failed: 1)
Failed test: 5
Non-zero exit status: 1
Files=90, Tests=625, 35 wallclock secs ( 0.34 usr 0.09 sys + 30.36 cusr 2.28 csys = 33.07 CPU)
Result: FAIL
Failed 5/90 test programs. 5/625 subtests failed.
make: *** [test_dynamic] Error 255
------------------------------
PREREQUISITES
------------------------------
Prerequisite modules loaded:
requires:
Module Need Have
------------------------------ ---- -------
Class::Accessor::Chained::Fast 0 0
Class::Accessor::Fast 0 0.34
Class::Data::Accessor 0 0.04004
Date::Calc 0 6.3
Email::Valid 0 0.187
HTML::Element 3.22 4.2
HTML::Scrubber 0 0.09
Module::Pluggable::Fast 0 0.19
Scalar::Util 0 1.23
Storable 0 2.30
Test::NoWarnings 0 1.04
build_requires:
Module Need Have
------------------------------ ---- -------
ExtUtils::MakeMaker 0 6.62
------------------------------
ENVIRONMENT AND OTHER CONTEXT
------------------------------
Environment variables:
AUTOMATED_TESTING = 1
LANG = C
LANGUAGE = en_GB:en
LC_ALL = C
MANPATH_WITHOUT_PERLBREW =
PATH = /home/bri/bin:/home/bri/perl5/perlbrew/bin:/home/bri/perl5/perlbrew/perls/perl-5.15.7-ld/bin:~/bin:/usr/local/sbin:/usr/local/bin:/usr/sbin:/usr/bin:/sbin:/bin:/usr/games
PATH_WITHOUT_PERLBREW = ~/bin:/usr/local/sbin:/usr/local/bin:/usr/sbin:/usr/bin:/sbin:/bin:/usr/games
PERL5LIB =
PERL5OPT =
PERL5_CPANPLUS_IS_RUNNING = 6725
PERL5_CPAN_IS_RUNNING = 6725
PERL5_CPAN_IS_RUNNING_IN_RECURSION = 1834,6725
PERLBREW_BASHRC_VERSION = 0.41
PERLBREW_HOME = /home/bri/.perlbrew
PERLBREW_MANPATH = /home/bri/perl5/perlbrew/perls/perl-5.15.7-ld/man
PERLBREW_PATH = /home/bri/perl5/perlbrew/bin:/home/bri/perl5/perlbrew/perls/perl-5.15.7-ld/bin
PERLBREW_PERL = perl-5.15.7-ld
PERLBREW_ROOT = /home/bri/perl5/perlbrew
PERLBREW_VERSION = 0.40
PERL_CPANM_OPT = --prompt --mirror http://172.16.1.3/cpan/
PERL_CR_SMOKER_CURRENT = Catalyst-Plugin-HTML-Widget-1.1
PERL_EXTUTILS_AUTOINSTALL = --defaultdeps
PERL_MM_USE_DEFAULT = 1
SHELL = /bin/bash
TERM = linux
Perl special variables (and OS-specific diagnostics, for MSWin32):
$^X = /home/bri/perl5/perlbrew/perls/perl-5.15.7-ld/bin/perl5.15.7
$UID/$EUID = 1000 / 1000
$GID = 1000 4 20 24 46 112 120 122 1000
$EGID = 1000 4 20 24 46 112 120 122 1000
Perl module toolchain versions installed:
Module Have
------------------- --------
CPAN 1.9800
CPAN::Meta 2.120351
Cwd 3.33
ExtUtils::CBuilder 0.280202
ExtUtils::Command 1.17
ExtUtils::Install 1.57
ExtUtils::MakeMaker 6.62
ExtUtils::Manifest 1.60
ExtUtils::ParseXS 3.15
File::Spec 3.33
JSON 2.53
JSON::PP 2.27008
Module::Build 0.39_01
Module::Signature n/a
Parse::CPAN::Meta 1.4402
Test::Harness 3.23
Test::More 0.98
YAML 0.78
YAML::Syck 1.19
version 0.96
--
Summary of my perl5 (revision 5 version 15 subversion 7) configuration:
Platform:
osname=linux, osvers=2.6.38-11-generic, archname=i686-linux-ld
uname='linux lappy 2.6.38-11-generic #48-ubuntu smp fri jul 29 19:05:14 utc 2011 i686 i686 i386 gnulinux '
config_args='-de -Dprefix=/home/bri/perl5/perlbrew/perls/perl-5.15.7-ld -Duselongdouble -Dusedevel'
hint=recommended, useposix=true, d_sigaction=define
useithreads=undef, usemultiplicity=undef
useperlio=define, d_sfio=undef, uselargefiles=define, usesocks=undef
use64bitint=undef, use64bitall=undef, uselongdouble=define
usemymalloc=n, bincompat5005=undef
Compiler:
cc='cc', ccflags ='-fno-strict-aliasing -pipe -fstack-protector -I/usr/local/include -D_LARGEFILE_SOURCE -D_FILE_OFFSET_BITS=64',
optimize='-O2',
cppflags='-fno-strict-aliasing -pipe -fstack-protector -I/usr/local/include'
ccversion='', gccversion='4.5.2', gccosandvers=''
intsize=4, longsize=4, ptrsize=4, doublesize=8, byteorder=1234
d_longlong=define, longlongsize=8, d_longdbl=define, longdblsize=12
ivtype='long', ivsize=4, nvtype='long double', nvsize=12, Off_t='off_t', lseeksize=8
alignbytes=4, prototype=define
Linker and Libraries:
ld='cc', ldflags =' -fstack-protector -L/usr/local/lib'
libpth=/usr/local/lib /lib /usr/lib /usr/lib/i386-linux-gnu /usr/lib64
libs=-lnsl -ldl -lm -lcrypt -lutil -lc
perllibs=-lnsl -ldl -lm -lcrypt -lutil -lc
libc=, so=so, useshrplib=false, libperl=libperl.a
gnulibc_version='2.13'
Dynamic Linking:
dlsrc=dl_dlopen.xs, dlext=so, d_dlsymun=undef, ccdlflags='-Wl,-E'
cccdlflags='-fPIC', lddlflags='-shared -O2 -L/usr/local/lib -fstack-protector'
Characteristics of this binary (from libperl):
Compile-time options: HAS_TIMES PERLIO_LAYERS PERL_DONT_CREATE_GVSV
PERL_MALLOC_WRAP PERL_PRESERVE_IVUV PERL_USE_DEVEL
USE_LARGE_FILES USE_LOCALE USE_LOCALE_COLLATE
USE_LOCALE_CTYPE USE_LOCALE_NUMERIC USE_LONG_DOUBLE
USE_PERLIO USE_PERL_ATOF
Built under linux
Compiled at Feb 5 2012 13:08:12
%ENV:
PERL5LIB=""
PERL5OPT=""
PERL5_CPANPLUS_IS_RUNNING="6725"
PERL5_CPAN_IS_RUNNING="6725"
PERL5_CPAN_IS_RUNNING_IN_RECURSION="1834,6725"
PERLBREW_BASHRC_VERSION="0.41"
PERLBREW_HOME="/home/bri/.perlbrew"
PERLBREW_MANPATH="/home/bri/perl5/perlbrew/perls/perl-5.15.7-ld/man"
PERLBREW_PATH="/home/bri/perl5/perlbrew/bin:/home/bri/perl5/perlbrew/perls/perl-5.15.7-ld/bin"
PERLBREW_PERL="perl-5.15.7-ld"
PERLBREW_ROOT="/home/bri/perl5/perlbrew"
PERLBREW_VERSION="0.40"
PERL_CPANM_OPT="--prompt --mirror http://172.16.1.3/cpan/"
PERL_CR_SMOKER_CURRENT="Catalyst-Plugin-HTML-Widget-1.1"
PERL_EXTUTILS_AUTOINSTALL="--defaultdeps"
PERL_MM_USE_DEFAULT="1"
@INC:
/home/bri/perl5/perlbrew/perls/perl-5.15.7-ld/lib/site_perl/5.15.7/i686-linux-ld
/home/bri/perl5/perlbrew/perls/perl-5.15.7-ld/lib/site_perl/5.15.7
/home/bri/perl5/perlbrew/perls/perl-5.15.7-ld/lib/5.15.7/i686-linux-ld
/home/bri/perl5/perlbrew/perls/perl-5.15.7-ld/lib/5.15.7
.