LMDB_File v0.14 Perl 5 v5.34.1 i386-freebsd

Status
Fail
From
Chris Williams (BINGOS)
Dist
LMDB_File v0.14
Platform
Perl 5 v5.34.1 i386-freebsd
Date
2025-03-22 12:17:35
ID
a3a0ff9c-0717-11f0-98b0-b3c3213a625c
This distribution has been tested as part of the CPAN Testers
project, supporting the Perl programming language.  See
http://wiki.cpantesters.org/ for more information or email
questions to cpan-testers-discuss@perl.org


--

Dear SORTIZ,

This is a computer-generated error report created automatically by
CPANPLUS, version 0.9914. Testers personal comments may appear
at the end of this report.


Thank you for uploading your work to CPAN.  However, it appears that
there were some problems testing your distribution.

TEST RESULTS:

Below is the error stack from stage 'make test':

"/usr/home/cpan/pit/bare/perl-5.34.1/bin/perl5.34.1" -MExtUtils::Command::MM -e 'cp_nonempty' -- LMDB_File.bs blib/arch/auto/LMDB_File/LMDB_File.bs 644
PERL_DL_NONLAZY=1 "/usr/home/cpan/pit/bare/perl-5.34.1/bin/perl5.34.1" "-MExtUtils::Command::MM" "-MTest::Harness" "-e" "undef *Test::Harness::Switches; test_harness(0, 'blib/lib', 'blib/arch')" t/*.t

#   Failed test 'use LMDB_File;'
#   at t/00-basic.t line 7.
#     Tried to use 'LMDB_File'.
#     Error:  Can't load '/usr/home/cpan/pit/bare/conf/perl-5.34.1/.cpanplus/5.34.1/build/rxT7_OaVZW/LMDB_File-0.14/blib/arch/auto/LMDB_File/LMDB_File.so' for module LMDB_File: /usr/home/cpan/pit/bare/conf/perl-5.34.1/.cpanplus/5.34.1/build/rxT7_OaVZW/LMDB_File-0.14/blib/arch/auto/LMDB_File/LMDB_File.so: Undefined symbol "my_do_vecget" at /usr/home/cpan/pit/bare/perl-5.34.1/lib/5.34.1/i386-freebsd/DynaLoader.pm line 193.
#  at /usr/home/cpan/pit/bare/conf/perl-5.34.1/.cpanplus/5.34.1/build/rxT7_OaVZW/LMDB_File-0.14/blib/lib/LMDB_File.pm line 64.
# Compilation failed in require at t/00-basic.t line 7.
# BEGIN failed--compilation aborted at t/00-basic.t line 7.

#   Failed test 'Constants'
#   at t/00-basic.t line 36.
&LMDB_File::constant not defined at t/00-basic.t line 42.
# Looks like your test exited with 255 just after 2.
t/00-basic.t ........ 
Dubious, test returned 255 (wstat 65280, 0xff00)
Failed 3/3 subtests 
Can't load '/usr/home/cpan/pit/bare/conf/perl-5.34.1/.cpanplus/5.34.1/build/rxT7_OaVZW/LMDB_File-0.14/blib/arch/auto/LMDB_File/LMDB_File.so' for module LMDB_File: /usr/home/cpan/pit/bare/conf/perl-5.34.1/.cpanplus/5.34.1/build/rxT7_OaVZW/LMDB_File-0.14/blib/arch/auto/LMDB_File/LMDB_File.so: Undefined symbol "my_do_vecget" at /usr/home/cpan/pit/bare/perl-5.34.1/lib/5.34.1/i386-freebsd/DynaLoader.pm line 193.
 at /usr/home/cpan/pit/bare/conf/perl-5.34.1/.cpanplus/5.34.1/build/rxT7_OaVZW/LMDB_File-0.14/blib/lib/LMDB_File.pm line 64.
Compilation failed in require at t/01-environment.t line 9.
BEGIN failed--compilation aborted at t/01-environment.t line 9.
# Looks like your test exited with 2 before it could output anything.
t/01-environment.t .. 
Dubious, test returned 2 (wstat 512, 0x200)
Failed 174/174 subtests 
Can't load '/usr/home/cpan/pit/bare/conf/perl-5.34.1/.cpanplus/5.34.1/build/rxT7_OaVZW/LMDB_File-0.14/blib/arch/auto/LMDB_File/LMDB_File.so' for module LMDB_File: /usr/home/cpan/pit/bare/conf/perl-5.34.1/.cpanplus/5.34.1/build/rxT7_OaVZW/LMDB_File-0.14/blib/arch/auto/LMDB_File/LMDB_File.so: Undefined symbol "my_do_vecget" at /usr/home/cpan/pit/bare/perl-5.34.1/lib/5.34.1/i386-freebsd/DynaLoader.pm line 193.
 at /usr/home/cpan/pit/bare/conf/perl-5.34.1/.cpanplus/5.34.1/build/rxT7_OaVZW/LMDB_File-0.14/blib/lib/LMDB_File.pm line 64.
Compilation failed in require at t/02-named.t line 10.
BEGIN failed--compilation aborted at t/02-named.t line 10.
# Looks like your test exited with 2 before it could output anything.
t/02-named.t ........ 
Dubious, test returned 2 (wstat 512, 0x200)
Failed 50/50 subtests 
Can't load '/usr/home/cpan/pit/bare/conf/perl-5.34.1/.cpanplus/5.34.1/build/rxT7_OaVZW/LMDB_File-0.14/blib/arch/auto/LMDB_File/LMDB_File.so' for module LMDB_File: /usr/home/cpan/pit/bare/conf/perl-5.34.1/.cpanplus/5.34.1/build/rxT7_OaVZW/LMDB_File-0.14/blib/arch/auto/LMDB_File/LMDB_File.so: Undefined symbol "my_do_vecget" at /usr/home/cpan/pit/bare/perl-5.34.1/lib/5.34.1/i386-freebsd/DynaLoader.pm line 193.
 at /usr/home/cpan/pit/bare/conf/perl-5.34.1/.cpanplus/5.34.1/build/rxT7_OaVZW/LMDB_File-0.14/blib/lib/LMDB_File.pm line 64.
Compilation failed in require at t/03-fastmode.t line 15.
BEGIN failed--compilation aborted at t/03-fastmode.t line 15.
# Looks like your test exited with 2 before it could output anything.
t/03-fastmode.t ..... 
Dubious, test returned 2 (wstat 512, 0x200)
Failed 53/53 subtests 
Can't load '/usr/home/cpan/pit/bare/conf/perl-5.34.1/.cpanplus/5.34.1/build/rxT7_OaVZW/LMDB_File-0.14/blib/arch/auto/LMDB_File/LMDB_File.so' for module LMDB_File: /usr/home/cpan/pit/bare/conf/perl-5.34.1/.cpanplus/5.34.1/build/rxT7_OaVZW/LMDB_File-0.14/blib/arch/auto/LMDB_File/LMDB_File.so: Undefined symbol "my_do_vecget" at /usr/home/cpan/pit/bare/perl-5.34.1/lib/5.34.1/i386-freebsd/DynaLoader.pm line 193.
 at /usr/home/cpan/pit/bare/conf/perl-5.34.1/.cpanplus/5.34.1/build/rxT7_OaVZW/LMDB_File-0.14/blib/lib/LMDB_File.pm line 64.
Compilation failed in require at t/04-bigone.t line 8.
BEGIN failed--compilation aborted at t/04-bigone.t line 8.
# Looks like your test exited with 2 before it could output anything.
t/04-bigone.t ....... 
Dubious, test returned 2 (wstat 512, 0x200)
Failed 14/14 subtests 

Test Summary Report
-------------------
t/00-basic.t      (Wstat: 65280 (exited 255) Tests: 2 Failed: 2)
  Failed tests:  1-2
  Non-zero exit status: 255
  Parse errors: Bad plan.  You planned 3 tests but ran 2.
t/01-environment.t (Wstat: 512 (exited 2) Tests: 0 Failed: 0)
  Non-zero exit status: 2
  Parse errors: Bad plan.  You planned 174 tests but ran 0.
t/02-named.t      (Wstat: 512 (exited 2) Tests: 0 Failed: 0)
  Non-zero exit status: 2
  Parse errors: Bad plan.  You planned 50 tests but ran 0.
t/03-fastmode.t   (Wstat: 512 (exited 2) Tests: 0 Failed: 0)
  Non-zero exit status: 2
  Parse errors: Bad plan.  You planned 53 tests but ran 0.
t/04-bigone.t     (Wstat: 512 (exited 2) Tests: 0 Failed: 0)
  Non-zero exit status: 2
  Parse errors: Bad plan.  You planned 14 tests but ran 0.
Files=5, Tests=2,  1 wallclock secs ( 0.07 usr  0.02 sys +  0.77 cusr  0.49 csys =  1.35 CPU)
Result: FAIL
*** Error code 2

Stop.
make: stopped in /usr/home/cpan/pit/bare/conf/perl-5.34.1/.cpanplus/5.34.1/build/rxT7_OaVZW/LMDB_File-0.14
Failed 5/5 test programs. 2/2 subtests failed.


PREREQUISITES:

Here is a list of prerequisites you specified and versions we
managed to load:

	  Module Name                        Have     Want
	  ExtUtils::MakeMaker                7.70        0
	  Test::Exception                    0.43        0
	  Test::More                     1.302198        0

Perl module toolchain versions installed:
	Module Name                        Have
	CPANPLUS                         0.9914
	CPANPLUS::Dist::Build              0.90
	Cwd                                3.80
	ExtUtils::CBuilder             0.280236
	ExtUtils::Command                  7.70
	ExtUtils::Install                  2.22
	ExtUtils::MakeMaker                7.70
	ExtUtils::Manifest                 1.75
	ExtUtils::ParseXS                  3.51
	File::Spec                         3.80
	Module::Build                    0.4234
	Pod::Parser                           0
	Pod::Simple                        3.42
	Test2                          1.302198
	Test::Harness                      3.48
	Test::More                     1.302198
	version                          0.9930

******************************** NOTE ********************************
The comments above are created mechanically, possibly without manual
checking by the sender.  As there are many people performing automatic
tests on each upload to CPAN, it is likely that you will receive
identical messages about the same problem.

If you believe that the message is mistaken, please reply to the first
one with correction and/or additional informations, and do not take
it personally.  We appreciate your patience. :)
**********************************************************************

Additional comments:


This report was machine-generated by CPANPLUS::Dist::YACSmoke 1.08.
Powered by minismokebox version 0.68

CPANPLUS is prefering Build.PL

------------------------------
ENVIRONMENT AND OTHER CONTEXT
------------------------------

Environment variables:

    AUTOMATED_TESTING = 1
    NONINTERACTIVE_TESTING = 1
    PATH = /sbin:/bin:/usr/sbin:/usr/bin:/usr/local/sbin:/usr/local/bin:/home/cpan/bin
    PERL5LIB = /usr/home/cpan/pit/jail/HTwoPsgAJP/lib/perl5:/usr/home/cpan/pit/bare/conf/perl-5.34.1/.cpanplus/5.34.1/build/rxT7_OaVZW/LMDB_File-0.14/blib/lib:/usr/home/cpan/pit/bare/conf/perl-5.34.1/.cpanplus/5.34.1/build/rxT7_OaVZW/LMDB_File-0.14/blib/arch
    PERL5_CPANPLUS_IS_RUNNING = 99864
    PERL5_CPANPLUS_IS_VERSION = 0.9914
    PERL5_MINISMOKEBOX = 0.68
    PERL5_YACSMOKE_BASE = /usr/home/cpan/pit/bare/conf/perl-5.34.1
    PERL_EXTUTILS_AUTOINSTALL = --defaultdeps
    PERL_LOCAL_LIB_ROOT = /usr/home/cpan/pit/jail/HTwoPsgAJP
    PERL_MB_OPT = --install_base "/usr/home/cpan/pit/jail/HTwoPsgAJP"
    PERL_MM_OPT = INSTALL_BASE=/usr/home/cpan/pit/jail/HTwoPsgAJP
    PERL_MM_USE_DEFAULT = 1
    SHELL = /usr/local/bin/bash
    TERM = screen

Perl special variables (and OS-specific diagnostics, for MSWin32):

    Perl: $^X = /usr/home/cpan/pit/bare/perl-5.34.1/bin/perl5.34.1
    UID:  $<  = 1002
    EUID: $>  = 1002
    GID:  $(  = 1002 1002
    EGID: $)  = 1002 1002


-------------------------------


--

Summary of my perl5 (revision 5 version 34 subversion 1) configuration:
   
  Platform:
    osname=freebsd
    osvers=12.4-release
    archname=i386-freebsd
    uname='freebsd ffyrc 12.4-release freebsd 12.4-release r372781 generic i386 '
    config_args='-des -Dprefix=/usr/home/cpan/pit/bare/perl-5.34.1'
    hint=recommended
    useposix=true
    d_sigaction=define
    useithreads=undef
    usemultiplicity=undef
    use64bitint=undef
    use64bitall=undef
    uselongdouble=undef
    usemymalloc=n
    default_inc_excludes_dot=define
  Compiler:
    cc='cc'
    ccflags ='-DHAS_FPSETMASK -DHAS_FLOATINGPOINT_H -fno-strict-aliasing -pipe -fstack-protector-strong -I/usr/local/include'
    optimize='-O2'
    cppflags='-DHAS_FPSETMASK -DHAS_FLOATINGPOINT_H -fno-strict-aliasing -pipe -fstack-protector-strong -I/usr/local/include'
    ccversion=''
    gccversion='FreeBSD Clang 13.0.0 (git@github.com:llvm/llvm-project.git llvmorg-13.0.0-0-gd7b669b3a303)'
    gccosandvers=''
    intsize=4
    longsize=4
    ptrsize=4
    doublesize=8
    byteorder=1234
    doublekind=3
    d_longlong=define
    longlongsize=8
    d_longdbl=define
    longdblsize=12
    longdblkind=3
    ivtype='long'
    ivsize=4
    nvtype='double'
    nvsize=8
    Off_t='off_t'
    lseeksize=8
    alignbytes=4
    prototype=define
  Linker and Libraries:
    ld='cc'
    ldflags ='-Wl,-E  -fstack-protector-strong -L/usr/local/lib'
    libpth=/usr/lib /usr/local/lib /usr/lib/clang/13.0.0/lib
    libs=-lpthread -lgdbm -ldl -lm -lcrypt -lutil -lc
    perllibs=-lpthread -ldl -lm -lcrypt -lutil -lc
    libc=
    so=so
    useshrplib=false
    libperl=libperl.a
    gnulibc_version=''
  Dynamic Linking:
    dlsrc=dl_dlopen.xs
    dlext=so
    d_dlsymun=undef
    ccdlflags=' '
    cccdlflags='-DPIC -fPIC'
    lddlflags='-shared  -L/usr/local/lib -fstack-protector-strong'


Characteristics of this binary (from libperl): 
  Compile-time options:
    HAS_TIMES
    PERLIO_LAYERS
    PERL_COPY_ON_WRITE
    PERL_DONT_CREATE_GVSV
    PERL_MALLOC_WRAP
    PERL_OP_PARENT
    PERL_PRESERVE_IVUV
    USE_LARGE_FILES
    USE_LOCALE
    USE_LOCALE_COLLATE
    USE_LOCALE_CTYPE
    USE_LOCALE_NUMERIC
    USE_LOCALE_TIME
    USE_PERLIO
    USE_PERL_ATOF
  Built under freebsd
  Compiled at Apr  3 2023 15:13:16
  %ENV:
    PERL5LIB="/usr/home/cpan/pit/jail/HTwoPsgAJP/lib/perl5:/usr/home/cpan/pit/bare/conf/perl-5.34.1/.cpanplus/5.34.1/build/rxT7_OaVZW/LMDB_File-0.14/blib/lib:/usr/home/cpan/pit/bare/conf/perl-5.34.1/.cpanplus/5.34.1/build/rxT7_OaVZW/LMDB_File-0.14/blib/arch"
    PERL5_CPANPLUS_IS_RUNNING="99864"
    PERL5_CPANPLUS_IS_VERSION="0.9914"
    PERL5_MINISMOKEBOX="0.68"
    PERL5_YACSMOKE_BASE="/usr/home/cpan/pit/bare/conf/perl-5.34.1"
    PERL_EXTUTILS_AUTOINSTALL="--defaultdeps"
    PERL_LOCAL_LIB_ROOT="/usr/home/cpan/pit/jail/HTwoPsgAJP"
    PERL_MB_OPT="--install_base "/usr/home/cpan/pit/jail/HTwoPsgAJP""
    PERL_MM_OPT="INSTALL_BASE=/usr/home/cpan/pit/jail/HTwoPsgAJP"
    PERL_MM_USE_DEFAULT="1"
  @INC:
    /usr/home/cpan/pit/jail/HTwoPsgAJP/lib/perl5/5.34.1/i386-freebsd
    /usr/home/cpan/pit/jail/HTwoPsgAJP/lib/perl5/5.34.1
    /usr/home/cpan/pit/jail/HTwoPsgAJP/lib/perl5/i386-freebsd
    /usr/home/cpan/pit/jail/HTwoPsgAJP/lib/perl5
    /usr/home/cpan/pit/bare/conf/perl-5.34.1/.cpanplus/5.34.1/build/rxT7_OaVZW/LMDB_File-0.14/blib/lib
    /usr/home/cpan/pit/bare/conf/perl-5.34.1/.cpanplus/5.34.1/build/rxT7_OaVZW/LMDB_File-0.14/blib/arch
    /usr/home/cpan/pit/bare/perl-5.34.1/lib/site_perl/5.34.1/i386-freebsd
    /usr/home/cpan/pit/bare/perl-5.34.1/lib/site_perl/5.34.1
    /usr/home/cpan/pit/bare/perl-5.34.1/lib/5.34.1/i386-freebsd
    /usr/home/cpan/pit/bare/perl-5.34.1/lib/5.34.1