GSSAPI v0.28 Perl 5 v5.14.3 darwin-thread-multi-2level
- Status
- Fail
- From
- Nigel Horne
- Dist
-
GSSAPI v0.28
- Platform
- Perl 5 v5.14.3 darwin-thread-multi-2level
- Date
- 2017-09-10 09:58:47
- ID
- a3a54f66-960e-11e7-9d1b-7fb78077e65f
This distribution has been tested as part of the CPAN Testers
project, supporting the Perl programming language. See
http://wiki.cpantesters.org/ for more information or email
questions to cpan-testers-discuss@perl.org
--
Dear Achim Grolms,
This is a computer-generated report for GSSAPI-0.28
on perl 5.14.3, created by CPAN-Reporter-1.2018.
Thank you for uploading your work to CPAN. However, there was a problem
testing your distribution.
If you think this report is invalid, please consult the CPAN Testers Wiki
for suggestions on how to avoid getting FAIL reports for missing library
or binary dependencies, unsupported operating systems, and so on:
http://wiki.cpantesters.org/wiki/CPANAuthorNotes
Sections of this report:
* Tester comments
* Program output
* Prerequisites
* Environment and other context
------------------------------
TESTER COMMENTS
------------------------------
Additional comments from tester:
this report is from an automated smoke testing program
and was not reviewed by a human for accuracy
------------------------------
PROGRAM OUTPUT
------------------------------
Output from '/sw/bin/make test':
"/Users/hornenj/perl5/perlbrew/perls/perl-5.14.3/bin/perl5.14.3" -MExtUtils::Command::MM -e 'cp_nonempty' -- GSSAPI.bs blib/arch/auto/GSSAPI/GSSAPI.bs 644
PERL_DL_NONLAZY=1 "/Users/hornenj/perl5/perlbrew/perls/perl-5.14.3/bin/perl5.14.3" "-MExtUtils::Command::MM" "-MTest::Harness" "-e" "undef *Test::Harness::Switches; test_harness(0, 'blib/lib', 'blib/arch')" t/*.t
t/1constants.t ..... ok
t/2status.t ........ ok
perl5.14.3(40936,0x7fff9fa303c0) malloc: *** error for object 0x7fff84456a0d: pointer being freed was not allocated
*** set a breakpoint in malloc_error_break to debug
t/checkoids.t ......
All 34 subtests passed
t/importnames.t .... ok
# Kerberos 5, SPNEGO
t/indicatemechs.t .. ok
# Failed test '$cred1->inquire_cred($name, $lifetime, $cred_usage, $oidset'
# at t/inquire_cred.t line 47.
# inquire_cred() lifetime: 0 seconds
# inquire_cred() credusage: 0 (GSS_C_BOTH)
(in cleanup) oidset has no value.
# Looks like you failed 1 test of 6.
t/inquire_cred.t ...
Dubious, test returned 1 (wstat 256, 0x100)
Failed 1/6 subtests
t/pod.t ............ ok
# Failed test ' $str eq '{ 1 2 840 113554 1 2 1 1 }' '
# at t/test.t line 29.
# got: '1 2 840 113554 1 2 1 1'
# expected: '{ 1 2 840 113554 1 2 1 1 }'
perl5.14.3(40944,0x7fff9fa303c0) malloc: *** error for object 0x7fff844569d3: pointer being freed was not allocated
*** set a breakpoint in malloc_error_break to debug
t/test.t ...........
Failed 1/13 subtests
#
#
# if you want to run tests that do a realworld *use* of your GSSAPI
# start a kinit and try to run
#
# ./examples/getcred_hostbased.pl
#
t/zbugfixes.t ...... ok
Test Summary Report
-------------------
t/checkoids.t (Wstat: 6 Tests: 34 Failed: 0)
Non-zero wait status: 6
t/inquire_cred.t (Wstat: 256 Tests: 6 Failed: 1)
Failed test: 4
Non-zero exit status: 1
t/test.t (Wstat: 6 Tests: 13 Failed: 1)
Failed test: 2
Non-zero wait status: 6
Files=9, Tests=152, 1 wallclock secs ( 0.03 usr 0.03 sys + 0.50 cusr 0.40 csys = 0.96 CPU)
Result: FAIL
Failed 3/9 test programs. 2/152 subtests failed.
make: *** [Makefile:1032: test_dynamic] Error 255
------------------------------
PREREQUISITES
------------------------------
Prerequisite modules loaded:
requires:
Module Need Have
------------------- ---- --------
Test::More 0 1.302086
build_requires:
Module Need Have
------------------- ---- --------
ExtUtils::MakeMaker 0 7.22
------------------------------
ENVIRONMENT AND OTHER CONTEXT
------------------------------
Environment variables:
AUTOMATED_TESTING = 1
LANG = en_US.UTF-8
LC_ALL = POSIX
LDFLAGS =
PATH = /Users/hornenj/perl5/perlbrew/bin:/Users/hornenj/perl5/perlbrew/perls/perl-5.14.3/bin:/Users/hornenj/perl5/perlbrew/bin:/Users/hornenj/perl5/perlbrew/perls/perl-5.26.0/bin:/Users/hornenj/bin:/usr/bin:/bin:/usr/X11R6/bin
PERL5LIB = /Users/hornenj/.cpan/build/Hash-Flatten-1.19-3/blib/arch:/Users/hornenj/.cpan/build/Hash-Flatten-1.19-3/blib/lib:/Users/hornenj/.cpan/build/Test-Assertions-1.054-5/blib/arch:/Users/hornenj/.cpan/build/Test-Assertions-1.054-5/blib/lib:/Users/hornenj/.cpan/build/Log-Trace-1.070-5/blib/arch:/Users/hornenj/.cpan/build/Log-Trace-1.070-5/blib/lib:/Users/hornenj/.cpan/build/Constant-FromGlobal-0.09-0/blib/arch:/Users/hornenj/.cpan/build/Constant-FromGlobal-0.09-0/blib/lib
PERL5OPT =
PERL5_CPANPLUS_IS_RUNNING = 40447
PERL5_CPAN_IS_RUNNING = 40447
PERL5_MINISMOKEBOX = 0.68
PERLBREW_BASHRC_VERSION = 0.80
PERLBREW_HOME = /Users/hornenj/.perlbrew
PERLBREW_LIB =
PERLBREW_MANPATH = /Users/hornenj/perl5/perlbrew/perls/perl-5.14.3/man
PERLBREW_PATH = /Users/hornenj/perl5/perlbrew/bin:/Users/hornenj/perl5/perlbrew/perls/perl-5.14.3/bin
PERLBREW_PERL = perl-5.14.3
PERLBREW_ROOT = /Users/hornenj/perl5/perlbrew
PERLBREW_VERSION = 0.80
PERL_EXTUTILS_AUTOINSTALL = --defaultdeps
PERL_LOCAL_LIB_ROOT =
PERL_MM_USE_DEFAULT = 1
SHELL = /bin/bash
TERM = xterm-256color
TMPDIR = /var/folders/pz/pd7y1qjs6s3cbk170cw50fjc000c61/T/
Perl special variables (and OS-specific diagnostics, for MSWin32):
$^X = /Users/hornenj/perl5/perlbrew/perls/perl-5.14.3/bin/perl5.14.3
$UID/$EUID = 12481 / 12481
$GID = 14 14 5344 37191 527 12 62 204 399 206 37223 241 223
$EGID = 14 14 5344 37191 527 12 62 204 399 206 37223 241 223
Perl module toolchain versions installed:
Module Have
------------------- --------
CPAN 2.16
CPAN::Meta 2.150005
Cwd 3.47
ExtUtils::CBuilder 0.280224
ExtUtils::Command 7.22
ExtUtils::Install 2.04
ExtUtils::MakeMaker 7.22
ExtUtils::Manifest 1.70
ExtUtils::ParseXS 3.30
File::Spec 3.47
JSON 2.93
JSON::PP 2.27400
Module::Build 0.4214
Module::Signature n/a
Parse::CPAN::Meta 1.4422
Test::Harness 3.36
Test::More 1.302086
YAML 1.23
YAML::Syck 1.30
version 0.9912
--
Summary of my perl5 (revision 5 version 14 subversion 3) configuration:
Platform:
osname=darwin, osvers=14.3.0, archname=darwin-thread-multi-2level
uname='darwin ncbimac2027.ncbi.nlm.nih.gov 14.3.0 darwin kernel version 14.3.0: mon mar 23 11:59:05 pdt 2015; root:xnu-2782.20.48~5release_x86_64 x86_64 '
config_args='-de -Dprefix=/Users/hornenj/perl5/perlbrew/perls/perl-5.14.3 -Duseithreads -Dusemultiplicity -Dusedevel -Accflags=-O2 -W -Wformat=2 -Wswitch -Wshadow -Wwrite-strings -Wuninitialized -Wall -pipe -mtune=native -march=native -fomit-frame-pointer -msse2 -msse -mmmx -pedantic -D_FORTIFY_SOURCE=2 -Wpointer-arith -Wstrict-prototypes -fstack-protector -Wstack-protector -Wextra -Wbad-function-cast -Wcast-align -Wcast-qual -Wdisabled-optimization -Wendif-labels -Wfloat-equal -Wformat-nonliteral -Winline -Wmissing-declarations -Wmissing-prototypes -Wnested-externs -Wpointer-arith -Wundef -Wformat-security -fassociative-math -Acc=cc -Aeval:scriptdir=/Users/hornenj/perl5/perlbrew/perls/perl-5.14.3/bin'
hint=recommended, useposix=true, d_sigaction=define
useithreads=define, usemultiplicity=define
useperlio=define, d_sfio=undef, uselargefiles=define, usesocks=undef
use64bitint=define, use64bitall=define, uselongdouble=undef
usemymalloc=n, bincompat5005=undef
Compiler:
cc=' cc', ccflags ='-fno-common -DPERL_DARWIN -O2 -W -Wformat=2 -Wswitch -Wshadow -Wwrite-strings -Wuninitialized -Wall -pipe -mtune=native -march=native -fomit-frame-pointer -msse2 -msse -mmmx -pedantic -D_FORTIFY_SOURCE=2 -Wpointer-arith -Wstrict-prototypes -fstack-protector -Wstack-protector -Wextra -Wbad-function-cast -Wcast-align -Wcast-qual -Wdisabled-optimization -Wendif-labels -Wfloat-equal -Wformat-nonliteral -Winline -Wmissing-declarations -Wmissing-prototypes -Wnested-externs -Wpointer-arith -Wundef -Wformat-security -fassociative-math -fno-strict-aliasing -I/usr/local/include',
optimize='-O3',
cppflags='-fno-common -DPERL_DARWIN -O2 -W -Wformat=2 -Wswitch -Wshadow -Wwrite-strings -Wuninitialized -Wall -pipe -mtune=native -march=native -fomit-frame-pointer -msse2 -msse -mmmx -pedantic -D_FORTIFY_SOURCE=2 -Wpointer-arith -Wstrict-prototypes -fstack-protector -Wstack-protector -Wextra -Wbad-function-cast -Wcast-align -Wcast-qual -Wdisabled-optimization -Wendif-labels -Wfloat-equal -Wformat-nonliteral -Winline -Wmissing-declarations -Wmissing-prototypes -Wnested-externs -Wpointer-arith -Wundef -Wformat-security -fassociative-math -fno-strict-aliasing -I/usr/local/include'
ccversion='', gccversion='4.2.1 Compatible Apple LLVM 6.0 (clang-600.0.56)', gccosandvers=''
intsize=4, longsize=8, ptrsize=8, doublesize=8, byteorder=12345678
d_longlong=define, longlongsize=8, d_longdbl=define, longdblsize=16
ivtype='long', ivsize=8, nvtype='double', nvsize=8, Off_t='off_t', lseeksize=8
alignbytes=8, prototype=define
Linker and Libraries:
ld='env MACOSX_DEPLOYMENT_TARGET=10.3 cc', ldflags =' -fstack-protector -L/usr/local/lib'
libpth=/usr/local/lib /usr/lib
libs=-ldbm -ldl -lm -lutil -lc
perllibs=-ldl -lm -lutil -lc
libc=, so=dylib, useshrplib=false, libperl=libperl.a
gnulibc_version=''
Dynamic Linking:
dlsrc=dl_dlopen.xs, dlext=bundle, d_dlsymun=undef, ccdlflags=' '
cccdlflags=' ', lddlflags=' -bundle -undefined dynamic_lookup -L/usr/local/lib -fstack-protector'
Characteristics of this binary (from libperl):
Compile-time options: MULTIPLICITY PERL_DONT_CREATE_GVSV
PERL_IMPLICIT_CONTEXT PERL_MALLOC_WRAP
PERL_PRESERVE_IVUV PERL_USE_DEVEL USE_64_BIT_ALL
USE_64_BIT_INT USE_ITHREADS USE_LARGE_FILES
USE_PERLIO USE_PERL_ATOF USE_REENTRANT_API
Locally applied patches:
Devel::PatchPerl 1.30
Built under darwin
Compiled at Apr 20 2015 10:10:59
%ENV:
PERL5LIB="/Users/hornenj/.cpan/build/Hash-Flatten-1.19-3/blib/arch:/Users/hornenj/.cpan/build/Hash-Flatten-1.19-3/blib/lib:/Users/hornenj/.cpan/build/Test-Assertions-1.054-5/blib/arch:/Users/hornenj/.cpan/build/Test-Assertions-1.054-5/blib/lib:/Users/hornenj/.cpan/build/Log-Trace-1.070-5/blib/arch:/Users/hornenj/.cpan/build/Log-Trace-1.070-5/blib/lib:/Users/hornenj/.cpan/build/Constant-FromGlobal-0.09-0/blib/arch:/Users/hornenj/.cpan/build/Constant-FromGlobal-0.09-0/blib/lib"
PERL5OPT=""
PERL5_CPANPLUS_IS_RUNNING="40447"
PERL5_CPAN_IS_RUNNING="40447"
PERL5_MINISMOKEBOX="0.68"
PERLBREW_BASHRC_VERSION="0.80"
PERLBREW_HOME="/Users/hornenj/.perlbrew"
PERLBREW_LIB=""
PERLBREW_MANPATH="/Users/hornenj/perl5/perlbrew/perls/perl-5.14.3/man"
PERLBREW_PATH="/Users/hornenj/perl5/perlbrew/bin:/Users/hornenj/perl5/perlbrew/perls/perl-5.14.3/bin"
PERLBREW_PERL="perl-5.14.3"
PERLBREW_ROOT="/Users/hornenj/perl5/perlbrew"
PERLBREW_VERSION="0.80"
PERL_EXTUTILS_AUTOINSTALL="--defaultdeps"
PERL_LOCAL_LIB_ROOT=""
PERL_MM_USE_DEFAULT="1"
@INC:
/Users/hornenj/.cpan/build/Hash-Flatten-1.19-3/blib/arch
/Users/hornenj/.cpan/build/Hash-Flatten-1.19-3/blib/lib
/Users/hornenj/.cpan/build/Test-Assertions-1.054-5/blib/arch
/Users/hornenj/.cpan/build/Test-Assertions-1.054-5/blib/lib
/Users/hornenj/.cpan/build/Log-Trace-1.070-5/blib/arch
/Users/hornenj/.cpan/build/Log-Trace-1.070-5/blib/lib
/Users/hornenj/.cpan/build/Constant-FromGlobal-0.09-0/blib/arch
/Users/hornenj/.cpan/build/Constant-FromGlobal-0.09-0/blib/lib
/Users/hornenj/perl5/perlbrew/perls/perl-5.14.3/lib/site_perl/5.14.3/darwin-thread-multi-2level
/Users/hornenj/perl5/perlbrew/perls/perl-5.14.3/lib/site_perl/5.14.3
/Users/hornenj/perl5/perlbrew/perls/perl-5.14.3/lib/5.14.3/darwin-thread-multi-2level
/Users/hornenj/perl5/perlbrew/perls/perl-5.14.3/lib/5.14.3
.