Report for Cvs-0.07

Back
From: metabase:user:320bfe00-2aae-11df-837a-5e0a49663a4f
Subject: FAIL Cvs-0.07 v5.16.2 GNU/Linux
Date: 2013-06-01T12:56:13Z

This distribution has been tested as part of the CPAN Testers
project, supporting the Perl programming language.  See
http://wiki.cpantesters.org/ for more information or email
questions to cpan-testers-discuss@perl.org


--
Dear Olivier Poitrey,

This is a computer-generated report for Cvs-0.07
on perl 5.16.2, created by CPAN-Reporter-1.2009.

Thank you for uploading your work to CPAN.  However, there was a problem
testing your distribution.

If you think this report is invalid, please consult the CPAN Testers Wiki
for suggestions on how to avoid getting FAIL reports for missing library
or binary dependencies, unsupported operating systems, and so on:

http://wiki.cpantesters.org/wiki/CPANAuthorNotes

Sections of this report:

    * Tester comments
    * Program output
    * Prerequisites
    * Environment and other context

------------------------------
TESTER COMMENTS
------------------------------

Additional comments from tester:

this report is from an automated smoke testing program
and was not reviewed by a human for accuracy

------------------------------
PROGRAM OUTPUT
------------------------------

Output from '/usr/bin/make test':

PERL_DL_NONLAZY=1 /home/sand/src/perl/repoperls/installed-perls/perl/v5.16.2/a2da/bin/perl "-MExtUtils::Command::MM" "-e" "test_harness(0, 'blib/lib', 'blib/arch')" t/*.t
Command 'cvs' not found in /usr/lib/ccache, /home/sand/bin, /usr/local/bin, /usr/bin, /bin, /usr/bin/X11, /usr/games, /usr/local/perl/bin, /usr/X11/bin, /sbin, /usr/sbin at /tmp/loop_over_bdir-2116-oPk5U0/Cvs-0.07-kl7gKB/blib/lib/Cvs/Command/Base.pm line 113.
t/00checkout.t .. 
Dubious, test returned 9 (wstat 2304, 0x900)
Failed 1/3 subtests 
# Failed test 2 in t/05commit.t at line 12
#  t/05commit.t line 12 is: ok($cvs);
Cannot open file `/tmp/loop_over_bdir-2116-oPk5U0/Cvs-0.07-kl7gKB/cvs-test/test.txt': No such file or directory at t/05commit.t line 14.
t/05commit.t .... 
Dubious, test returned 2 (wstat 512, 0x200)
Failed 4/5 subtests 
# Failed test 2 in t/10status.t at line 11
#  t/10status.t line 11 is: ok($cvs);
Can't call method "status" on an undefined value at t/10status.t line 13.
t/10status.t .... 
Dubious, test returned 2 (wstat 512, 0x200)
Failed 10/11 subtests 
# Failed test 2 in t/20tag.t at line 11
#  t/20tag.t line 11 is: ok($cvs);
Can't call method "tag" on an undefined value at t/20tag.t line 13.
t/20tag.t ....... 
Dubious, test returned 2 (wstat 512, 0x200)
Failed 5/6 subtests 
Command 'cvs' not found in /usr/lib/ccache, /home/sand/bin, /usr/local/bin, /usr/bin, /bin, /usr/bin/X11, /usr/games, /usr/local/perl/bin, /usr/X11/bin, /sbin, /usr/sbin at /tmp/loop_over_bdir-2116-oPk5U0/Cvs-0.07-kl7gKB/blib/lib/Cvs/Command/Base.pm line 113.
t/21rtag.t ...... 
Dubious, test returned 9 (wstat 2304, 0x900)
Failed 4/6 subtests 
# Failed test 2 in t/30update.t at line 11
#  t/30update.t line 11 is: ok($cvs);
Cannot open file `/tmp/loop_over_bdir-2116-oPk5U0/Cvs-0.07-kl7gKB/cvs-test/test.txt': No such file or directory at t/30update.t line 13.
t/30update.t .... 
Dubious, test returned 2 (wstat 512, 0x200)
Failed 5/6 subtests 
# Failed test 2 in t/40diff.t at line 11
#  t/40diff.t line 11 is: ok($cvs);
Cannot open file `/tmp/loop_over_bdir-2116-oPk5U0/Cvs-0.07-kl7gKB/cvs-test/test.txt': No such file or directory at t/40diff.t line 13.
t/40diff.t ...... 
Dubious, test returned 2 (wstat 512, 0x200)
Failed 5/6 subtests 
Command 'cvs' not found in /usr/lib/ccache, /home/sand/bin, /usr/local/bin, /usr/bin, /bin, /usr/bin/X11, /usr/games, /usr/local/perl/bin, /usr/X11/bin, /sbin, /usr/sbin at /tmp/loop_over_bdir-2116-oPk5U0/Cvs-0.07-kl7gKB/blib/lib/Cvs/Command/Base.pm line 113.
t/50export.t .... 
Dubious, test returned 9 (wstat 2304, 0x900)
Failed 1/3 subtests 
Command 'cvs' not found in /usr/lib/ccache, /home/sand/bin, /usr/local/bin, /usr/bin, /bin, /usr/bin/X11, /usr/games, /usr/local/perl/bin, /usr/X11/bin, /sbin, /usr/sbin at /tmp/loop_over_bdir-2116-oPk5U0/Cvs-0.07-kl7gKB/blib/lib/Cvs/Command/Base.pm line 113.
t/90release.t ... 
Dubious, test returned 9 (wstat 2304, 0x900)
Failed 2/4 subtests 

Test Summary Report
-------------------
t/00checkout.t (Wstat: 2304 Tests: 2 Failed: 0)
  Non-zero exit status: 9
  Parse errors: Bad plan.  You planned 3 tests but ran 2.
t/05commit.t  (Wstat: 512 Tests: 2 Failed: 1)
  Failed test:  2
  Non-zero exit status: 2
  Parse errors: Bad plan.  You planned 5 tests but ran 2.
t/10status.t  (Wstat: 512 Tests: 2 Failed: 1)
  Failed test:  2
  Non-zero exit status: 2
  Parse errors: Bad plan.  You planned 11 tests but ran 2.
t/20tag.t     (Wstat: 512 Tests: 2 Failed: 1)
  Failed test:  2
  Non-zero exit status: 2
  Parse errors: Bad plan.  You planned 6 tests but ran 2.
t/21rtag.t    (Wstat: 2304 Tests: 2 Failed: 0)
  Non-zero exit status: 9
  Parse errors: Bad plan.  You planned 6 tests but ran 2.
t/30update.t  (Wstat: 512 Tests: 2 Failed: 1)
  Failed test:  2
  Non-zero exit status: 2
  Parse errors: Bad plan.  You planned 6 tests but ran 2.
t/40diff.t    (Wstat: 512 Tests: 2 Failed: 1)
  Failed test:  2
  Non-zero exit status: 2
  Parse errors: Bad plan.  You planned 6 tests but ran 2.
t/50export.t  (Wstat: 2304 Tests: 2 Failed: 0)
  Non-zero exit status: 9
  Parse errors: Bad plan.  You planned 3 tests but ran 2.
t/90release.t (Wstat: 2304 Tests: 2 Failed: 0)
  Non-zero exit status: 9
  Parse errors: Bad plan.  You planned 4 tests but ran 2.
Files=9, Tests=18,  1 wallclock secs ( 0.04 usr  0.01 sys +  0.51 cusr  0.10 csys =  0.66 CPU)
Result: FAIL
Failed 9/9 test programs. 5/18 subtests failed.
make: *** [test_dynamic] Error 9

------------------------------
PREREQUISITES
------------------------------

Prerequisite modules loaded:

requires:

    Module              Need Have   
    ------------------- ---- -------
    Class::Accessor     0.17 0.34   
    Cwd                 2.04 3.40   
    File::Temp          0.12 0.2301 
    FileHandle          2.0  2.02   
    IO::Pty             1.02 1.10   
    IPC::Run            0.74 0.92   

build_requires:

    Module              Need Have   
    ------------------- ---- -------
    ExtUtils::MakeMaker 0    6.67_01


------------------------------
ENVIRONMENT AND OTHER CONTEXT
------------------------------

Environment variables:

    AUTOMATED_TESTING = 1
    LANG = en_US.UTF-8
    LANGUAGE = en_US:en
    PATH = /usr/lib/ccache:/home/sand/bin:/usr/local/bin:/usr/bin:/bin:/usr/bin/X11:/usr/games:/usr/local/perl/bin:/usr/X11/bin:/sbin:/usr/sbin
    PERL5LIB = 
    PERL5OPT = 
    PERL5_CPANPLUS_IS_RUNNING = 2117
    PERL5_CPAN_IS_RUNNING = 2117
    PERL_MM_USE_DEFAULT = 1
    SHELL = /usr/bin/zsh
    TERM = screen

Perl special variables (and OS-specific diagnostics, for MSWin32):

    $^X = /home/sand/src/perl/repoperls/installed-perls/perl/v5.16.2/a2da/bin/perl
    $UID/$EUID = 1005 / 1005
    $GID = 1005 1005
    $EGID = 1005 1005

Perl module toolchain versions installed:

    Module              Have    
    ------------------- --------
    CPAN                2.00    
    CPAN::Meta          2.131490
    Cwd                 3.40    
    ExtUtils::CBuilder  0.280206
    ExtUtils::Command   1.17    
    ExtUtils::Install   1.58    
    ExtUtils::MakeMaker 6.67_01 
    ExtUtils::Manifest  1.61    
    ExtUtils::ParseXS   3.18_03 
    File::Spec          3.40    
    JSON                2.58    
    JSON::PP            2.27202 
    Module::Build       0.4005  
    Module::Signature   0.70    
    Parse::CPAN::Meta   1.4404  
    Test::Harness       3.28    
    Test::More          0.98    
    YAML                0.84    
    YAML::Syck          1.27    
    version             0.9902  


--

Summary of my perl5 (revision 5 version 16 subversion 2) configuration:
  Commit id: db7f29e888f2e6d75a806a11ebc6caa6acd84577
  Platform:
    osname=linux, osvers=3.2.0-4-amd64, archname=x86_64-linux-thread-multi-ld
    uname='linux k83 3.2.0-4-amd64 #1 smp debian 3.2.35-2 x86_64 gnulinux '
    config_args='-Dprefix=/home/src/perl/repoperls/installed-perls/perl/v5.16.2/a2da -Dmyhostname=k83 -Dinstallusrbinperl=n -Uversiononly -Dusedevel -des -Ui_db -Duseithreads -Duselongdouble -DDEBUGGING=-g'
    hint=recommended, useposix=true, d_sigaction=define
    useithreads=define, usemultiplicity=define
    useperlio=define, d_sfio=undef, uselargefiles=define, usesocks=undef
    use64bitint=define, use64bitall=define, uselongdouble=define
    usemymalloc=n, bincompat5005=undef
  Compiler:
    cc='cc', ccflags ='-D_REENTRANT -D_GNU_SOURCE -fno-strict-aliasing -pipe -fstack-protector -I/usr/local/include -D_LARGEFILE_SOURCE -D_FILE_OFFSET_BITS=64',
    optimize='-O2 -g',
    cppflags='-D_REENTRANT -D_GNU_SOURCE -fno-strict-aliasing -pipe -fstack-protector -I/usr/local/include'
    ccversion='', gccversion='4.7.2', gccosandvers=''
    intsize=4, longsize=8, ptrsize=8, doublesize=8, byteorder=12345678
    d_longlong=define, longlongsize=8, d_longdbl=define, longdblsize=16
    ivtype='long', ivsize=8, nvtype='long double', nvsize=16, Off_t='off_t', lseeksize=8
    alignbytes=16, prototype=define
  Linker and Libraries:
    ld='cc', ldflags =' -fstack-protector -L/usr/local/lib'
    libpth=/usr/local/lib /lib/x86_64-linux-gnu /lib/../lib /usr/lib/x86_64-linux-gnu /usr/lib/../lib /lib /usr/lib
    libs=-lnsl -ldb -ldl -lm -lcrypt -lutil -lpthread -lc
    perllibs=-lnsl -ldl -lm -lcrypt -lutil -lpthread -lc
    libc=, so=so, useshrplib=false, libperl=libperl.a
    gnulibc_version='2.13'
  Dynamic Linking:
    dlsrc=dl_dlopen.xs, dlext=so, d_dlsymun=undef, ccdlflags='-Wl,-E'
    cccdlflags='-fPIC', lddlflags='-shared -O2 -g -L/usr/local/lib -fstack-protector'


Characteristics of this binary (from libperl): 
  Compile-time options: HAS_TIMES MULTIPLICITY PERLIO_LAYERS
                        PERL_DONT_CREATE_GVSV PERL_IMPLICIT_CONTEXT
                        PERL_MALLOC_WRAP PERL_PRESERVE_IVUV PERL_USE_DEVEL
                        USE_64_BIT_ALL USE_64_BIT_INT USE_ITHREADS
                        USE_LARGE_FILES USE_LOCALE USE_LOCALE_COLLATE
                        USE_LOCALE_CTYPE USE_LOCALE_NUMERIC USE_LONG_DOUBLE
                        USE_PERLIO USE_PERL_ATOF USE_REENTRANT_API
  Built under linux
  Compiled at Jan 12 2013 20:41:58
  %ENV:
    PERL5LIB=""
    PERL5OPT=""
    PERL5_CPANPLUS_IS_RUNNING="2117"
    PERL5_CPAN_IS_RUNNING="2117"
    PERL_MM_USE_DEFAULT="1"
  @INC:
    /home/src/perl/repoperls/installed-perls/perl/v5.16.2/a2da/lib/site_perl/5.16.2/x86_64-linux-thread-multi-ld
    /home/src/perl/repoperls/installed-perls/perl/v5.16.2/a2da/lib/site_perl/5.16.2
    /home/src/perl/repoperls/installed-perls/perl/v5.16.2/a2da/lib/5.16.2/x86_64-linux-thread-multi-ld
    /home/src/perl/repoperls/installed-perls/perl/v5.16.2/a2da/lib/5.16.2
    .