Report for HTTP-Balancer-0.0.2

Back
From: metabase:user:314402c4-2aae-11df-837a-5e0a49663a4f
Subject: FAIL HTTP-Balancer-0.0.2 v5.20.0 RC1 GNU/Linux
Date: 2014-05-25T20:39:16Z

This distribution has been tested as part of the CPAN Testers
project, supporting the Perl programming language.  See
http://wiki.cpantesters.org/ for more information or email
questions to cpan-testers-discuss@perl.org


--
Dear J.W.Hsu,

This is a computer-generated report for HTTP-Balancer-0.0.2
on perl 5.20.0, created by CPAN-Reporter-1.2011.

Thank you for uploading your work to CPAN.  However, there was a problem
testing your distribution.

If you think this report is invalid, please consult the CPAN Testers Wiki
for suggestions on how to avoid getting FAIL reports for missing library
or binary dependencies, unsupported operating systems, and so on:

http://wiki.cpantesters.org/wiki/CPANAuthorNotes

Sections of this report:

    * Tester comments
    * Program output
    * Prerequisites
    * Environment and other context

------------------------------
TESTER COMMENTS
------------------------------

Additional comments from tester:

none provided

------------------------------
PROGRAM OUTPUT
------------------------------

Output from '/usr/bin/make test':

PERL_DL_NONLAZY=1 /opt/perl-5.20.0-RC1t/bin/perl "-MExtUtils::Command::MM" "-MTest::Harness" "-e" "undef *Test::Harness::Switches; test_harness(0, 'inc', 'blib/lib', 'blib/arch')" t/*.t t/*/*.t
Smartmatch is experimental at /opt/perl-5.20.0-RC1t/lib/site_perl/5.20.0/Namespace/Dispatch.pm line 27.
t/00_compile.t .... ok
Attempting to create directory /tmpfs/.cpan-build/HTTP-Balancer-0.0.2-5aFB2R/local
Proc::ProcessTable object version 0.50 does not match bootstrap parameter 0.47 at /opt/perl-5.20.0-RC1t/lib/5.20.0/x86_64-linux-thread-multi/DynaLoader.pm line 216.
Compilation failed in require at t/actor.t line 7.
BEGIN failed--compilation aborted at t/actor.t line 7.
t/actor.t ......... 
Dubious, test returned 2 (wstat 512, 0x200)
No subtests run 
Proc::ProcessTable object version 0.50 does not match bootstrap parameter 0.47 at /opt/perl-5.20.0-RC1t/lib/5.20.0/x86_64-linux-thread-multi/DynaLoader.pm line 216.
Compilation failed in require at t/actor/nginx.t line 5.
BEGIN failed--compilation aborted at t/actor/nginx.t line 5.
t/actor/nginx.t ... 
Dubious, test returned 2 (wstat 512, 0x200)
No subtests run 
Smartmatch is experimental at /opt/perl-5.20.0-RC1t/lib/site_perl/5.20.0/Namespace/Dispatch.pm line 27.
t/command.t ....... ok
Smartmatch is experimental at /opt/perl-5.20.0-RC1t/lib/site_perl/5.20.0/Namespace/Dispatch.pm line 27.

#   Failed test 'id would be generated automatically and auto-increment'
#   at t/model.t line 65.
#          got: '32'
#     expected: '1'

#   Failed test 'path could be calculated after id has been set'
#   at t/model.t line 71.
#          got: '/tmp/http-balancer/foo/32'
#     expected: '/tmp/http-balancer/foo/1'

#   Failed test 'glob() will return sorted paths'
#   at t/model.t line 82.
#     Structures begin differing at:
#          $got->[31] = '32'
#     $expected->[31] = Does not exist

#   Failed test 'all() are sorted either'
#   at t/model.t line 88.
#     Structures begin differing at:
#          $got->[31] = '32'
#     $expected->[31] = Does not exist

#   Failed test 'where() returns all objects satisfiying given condition'
#   at t/model.t line 100.
#     Structures begin differing at:
#          $got->[30] = '33'
#     $expected->[30] = Does not exist
# Looks like you failed 5 tests of 11.
t/model.t ......... 
Dubious, test returned 5 (wstat 1280, 0x500)
Failed 5/11 subtests 
t/role.t .......... ok
Smartmatch is experimental at /opt/perl-5.20.0-RC1t/lib/site_perl/5.20.0/Namespace/Dispatch.pm line 27.
t/role/command.t .. ok

Test Summary Report
-------------------
t/actor.t       (Wstat: 512 Tests: 0 Failed: 0)
  Non-zero exit status: 2
  Parse errors: No plan found in TAP output
t/actor/nginx.t (Wstat: 512 Tests: 0 Failed: 0)
  Non-zero exit status: 2
  Parse errors: No plan found in TAP output
t/model.t       (Wstat: 1280 Tests: 11 Failed: 5)
  Failed tests:  6-9, 11
  Non-zero exit status: 5
Files=7, Tests=26,  4 wallclock secs ( 0.06 usr  0.04 sys +  3.17 cusr  0.52 csys =  3.79 CPU)
Result: FAIL
Failed 3/7 test programs. 5/26 subtests failed.
make: *** [test_dynamic] Fehler 255

------------------------------
PREREQUISITES
------------------------------

Prerequisite modules loaded:

requires:

    Module              Need  Have      
    ------------------- ----- ----------
    Modern::Perl        0     1.20140107
    Moose               0     2.1206    
    MooseX::Getopt      0     0.63      
    MooseX::Singleton   0     0.29      
    MooseX::Storage     0     0.46      
    Namespace::Dispatch 0.07  0.07      
    Path::Tiny          0     0.054     
    perl                5.010 5.020000  
    Text::Table         0     1.130     
    Text::Xslate        0     3.2.4     
    YAML::Any           0     0.90      

build_requires:

    Module              Need  Have      
    ------------------- ----- ----------
    ExtUtils::MakeMaker 6.59  6.98      
    local::lib          0     2.000012  
    Proc::ProcessTable  0     0.50      
    Test::Exception     0     0.32      
    Test::More          0     1.001003  

configure_requires:

    Module              Need  Have      
    ------------------- ----- ----------
    ExtUtils::MakeMaker 6.59  6.98      


------------------------------
ENVIRONMENT AND OTHER CONTEXT
------------------------------

Environment variables:

    DBIC_NO_WARN_BAD_PERL = 1
    LANG = C
    LC_ALL = de_DE.UTF-8
    PATH = /usr/local/bin:/usr/bin:/bin:/usr/local/sbin:/usr/sbin:/sbin:/home/eserte/bin/linux-gnu:/home/eserte/bin/sh:/home/eserte/bin:/usr/games:/home/eserte/devel:/home/eserte/src/srezic-misc/scripts
    PERL5LIB = 
    PERL5OPT = 
    PERL5_CPANPLUS_IS_RUNNING = 32007
    PERL5_CPAN_IS_RUNNING = 32007
    PERL5_CPAN_IS_RUNNING_IN_RECURSION = 7534,32007
    PERLDOC = -MPod::Perldoc::ToTextOverstrike
    PERL_BATCH = yes
    PERL_CPAN_REPORTER_CONFIG = /var/tmp/cpansmoker-1001/YIkHOoLIS2_config.ini
    PERL_EXTUTILS_AUTOINSTALL = --defaultdeps
    PERL_HTML_DISPLAY_CLASS = HTML::Display::Mozilla
    PERL_PARALLEL_SMOKER = yes
    SHELL = /bin/zsh
    TERM = screen
    TMPDIR = /var/tmp/cpansmoker-1001

Perl special variables (and OS-specific diagnostics, for MSWin32):

    $^X = /opt/perl-5.20.0-RC1t/bin/perl
    $UID/$EUID = 1001 / 1001
    $GID = 1001 109 1001
    $EGID = 1001 109 1001

Perl module toolchain versions installed:

    Module              Have    
    ------------------- --------
    CPAN                2.05    
    CPAN::Meta          2.140640
    Cwd                 3.47    
    ExtUtils::CBuilder  0.280216
    ExtUtils::Command   1.18    
    ExtUtils::Install   1.67    
    ExtUtils::MakeMaker 6.98    
    ExtUtils::Manifest  1.63    
    ExtUtils::ParseXS   3.24    
    File::Spec          3.47    
    JSON                2.90    
    JSON::PP            2.27203 
    Module::Build       0.4205  
    Module::Signature   n/a     
    Parse::CPAN::Meta   1.4414  
    Test::Harness       3.30    
    Test::More          1.001003
    YAML                0.90    
    YAML::Syck          1.27    
    version             0.9908  


--

Summary of my perl5 (revision 5 version 20 subversion 0) configuration:
   
  Platform:
    osname=linux, osvers=3.2.0-4-amd64, archname=x86_64-linux-thread-multi
    uname='linux eserte 3.2.0-4-amd64 #1 smp debian 3.2.57-3 x86_64 gnulinux '
    config_args='-ds -e -Dprefix=/opt/perl-5.20.0-RC1t -Dusethreads'
    hint=recommended, useposix=true, d_sigaction=define
    useithreads=define, usemultiplicity=define
    use64bitint=define, use64bitall=define, uselongdouble=undef
    usemymalloc=n, bincompat5005=undef
  Compiler:
    cc='cc', ccflags ='-D_REENTRANT -D_GNU_SOURCE -fwrapv -fno-strict-aliasing -pipe -fstack-protector -I/usr/local/include -D_LARGEFILE_SOURCE -D_FILE_OFFSET_BITS=64',
    optimize='-O2',
    cppflags='-D_REENTRANT -D_GNU_SOURCE -fwrapv -fno-strict-aliasing -pipe -fstack-protector -I/usr/local/include'
    ccversion='', gccversion='4.7.2', gccosandvers=''
    intsize=4, longsize=8, ptrsize=8, doublesize=8, byteorder=12345678
    d_longlong=define, longlongsize=8, d_longdbl=define, longdblsize=16
    ivtype='long', ivsize=8, nvtype='double', nvsize=8, Off_t='off_t', lseeksize=8
    alignbytes=8, prototype=define
  Linker and Libraries:
    ld='cc', ldflags =' -fstack-protector -L/usr/local/lib'
    libpth=/usr/local/lib /usr/lib/gcc/x86_64-linux-gnu/4.7/include-fixed /usr/include/x86_64-linux-gnu /usr/lib /lib/x86_64-linux-gnu /lib/../lib /usr/lib/x86_64-linux-gnu /usr/lib/../lib /lib
    libs=-lnsl -ldb -ldl -lm -lcrypt -lutil -lpthread -lc
    perllibs=-lnsl -ldl -lm -lcrypt -lutil -lpthread -lc
    libc=libc-2.13.so, so=so, useshrplib=false, libperl=libperl.a
    gnulibc_version='2.13'
  Dynamic Linking:
    dlsrc=dl_dlopen.xs, dlext=so, d_dlsymun=undef, ccdlflags='-Wl,-E'
    cccdlflags='-fPIC', lddlflags='-shared -O2 -L/usr/local/lib -fstack-protector'


Characteristics of this binary (from libperl): 
  Compile-time options: HAS_TIMES MULTIPLICITY PERLIO_LAYERS
                        PERL_DONT_CREATE_GVSV
                        PERL_HASH_FUNC_ONE_AT_A_TIME_HARD
                        PERL_IMPLICIT_CONTEXT PERL_MALLOC_WRAP
                        PERL_NEW_COPY_ON_WRITE PERL_PRESERVE_IVUV
                        USE_64_BIT_ALL USE_64_BIT_INT USE_ITHREADS
                        USE_LARGE_FILES USE_LOCALE USE_LOCALE_COLLATE
                        USE_LOCALE_CTYPE USE_LOCALE_NUMERIC USE_PERLIO
                        USE_PERL_ATOF USE_REENTRANT_API
  Locally applied patches:
	RC1
  Built under linux
  Compiled at May 23 2014 09:12:16
  %ENV:
    PERL5LIB=""
    PERL5OPT=""
    PERL5_CPANPLUS_IS_RUNNING="32007"
    PERL5_CPAN_IS_RUNNING="32007"
    PERL5_CPAN_IS_RUNNING_IN_RECURSION="7534,32007"
    PERLDOC="-MPod::Perldoc::ToTextOverstrike"
    PERL_BATCH="yes"
    PERL_CPAN_REPORTER_CONFIG="/var/tmp/cpansmoker-1001/YIkHOoLIS2_config.ini"
    PERL_EXTUTILS_AUTOINSTALL="--defaultdeps"
    PERL_HTML_DISPLAY_CLASS="HTML::Display::Mozilla"
    PERL_PARALLEL_SMOKER="yes"
  @INC:
    /opt/perl-5.20.0-RC1t/lib/site_perl/5.20.0/x86_64-linux-thread-multi
    /opt/perl-5.20.0-RC1t/lib/site_perl/5.20.0
    /opt/perl-5.20.0-RC1t/lib/5.20.0/x86_64-linux-thread-multi
    /opt/perl-5.20.0-RC1t/lib/5.20.0
    .