Report for Filter-Crypto-2.06

Back
From: metabase:user:314402c4-2aae-11df-837a-5e0a49663a4f
Subject: FAIL Filter-Crypto-2.06 v5.20.1 RC2 GNU/Linux
Date: 2014-09-10T18:45:31Z

This distribution has been tested as part of the CPAN Testers
project, supporting the Perl programming language.  See
http://wiki.cpantesters.org/ for more information or email
questions to cpan-testers-discuss@perl.org


--
Dear Steve Hay,

This is a computer-generated report for Filter-Crypto-2.06
on perl 5.20.1, created by CPAN-Reporter-1.2011.

Thank you for uploading your work to CPAN.  However, there was a problem
testing your distribution.

If you think this report is invalid, please consult the CPAN Testers Wiki
for suggestions on how to avoid getting FAIL reports for missing library
or binary dependencies, unsupported operating systems, and so on:

http://wiki.cpantesters.org/wiki/CPANAuthorNotes

Sections of this report:

    * Tester comments
    * Program output
    * Prerequisites
    * Environment and other context

------------------------------
TESTER COMMENTS
------------------------------

Additional comments from tester:

none provided

------------------------------
PROGRAM OUTPUT
------------------------------

Output from '/usr/bin/make test':

make[1]: Entering directory `/tmpfs/.cpan-build/Filter-Crypto-2.06-Ob8Lii/CryptFile'
Running Mkbootstrap for Filter::Crypto::CryptFile ()
chmod 644 CryptFile.bs
make[1]: Leaving directory `/tmpfs/.cpan-build/Filter-Crypto-2.06-Ob8Lii/CryptFile'
make[1]: Entering directory `/tmpfs/.cpan-build/Filter-Crypto-2.06-Ob8Lii/Decrypt'
Running Mkbootstrap for Filter::Crypto::Decrypt ()
chmod 644 Decrypt.bs
make[1]: Leaving directory `/tmpfs/.cpan-build/Filter-Crypto-2.06-Ob8Lii/Decrypt'
PERL_DL_NONLAZY=1 /bbbike/perl-5.20.1-RC2/bin/perl "-MExtUtils::Command::MM" "-MTest::Harness" "-e" "undef *Test::Harness::Switches; test_harness(0, 'blib/lib', 'blib/arch')" t/*.t
t/01_imports_01.t .. ok
t/01_imports_02.t .. ok
t/01_imports_03.t .. ok
t/01_imports_04.t .. ok
t/02_function.t .... ok
t/03_script.t ...... ok
Can't open -f: Datei oder Verzeichnis nicht gefunden at /opt/perl-5.20.1-RC2/bin/pp line 15.
Can't open Crypto: Datei oder Verzeichnis nicht gefunden at /opt/perl-5.20.1-RC2/bin/pp line 15.
Can't open -M: Datei oder Verzeichnis nicht gefunden at /opt/perl-5.20.1-RC2/bin/pp line 15.
Can't open Filter::Crypto::Decrypt: Datei oder Verzeichnis nicht gefunden at /opt/perl-5.20.1-RC2/bin/pp line 15.
Can't open -o: Datei oder Verzeichnis nicht gefunden at /opt/perl-5.20.1-RC2/bin/pp line 15.
Can't open test1: Datei oder Verzeichnis nicht gefunden at /opt/perl-5.20.1-RC2/bin/pp line 15.
Use of uninitialized value $got in numeric gt (>) at (eval in cmp_ok) t/04_par.t line 112.

#   Failed test '... and created a non-zero size PAR archive'
#   at t/04_par.t line 112.
Use of uninitialized value $val in addition (+) at /opt/perl-5.20.1-RC2/lib/site_perl/5.20.1/Test/Builder.pm line 963.
#     undef
#         >
#     '0'
IO error: opening test1 for read : Datei oder Verzeichnis nicht gefunden 
 at /opt/perl-5.20.1-RC2/lib/site_perl/5.20.1/Archive/Zip/Archive.pm line 572.
	Archive::Zip::Archive::read(Archive::Zip::Archive=HASH(0x2ccf678), "test1") called at t/04_par.t line 119
	eval {...} called at t/04_par.t line 119

#   Failed test '... and read() returned OK'
#   at t/04_par.t line 121.
#          got: '4'
#     expected: '0'

#   Failed test '... and the script contents are as expected'
#   at t/04_par.t line 122.
#                   undef
#     doesn't match '(?^:^use\ Filter\:\:Crypto\:\:Decrypt\;)'
Can't exec "./test1": Datei oder Verzeichnis nicht gefunden at t/04_par.t line 137.
Use of uninitialized value $line in scalar chomp at t/04_par.t line 137.

#   Failed test 'Running the PAR archive produces the expected output'
#   at t/04_par.t line 138.
#          got: undef
#     expected: 'Hello, world.'
Can't open -f: Datei oder Verzeichnis nicht gefunden at /opt/perl-5.20.1-RC2/bin/pp line 15.
Can't open Crypto: Datei oder Verzeichnis nicht gefunden at /opt/perl-5.20.1-RC2/bin/pp line 15.
Can't open -F: Datei oder Verzeichnis nicht gefunden at /opt/perl-5.20.1-RC2/bin/pp line 15.
Can't open Crypto: Datei oder Verzeichnis nicht gefunden at /opt/perl-5.20.1-RC2/bin/pp line 15.
Can't open -M: Datei oder Verzeichnis nicht gefunden at /opt/perl-5.20.1-RC2/bin/pp line 15.
Can't open Filter::Crypto::Decrypt: Datei oder Verzeichnis nicht gefunden at /opt/perl-5.20.1-RC2/bin/pp line 15.
Can't open -o: Datei oder Verzeichnis nicht gefunden at /opt/perl-5.20.1-RC2/bin/pp line 15.
Can't open test2: Datei oder Verzeichnis nicht gefunden at /opt/perl-5.20.1-RC2/bin/pp line 15.
Use of uninitialized value $got in numeric gt (>) at (eval in cmp_ok) t/04_par.t line 149.

#   Failed test '... and created a non-zero size PAR archive'
#   at t/04_par.t line 149.
Use of uninitialized value $val in addition (+) at /opt/perl-5.20.1-RC2/lib/site_perl/5.20.1/Test/Builder.pm line 963.
#     undef
#         >
#     '0'
IO error: opening test2 for read : Datei oder Verzeichnis nicht gefunden 
 at /opt/perl-5.20.1-RC2/lib/site_perl/5.20.1/Archive/Zip/Archive.pm line 572.
	Archive::Zip::Archive::read(Archive::Zip::Archive=HASH(0x2dc6988), "test2") called at t/04_par.t line 156
	eval {...} called at t/04_par.t line 156

#   Failed test '... and read() returned OK'
#   at t/04_par.t line 158.
#          got: '4'
#     expected: '0'

#   Failed test '... and the script contents are as expected'
#   at t/04_par.t line 159.
#                   undef
#     doesn't match '(?^:^use\ Filter\:\:Crypto\:\:Decrypt\;)'

#   Failed test '... and the included module contents are as expected'
#   at t/04_par.t line 161.
#                   undef
#     doesn't match '(?^:^use\ Filter\:\:Crypto\:\:Decrypt\;)'
Can't exec "./test2": Datei oder Verzeichnis nicht gefunden at t/04_par.t line 174.
Use of uninitialized value $line in scalar chomp at t/04_par.t line 174.

#   Failed test 'Running the PAR archive produces the expected output'
#   at t/04_par.t line 175.
#          got: undef
#     expected: 'Hello, world.'
# Looks like you failed 9 tests of 16.
t/04_par.t ......... 
Dubious, test returned 9 (wstat 2304, 0x900)
Failed 9/16 subtests 
t/05_errstr.t ...... ok
t/06_pod.t ......... ok

Test Summary Report
-------------------
t/04_par.t       (Wstat: 2304 Tests: 16 Failed: 9)
  Failed tests:  2, 4-5, 8, 10, 12-14, 16
  Non-zero exit status: 9
Files=9, Tests=454, 16 wallclock secs ( 0.09 usr  0.05 sys +  7.62 cusr  3.16 csys = 10.92 CPU)
Result: FAIL
Failed 1/9 test programs. 9/454 subtests failed.
make: *** [test_dynamic] Fehler 255

------------------------------
PREREQUISITES
------------------------------

Prerequisite modules loaded:

requires:

    Module                Need     Have     
    --------------------- -------- ---------
    Exporter              0        5.70     
    Fcntl                 0        1.11     
    perl                  5.008001 5.020001 
    Scalar::Util          0        1.41     
    Text::ParseWords      0        3.29     
    XSLoader              0        0.16     

build_requires:

    Module                Need     Have     
    --------------------- -------- ---------
    blib                  0        1.06     
    Config                0        5.020001 
    Cwd                   0        3.47     
    ExtUtils::MakeMaker   0        6.98     
    File::Copy            0        2.30     
    File::Spec::Functions 0        3.47     
    FindBin               0        1.51     
    perl                  5.008001 5.020001 
    strict                0        1.08     
    Test::More            0        1.001006 
    warnings              0        1.23     

configure_requires:

    Module                Need     Have     
    --------------------- -------- ---------
    Carp                  0        1.3301   
    Config                0        5.020001 
    constant              0        1.27     
    Cwd                   0        3.47     
    ExtUtils::MakeMaker   6.66     6.98     
    Fcntl                 0        1.11     
    File::Basename        0        2.85     
    File::Copy            0        2.30     
    File::Spec::Functions 0        3.47     
    Getopt::Long          0        2.42     
    perl                  5.008001 5.020001 
    Pod::Usage            1.15     1.64     
    strict                0        1.08     
    Text::Wrap            0        2013.0523
    warnings              0        1.23     


------------------------------
ENVIRONMENT AND OTHER CONTEXT
------------------------------

Environment variables:

    DBIC_NO_WARN_BAD_PERL = 1
    LANG = C
    LC_ALL = de_DE.UTF-8
    PATH = /usr/local/bin:/usr/bin:/bin:/usr/local/sbin:/usr/sbin:/sbin:/home/eserte/bin/linux-gnu:/home/eserte/bin/sh:/home/eserte/bin:/usr/games:/home/eserte/devel:/home/eserte/src/srezic-misc/scripts
    PERL5LIB = 
    PERL5OPT = 
    PERL5_CPANPLUS_IS_RUNNING = 22969
    PERL5_CPAN_IS_RUNNING = 22969
    PERL5_CPAN_IS_RUNNING_IN_RECURSION = 14589,22969
    PERLDOC = -MPod::Perldoc::ToTextOverstrike
    PERL_BATCH = yes
    PERL_CPAN_REPORTER_CONFIG = /var/tmp/cpansmoker-1001/_pX0Kk1bS0_config.ini
    PERL_EXTUTILS_AUTOINSTALL = --defaultdeps
    PERL_HTML_DISPLAY_CLASS = HTML::Display::Mozilla
    PERL_PARALLEL_SMOKER = yes
    SHELL = /bin/zsh
    TERM = screen
    TMPDIR = /var/tmp/cpansmoker-1001

Perl special variables (and OS-specific diagnostics, for MSWin32):

    $^X = /bbbike/perl-5.20.1-RC2/bin/perl
    $UID/$EUID = 1001 / 1001
    $GID = 1001 109 1001
    $EGID = 1001 109 1001

Perl module toolchain versions installed:

    Module              Have    
    ------------------- --------
    CPAN                2.05    
    CPAN::Meta          2.142060
    Cwd                 3.47    
    ExtUtils::CBuilder  0.280219
    ExtUtils::Command   1.18    
    ExtUtils::Install   1.67    
    ExtUtils::MakeMaker 6.98    
    ExtUtils::Manifest  1.66    
    ExtUtils::ParseXS   3.24    
    File::Spec          3.47    
    JSON                2.90    
    JSON::PP            2.27203 
    Module::Build       0.4210  
    Module::Signature   0.73    
    Parse::CPAN::Meta   1.4414  
    Test::Harness       3.30    
    Test::More          1.001006
    YAML                1.11    
    YAML::Syck          1.27    
    version             0.9909  


--

Summary of my perl5 (revision 5 version 20 subversion 1) configuration:
   
  Platform:
    osname=linux, osvers=3.2.0-4-amd64, archname=x86_64-linux
    uname='linux eserte 3.2.0-4-amd64 #1 smp debian 3.2.60-1+deb7u3 x86_64 gnulinux '
    config_args='-ds -e -Dprefix=/opt/perl-5.20.1-RC2'
    hint=recommended, useposix=true, d_sigaction=define
    useithreads=undef, usemultiplicity=undef
    use64bitint=define, use64bitall=define, uselongdouble=undef
    usemymalloc=n, bincompat5005=undef
  Compiler:
    cc='cc', ccflags ='-fwrapv -fno-strict-aliasing -pipe -fstack-protector -I/usr/local/include -D_LARGEFILE_SOURCE -D_FILE_OFFSET_BITS=64',
    optimize='-O2',
    cppflags='-fwrapv -fno-strict-aliasing -pipe -fstack-protector -I/usr/local/include'
    ccversion='', gccversion='4.7.2', gccosandvers=''
    intsize=4, longsize=8, ptrsize=8, doublesize=8, byteorder=12345678
    d_longlong=define, longlongsize=8, d_longdbl=define, longdblsize=16
    ivtype='long', ivsize=8, nvtype='double', nvsize=8, Off_t='off_t', lseeksize=8
    alignbytes=8, prototype=define
  Linker and Libraries:
    ld='cc', ldflags =' -fstack-protector -L/usr/local/lib'
    libpth=/usr/local/lib /usr/lib/gcc/x86_64-linux-gnu/4.7/include-fixed /usr/include/x86_64-linux-gnu /usr/lib /lib/x86_64-linux-gnu /lib/../lib /usr/lib/x86_64-linux-gnu /usr/lib/../lib /lib
    libs=-lnsl -ldb -ldl -lm -lcrypt -lutil -lc
    perllibs=-lnsl -ldl -lm -lcrypt -lutil -lc
    libc=libc-2.13.so, so=so, useshrplib=false, libperl=libperl.a
    gnulibc_version='2.13'
  Dynamic Linking:
    dlsrc=dl_dlopen.xs, dlext=so, d_dlsymun=undef, ccdlflags='-Wl,-E'
    cccdlflags='-fPIC', lddlflags='-shared -O2 -L/usr/local/lib -fstack-protector'


Characteristics of this binary (from libperl): 
  Compile-time options: HAS_TIMES PERLIO_LAYERS PERL_DONT_CREATE_GVSV
                        PERL_HASH_FUNC_ONE_AT_A_TIME_HARD PERL_MALLOC_WRAP
                        PERL_NEW_COPY_ON_WRITE PERL_PRESERVE_IVUV
                        USE_64_BIT_ALL USE_64_BIT_INT USE_LARGE_FILES
                        USE_LOCALE USE_LOCALE_COLLATE USE_LOCALE_CTYPE
                        USE_LOCALE_NUMERIC USE_PERLIO USE_PERL_ATOF
  Locally applied patches:
	RC2
  Built under linux
  Compiled at Sep  7 2014 19:23:47
  %ENV:
    PERL5LIB=""
    PERL5OPT=""
    PERL5_CPANPLUS_IS_RUNNING="22969"
    PERL5_CPAN_IS_RUNNING="22969"
    PERL5_CPAN_IS_RUNNING_IN_RECURSION="14589,22969"
    PERLDOC="-MPod::Perldoc::ToTextOverstrike"
    PERL_BATCH="yes"
    PERL_CPAN_REPORTER_CONFIG="/var/tmp/cpansmoker-1001/_pX0Kk1bS0_config.ini"
    PERL_EXTUTILS_AUTOINSTALL="--defaultdeps"
    PERL_HTML_DISPLAY_CLASS="HTML::Display::Mozilla"
    PERL_PARALLEL_SMOKER="yes"
  @INC:
    /opt/perl-5.20.1-RC2/lib/site_perl/5.20.1/x86_64-linux
    /opt/perl-5.20.1-RC2/lib/site_perl/5.20.1
    /opt/perl-5.20.1-RC2/lib/5.20.1/x86_64-linux
    /opt/perl-5.20.1-RC2/lib/5.20.1
    .