Back
From: metabase:user:9820532a-708b-1014-9a05-b18a96298da1
Subject: FAIL SWISH-Prog-KSx-0.19 v5.8.9 FreeBSD
Date: 2011-12-09T15:44:12Z
This distribution has been tested as part of the CPAN Testers
project, supporting the Perl programming language. See
http://wiki.cpantesters.org/ for more information or email
questions to cpan-testers-discuss@perl.org
--
Dear Peter Karman,
This is a computer-generated report for SWISH-Prog-KSx-0.19
on perl 5.8.9, created by CPAN-Reporter-1.2003.
Thank you for uploading your work to CPAN. However, there was a problem
testing your distribution.
If you think this report is invalid, please consult the CPAN Testers Wiki
for suggestions on how to avoid getting FAIL reports for missing library
or binary dependencies, unsupported operating systems, and so on:
http://wiki.cpantesters.org/wiki/CPANAuthorNotes
Sections of this report:
* Tester comments
* Program output
* Prerequisites
* Environment and other context
------------------------------
TESTER COMMENTS
------------------------------
Additional comments from tester:
this report is from an automated smoke testing program
and was not reviewed by a human for accuracy
------------------------------
PROGRAM OUTPUT
------------------------------
Output from '/usr/bin/make test':
PERL_DL_NONLAZY=1 /home/test/perl5/perlbrew/perls/perl-5.8.9/bin/perl "-MExtUtils::Command::MM" "-e" "test_harness(0, 'blib/lib', 'blib/arch')" t/*.t
# Testing SWISH::Prog::KSx 0.19 KinoSearch 0.313 , Perl 5.008009, /home/test/perl5/perlbrew/perls/perl-5.8.9/bin/perl
t/00-load.t ..................... ok
# Failed test 'indexed test docs'
# at t/01-fs.t line 27.
# got: '10'
# expected: '2'
# Failed test '1 hit'
# at t/01-fs.t line 38.
# got: '8'
# expected: '1'
# 164
# Failed test '2 hits'
# at t/01-fs.t line 85.
# got: '4'
# expected: '2'
# Failed test 'results sorted ok'
# at t/01-fs.t line 90.
# Structures begin differing at:
# $got->[0] = 't/01-fs.t'
# $expected->[0] = 't/test.html'
# Failed test '2 hits'
# at t/01-fs.t line 94.
# got: '5'
# expected: '2'
# Failed test '1 hit'
# at t/01-fs.t line 98.
# got: '4'
# expected: '1'
# Failed test '1 hit'
# at t/01-fs.t line 101.
# got: '2'
# expected: '1'
# Failed test '2 hits for compound wildcard query'
# at t/01-fs.t line 105.
# got: '3'
# expected: '2'
# t/pod-coverage.t
# t/01-fs.t
# t/test.html
# t/test.xml
# t/pod-coverage.t
# t/test.html
# t/test.xml
# t/01-fs.t
# Looks like you failed 8 tests of 34.
t/01-fs.t .......................
Dubious, test returned 8 (wstat 2048, 0x800)
Failed 8/34 subtests
t/02-leak-trace.t ............... ok
# pass 1
# Failed test 'indexed test docs'
# at t/03-update-index.t line 40.
# got: '10'
# expected: '2'
# Failed test '1 hit'
# at t/03-update-index.t line 56.
# got: '8'
# expected: '1'
# pass 2
# Failed test 'indexed test docs'
# at t/03-update-index.t line 40.
# got: '10'
# expected: '2'
# Failed test '1 hit'
# at t/03-update-index.t line 56.
# got: '8'
# expected: '1'
# pass 3
# Failed test 'indexed test docs'
# at t/03-update-index.t line 40.
# got: '10'
# expected: '2'
# Failed test '1 hit'
# at t/03-update-index.t line 56.
# got: '8'
# expected: '1'
# Looks like you failed 6 tests of 31.
t/03-update-index.t .............
Dubious, test returned 6 (wstat 1536, 0x600)
Failed 6/31 subtests
t/04-auto-reconnect-searcher.t .. ok
t/pod-coverage.t ................ ok
t/pod.t ......................... ok
Test Summary Report
-------------------
t/01-fs.t (Wstat: 2048 Tests: 34 Failed: 8)
Failed tests: 7, 10, 19-20, 22, 24, 26, 28
Non-zero exit status: 8
t/03-update-index.t (Wstat: 1536 Tests: 31 Failed: 6)
Failed tests: 7, 10, 16, 19, 25, 28
Non-zero exit status: 6
Files=7, Tests=100, 6 wallclock secs ( 0.14 usr 0.22 sys + 2.28 cusr 1.26 csys = 3.90 CPU)
Result: FAIL
Failed 2/7 test programs. 14/100 subtests failed.
*** Error code 255
Stop in /usr/home/test/.cpan/build/SWISH-Prog-KSx-0.19-y_3G5m.
------------------------------
PREREQUISITES
------------------------------
Prerequisite modules loaded:
requires:
Module Need Have
--------------------------- -------- --------
KinoSearch 0.313 0.313
Path::Class::File::Lockable 0 0.02
Path::Class::File::Stat 0.03 0.03
perl 5.008003 5.008009
Search::Query 0.17 0.19
Search::Query::Dialect::KSx 0.12 0.14
Sort::SQL 0.06 0.08
SWISH::3 0.11 1.000000
SWISH::Prog 0.49 0.55
Test::More 0 0.98
build_requires:
Module Need Have
--------------------------- -------- --------
ExtUtils::MakeMaker 0 6.62
configure_requires:
Module Need Have
--------------------------- -------- --------
ExtUtils::MakeMaker 0 6.62
------------------------------
ENVIRONMENT AND OTHER CONTEXT
------------------------------
Environment variables:
AUTOMATED_TESTING = 1
LANG = C
LC_ALL = C
PATH = /home/test/perl5/perlbrew/bin:/home/test/perl5/perlbrew/perls/perl-5.8.9/bin:~/bin:/sbin:/bin:/usr/sbin:/usr/bin:/usr/games:/usr/local/sbin:/usr/local/bin:/home/test/bin
PATH_WITHOUT_PERLBREW = ~/bin:/sbin:/bin:/usr/sbin:/usr/bin:/usr/games:/usr/local/sbin:/usr/local/bin:/home/test/bin
PERL5LIB =
PERL5OPT =
PERL5_CPANPLUS_IS_RUNNING = 93301
PERL5_CPAN_IS_RUNNING = 93301
PERL5_CPAN_IS_RUNNING_IN_RECURSION = 1068,93301
PERLBREW_BASHRC_VERSION = 0.33
PERLBREW_HOME = /home/test/.perlbrew
PERLBREW_PATH = /home/test/perl5/perlbrew/bin:/home/test/perl5/perlbrew/perls/perl-5.8.9/bin
PERLBREW_PERL = perl-5.8.9
PERLBREW_ROOT = /home/test/perl5/perlbrew
PERLBREW_VERSION = 0.33
PERL_CPANM_OPT = --prompt --mirror http://172.16.1.3/cpan/
PERL_CR_SMOKER_CURRENT = Search-OpenSearch-Engine-KSx-0.09
PERL_EXTUTILS_AUTOINSTALL = --defaultdeps
PERL_MM_USE_DEFAULT = 1
SHELL = /usr/local/bin/bash
TERM = linux
Perl special variables (and OS-specific diagnostics, for MSWin32):
$^X = /home/test/perl5/perlbrew/perls/perl-5.8.9/bin/perl
$UID/$EUID = 1002 / 1002
$GID = 1002 1002
$EGID = 1002 1002
Perl module toolchain versions installed:
Module Have
------------------- --------
CPAN 1.9800
CPAN::Meta 2.112621
Cwd 3.33
ExtUtils::CBuilder 0.280202
ExtUtils::Command 1.16
ExtUtils::Install 1.54
ExtUtils::MakeMaker 6.62
ExtUtils::Manifest 1.58
ExtUtils::ParseXS 3.07
File::Spec 3.33
JSON 2.53
JSON::PP 2.27200
Module::Build 0.39_01
Module::Signature n/a
Parse::CPAN::Meta 1.4401
Test::Harness 3.23
Test::More 0.98
YAML 0.77
YAML::Syck 1.19
version 0.95
--
Summary of my perl5 (revision 5 version 8 subversion 9) configuration:
Platform:
osname=freebsd, osvers=8.1-release, archname=amd64-freebsd
uname='freebsd fbsd.local 8.1-release freebsd 8.1-release #0: mon jul 19 02:36:49 utc 2010 root@mason.cse.buffalo.edu:usrobjusrsrcsysgeneric amd64 '
config_args='-de -Dprefix=/home/test/perl5/perlbrew/perls/perl-5.8.9'
hint=recommended, useposix=true, d_sigaction=define
usethreads=undef use5005threads=undef useithreads=undef usemultiplicity=undef
useperlio=define d_sfio=undef uselargefiles=define usesocks=undef
use64bitint=define use64bitall=define uselongdouble=undef
usemymalloc=n, bincompat5005=undef
Compiler:
cc='cc', ccflags ='-DHAS_FPSETMASK -DHAS_FLOATINGPOINT_H -fno-strict-aliasing -pipe -I/usr/local/include',
optimize='-O',
cppflags='-DHAS_FPSETMASK -DHAS_FLOATINGPOINT_H -fno-strict-aliasing -pipe -I/usr/local/include'
ccversion='', gccversion='4.2.1 20070719 [FreeBSD]', gccosandvers=''
intsize=4, longsize=8, ptrsize=8, doublesize=8, byteorder=12345678
d_longlong=define, longlongsize=8, d_longdbl=define, longdblsize=16
ivtype='long', ivsize=8, nvtype='double', nvsize=8, Off_t='off_t', lseeksize=8
alignbytes=8, prototype=define
Linker and Libraries:
ld='cc', ldflags ='-Wl,-E -L/usr/local/lib'
libpth=/usr/lib /usr/local/lib
libs=-lm -lcrypt -lutil -lc
perllibs=-lm -lcrypt -lutil -lc
libc=, so=so, useshrplib=false, libperl=libperl.a
gnulibc_version=''
Dynamic Linking:
dlsrc=dl_dlopen.xs, dlext=so, d_dlsymun=undef, ccdlflags=' '
cccdlflags='-DPIC -fPIC', lddlflags='-shared -L/usr/local/lib'
Characteristics of this binary (from libperl):
Compile-time options: PERL_MALLOC_WRAP USE_64_BIT_ALL USE_64_BIT_INT
USE_FAST_STDIO USE_LARGE_FILES USE_PERLIO
Built under freebsd
Compiled at Dec 7 2011 10:40:29
%ENV:
PERL5LIB=""
PERL5OPT=""
PERL5_CPANPLUS_IS_RUNNING="93301"
PERL5_CPAN_IS_RUNNING="93301"
PERL5_CPAN_IS_RUNNING_IN_RECURSION="1068,93301"
PERLBREW_BASHRC_VERSION="0.33"
PERLBREW_HOME="/home/test/.perlbrew"
PERLBREW_PATH="/home/test/perl5/perlbrew/bin:/home/test/perl5/perlbrew/perls/perl-5.8.9/bin"
PERLBREW_PERL="perl-5.8.9"
PERLBREW_ROOT="/home/test/perl5/perlbrew"
PERLBREW_VERSION="0.33"
PERL_CPANM_OPT="--prompt --mirror http://172.16.1.3/cpan/"
PERL_CR_SMOKER_CURRENT="Search-OpenSearch-Engine-KSx-0.09"
PERL_EXTUTILS_AUTOINSTALL="--defaultdeps"
PERL_MM_USE_DEFAULT="1"
@INC:
/home/test/perl5/perlbrew/perls/perl-5.8.9/lib/5.8.9/amd64-freebsd
/home/test/perl5/perlbrew/perls/perl-5.8.9/lib/5.8.9
/home/test/perl5/perlbrew/perls/perl-5.8.9/lib/site_perl/5.8.9/amd64-freebsd
/home/test/perl5/perlbrew/perls/perl-5.8.9/lib/site_perl/5.8.9
.