Finance-CoinbasePro-API-CLI v0.017 Perl 5 v5.22.3 x86_64-linux

Status
Fail
From
Slaven Rezić (SREZIC)
Dist
Finance-CoinbasePro-API-CLI v0.017
Platform
Perl 5 v5.22.3 x86_64-linux
Date
2018-10-22 18:09:39
ID
a43c74a6-d625-11e8-a939-c2a57e63186c
This distribution has been tested as part of the CPAN Testers
project, supporting the Perl programming language.  See
http://wiki.cpantesters.org/ for more information or email
questions to cpan-testers-discuss@perl.org


--
Dear Josh Rabinowitz,

This is a computer-generated report for Finance-CoinbasePro-API-CLI-0.017
on perl 5.22.3, created by CPAN-Reporter-1.2018.

Thank you for uploading your work to CPAN.  However, there was a problem
testing your distribution.

If you think this report is invalid, please consult the CPAN Testers Wiki
for suggestions on how to avoid getting FAIL reports for missing library
or binary dependencies, unsupported operating systems, and so on:

http://wiki.cpantesters.org/wiki/CPANAuthorNotes

Sections of this report:

    * Tester comments
    * Program output
    * Prerequisites
    * Environment and other context

------------------------------
TESTER COMMENTS
------------------------------

Additional comments from tester:

none provided

------------------------------
PROGRAM OUTPUT
------------------------------

Output from '/usr/bin/make test':

PERL_DL_NONLAZY=1 "/bbbike/perl-5.22.3/bin/perl" "-MExtUtils::Command::MM" "-MTest::Harness" "-e" "undef *Test::Harness::Switches; test_harness(0, 'blib/lib', 'blib/arch')" t/*.t
# Testing Finance::CoinbasePro::API::CLI 0.017, Perl 5.022003, /bbbike/perl-5.22.3/bin/perl
t/00-load.t .............. ok

#   Failed test 'account as string'
#   at t/01-modules.t line 23.
#          got: '3.469$'
#     expected: '$3,469'

#   Failed test 'account as string with usd'
#   at t/01-modules.t line 24.
#          got: '3.469$'
#     expected: '$3,469'

#   Failed test 'value: 1USD as string'
#   at t/01-modules.t line 90.
#          got: '1,00$'
#     expected: '$1.00'
# Looks like you failed 3 tests of 17.
t/01-modules.t ........... 
Dubious, test returned 3 (wstat 768, 0x300)
Failed 3/17 subtests 
t/author-critic.t ........ skipped: these tests are for testing by the author
t/author-pod-coverage.t .. skipped: these tests are for testing by the author
t/author-pod-syntax.t .... skipped: these tests are for testing by the author
t/manifest.t ............. skipped: Author tests not required for installation
t/pod-coverage.t ......... skipped: Author tests not required for installation
t/pod.t .................. skipped: Author tests not required for installation

Test Summary Report
-------------------
t/01-modules.t         (Wstat: 768 Tests: 17 Failed: 3)
  Failed tests:  3-4, 17
  Non-zero exit status: 3
Files=8, Tests=18,  1 wallclock secs ( 0.02 usr  0.03 sys +  0.20 cusr  0.06 csys =  0.31 CPU)
Result: FAIL
Failed 1/8 test programs. 3/18 subtests failed.
Makefile:924: recipe for target 'test_dynamic' failed
make: *** [test_dynamic] Error 255

------------------------------
PREREQUISITES
------------------------------

Prerequisite modules loaded:

requires:

    Module              Need  Have  
    ------------------- ----- ------
    Config::INI         0.025 0.025 
    Data::Dump          1.23  1.23  
    Date::Parse         2.30  2.30  
    Dist::Zilla         6.012 6.012 
    File::HomeDir       1.004 1.004 
    Finance::GDAX::API  0.09  0.09  
    FindBin             0     1.51  
    List::Util          0     1.50  
    Mouse               0     v2.5.2
    Number::Format      1.75  1.75  
    Pod::Autopod        1.215 1.215 
    Time::Moment        0.44  0.44  
    Time::Piece         1.33  1.33  

build_requires:

    Module              Need  Have  
    ------------------- ----- ------
    ExtUtils::MakeMaker 0     7.34  

configure_requires:

    Module              Need  Have  
    ------------------- ----- ------
    ExtUtils::MakeMaker 0     7.34  


------------------------------
ENVIRONMENT AND OTHER CONTEXT
------------------------------

Environment variables:

    LANG = C
    LC_ALL = de_DE.UTF-8
    PATH = /usr/local/bin:/usr/bin:/bin:/usr/local/sbin:/usr/sbin:/sbin:/home/cpansand/bin/linux-gnu:/home/cpansand/bin/sh:/home/cpansand/bin:/usr/games:/home/cpansand/devel:/home/eserte/src/srezic-misc/scripts
    PERL5LIB = /home/cpansand/.cpan/build/2018102014/Time-Piece-1.33-29/blib/arch:/home/cpansand/.cpan/build/2018102014/Time-Piece-1.33-29/blib/lib:/home/cpansand/.cpan/build/2018102014/Time-Moment-0.44-26/blib/arch:/home/cpansand/.cpan/build/2018102014/Time-Moment-0.44-26/blib/lib:/home/cpansand/.cpan/build/2018102014/Pod-Autopod-1.215-10/blib/arch:/home/cpansand/.cpan/build/2018102014/Pod-Autopod-1.215-10/blib/lib:/home/cpansand/.cpan/build/2018102014/Finance-GDAX-API-0.09-29/blib/arch:/home/cpansand/.cpan/build/2018102014/Finance-GDAX-API-0.09-29/blib/lib:/home/cpansand/.cpan/build/2018102014/File-HomeDir-1.004-26/blib/arch:/home/cpansand/.cpan/build/2018102014/File-HomeDir-1.004-26/blib/lib
    PERL5OPT = 
    PERL5_CPANPLUS_IS_RUNNING = 21551
    PERL5_CPAN_IS_RUNNING = 21551
    PERL5_CPAN_IS_RUNNING_IN_RECURSION = 14835,21551
    PERLDOC = -MPod::Perldoc::ToTextOverstrike
    PERL_BATCH = yes
    PERL_CANARY_STABILITY_NOPROMPT = 1
    PERL_CPAN_REPORTER_CONFIG = /var/tmp/cpansmoker-1023/2018102014/cpanreporter_001_config.ini
    PERL_EXTUTILS_AUTOINSTALL = --defaultdeps
    PERL_PARALLEL_SMOKER = yes
    PERL_USE_UNSAFE_INC = 1
    SHELL = /bin/zsh
    TERM = screen
    TMPDIR = /var/tmp/cpansmoker-1023/2018102014

Perl special variables (and OS-specific diagnostics, for MSWin32):

    $^X = /bbbike/perl-5.22.3/bin/perl
    $UID/$EUID = 1023 / 1023
    $GID = 1023 1023
    $EGID = 1023 1023

Perl module toolchain versions installed:

    Module              Have    
    ------------------- --------
    CPAN                2.16    
    CPAN::Meta          2.150010
    Cwd                 3.74    
    ExtUtils::CBuilder  0.280230
    ExtUtils::Command   7.34    
    ExtUtils::Install   2.10    
    ExtUtils::MakeMaker 7.34    
    ExtUtils::Manifest  1.71    
    ExtUtils::ParseXS   3.35    
    File::Spec          3.74    
    JSON                2.97001 
    JSON::PP            2.96    
    Module::Build       0.4224  
    Module::Signature   0.81    
    Parse::CPAN::Meta   2.150010
    Test::Harness       3.42    
    Test::More          1.302136
    YAML                1.24    
    YAML::Syck          1.30    
    version             0.9918  


--

Summary of my perl5 (revision 5 version 22 subversion 3) configuration:
   
  Platform:
    osname=linux, osvers=3.16.0-4-amd64, archname=x86_64-linux
    uname='linux eserte 3.16.0-4-amd64 #1 smp debian 3.16.39-1 (2016-12-30) x86_64 gnulinux '
    config_args='-ds -e -Dprefix=/opt/perl-5.22.3 -Dcf_email=srezic@cpan.org'
    hint=recommended, useposix=true, d_sigaction=define
    useithreads=undef, usemultiplicity=undef
    use64bitint=define, use64bitall=define, uselongdouble=undef
    usemymalloc=n, bincompat5005=undef
  Compiler:
    cc='cc', ccflags ='-fwrapv -fno-strict-aliasing -pipe -fstack-protector-strong -I/usr/local/include -D_LARGEFILE_SOURCE -D_FILE_OFFSET_BITS=64 -D_FORTIFY_SOURCE=2',
    optimize='-O2',
    cppflags='-fwrapv -fno-strict-aliasing -pipe -fstack-protector-strong -I/usr/local/include'
    ccversion='', gccversion='4.9.2', gccosandvers=''
    intsize=4, longsize=8, ptrsize=8, doublesize=8, byteorder=12345678, doublekind=3
    d_longlong=define, longlongsize=8, d_longdbl=define, longdblsize=16, longdblkind=3
    ivtype='long', ivsize=8, nvtype='double', nvsize=8, Off_t='off_t', lseeksize=8
    alignbytes=8, prototype=define
  Linker and Libraries:
    ld='cc', ldflags =' -fstack-protector-strong -L/usr/local/lib'
    libpth=/usr/local/lib /usr/lib/gcc/x86_64-linux-gnu/4.9/include-fixed /usr/include/x86_64-linux-gnu /usr/lib /lib/x86_64-linux-gnu /lib/../lib /usr/lib/x86_64-linux-gnu /usr/lib/../lib /lib
    libs=-lpthread -lnsl -lgdbm -ldb -ldl -lm -lcrypt -lutil -lc -lgdbm_compat
    perllibs=-lpthread -lnsl -ldl -lm -lcrypt -lutil -lc
    libc=libc-2.19.so, so=so, useshrplib=false, libperl=libperl.a
    gnulibc_version='2.19'
  Dynamic Linking:
    dlsrc=dl_dlopen.xs, dlext=so, d_dlsymun=undef, ccdlflags='-Wl,-E'
    cccdlflags='-fPIC', lddlflags='-shared -O2 -L/usr/local/lib -fstack-protector-strong'


Characteristics of this binary (from libperl): 
  Compile-time options: HAS_TIMES PERLIO_LAYERS PERL_DONT_CREATE_GVSV
                        PERL_HASH_FUNC_ONE_AT_A_TIME_HARD PERL_MALLOC_WRAP
                        PERL_NEW_COPY_ON_WRITE PERL_PRESERVE_IVUV
                        USE_64_BIT_ALL USE_64_BIT_INT USE_LARGE_FILES
                        USE_LOCALE USE_LOCALE_COLLATE USE_LOCALE_CTYPE
                        USE_LOCALE_NUMERIC USE_LOCALE_TIME USE_PERLIO
                        USE_PERL_ATOF
  Built under linux
  Compiled at Jan 14 2017 21:21:45
  %ENV:
    PERL5LIB="/home/cpansand/.cpan/build/2018102014/Time-Piece-1.33-29/blib/arch:/home/cpansand/.cpan/build/2018102014/Time-Piece-1.33-29/blib/lib:/home/cpansand/.cpan/build/2018102014/Time-Moment-0.44-26/blib/arch:/home/cpansand/.cpan/build/2018102014/Time-Moment-0.44-26/blib/lib:/home/cpansand/.cpan/build/2018102014/Pod-Autopod-1.215-10/blib/arch:/home/cpansand/.cpan/build/2018102014/Pod-Autopod-1.215-10/blib/lib:/home/cpansand/.cpan/build/2018102014/Finance-GDAX-API-0.09-29/blib/arch:/home/cpansand/.cpan/build/2018102014/Finance-GDAX-API-0.09-29/blib/lib:/home/cpansand/.cpan/build/2018102014/File-HomeDir-1.004-26/blib/arch:/home/cpansand/.cpan/build/2018102014/File-HomeDir-1.004-26/blib/lib"
    PERL5OPT=""
    PERL5_CPANPLUS_IS_RUNNING="21551"
    PERL5_CPAN_IS_RUNNING="21551"
    PERL5_CPAN_IS_RUNNING_IN_RECURSION="14835,21551"
    PERLDOC="-MPod::Perldoc::ToTextOverstrike"
    PERL_BATCH="yes"
    PERL_CANARY_STABILITY_NOPROMPT="1"
    PERL_CPAN_REPORTER_CONFIG="/var/tmp/cpansmoker-1023/2018102014/cpanreporter_001_config.ini"
    PERL_EXTUTILS_AUTOINSTALL="--defaultdeps"
    PERL_PARALLEL_SMOKER="yes"
    PERL_USE_UNSAFE_INC="1"
  @INC:
    /home/cpansand/.cpan/build/2018102014/Time-Piece-1.33-29/blib/arch
    /home/cpansand/.cpan/build/2018102014/Time-Piece-1.33-29/blib/lib
    /home/cpansand/.cpan/build/2018102014/Time-Moment-0.44-26/blib/arch
    /home/cpansand/.cpan/build/2018102014/Time-Moment-0.44-26/blib/lib
    /home/cpansand/.cpan/build/2018102014/Pod-Autopod-1.215-10/blib/arch
    /home/cpansand/.cpan/build/2018102014/Pod-Autopod-1.215-10/blib/lib
    /home/cpansand/.cpan/build/2018102014/Finance-GDAX-API-0.09-29/blib/arch
    /home/cpansand/.cpan/build/2018102014/Finance-GDAX-API-0.09-29/blib/lib
    /home/cpansand/.cpan/build/2018102014/File-HomeDir-1.004-26/blib/arch
    /home/cpansand/.cpan/build/2018102014/File-HomeDir-1.004-26/blib/lib
    /opt/perl-5.22.3/lib/site_perl/5.22.3/x86_64-linux
    /opt/perl-5.22.3/lib/site_perl/5.22.3
    /opt/perl-5.22.3/lib/5.22.3/x86_64-linux
    /opt/perl-5.22.3/lib/5.22.3
    .