Text-Editor-Vip v0.08.1 Perl 5 v5.12.1 i86pc-solaris

Status
Fail
From
Graham Crookham (GRAHAMC)
Dist
Text-Editor-Vip v0.08.1
Platform
Perl 5 v5.12.1 i86pc-solaris
Date
2010-08-06 21:07:37
ID
a44e021c-a19e-11df-923b-67a7cd95d8fd
This distribution has been tested as part of the CPAN Testers
project, supporting the Perl programming language.  See
http://wiki.cpantesters.org/ for more information or email
questions to cpan-testers-discuss@perl.org


--
Dear Nadim Ibn Hamouda El Khemir,

This is a computer-generated report for Text-Editor-Vip-0.08.1
on perl 5.12.1, created by CPAN-Reporter-1.18.

Thank you for uploading your work to CPAN.  However, there was a problem
testing your distribution.

If you think this report is invalid, please consult the CPAN Testers Wiki
for suggestions on how to avoid getting FAIL reports for missing library
or binary dependencies, unsupported operating systems, and so on:

http://wiki.cpantesters.org/wiki/CPANAuthorNotes

Sections of this report:

    * Tester comments
    * Program output
    * Prerequisites
    * Environment and other context

------------------------------
TESTER COMMENTS
------------------------------

Additional comments from tester:

this report is from an automated smoke testing program
and was not reviewed by a human for accuracy

------------------------------
PROGRAM OUTPUT
------------------------------

Output from './Build test':

t/001_Text_Editor_Vip.t ................................. ok
"our" variable $buffer masks earlier declaration in same scope at /export/home/graham/perltest/cpan/build/Text-Editor-Vip-0.08.1-g3uGrv/blib/lib/Text/Editor/Vip/Buffer.pm line 374.
t/002_Text_Editor_Vip_Buffer.t .......................... ok
t/003_Text_Editor_Vip_Selection.t ....................... ok
t/004_Text_Editor_Vip_CommandBlock.t .................... ok
"our" variable $buffer masks earlier declaration in same scope at /export/home/graham/perltest/cpan/build/Text-Editor-Vip-0.08.1-g3uGrv/blib/lib/Text/Editor/Vip/Buffer.pm line 374.
t/005_Text_Editor_Vip_Buffer_DoUndoRedo.t ............... ok
t/006_Text_Editor_Vip_View.t ............................ ok
t/007_Text_Editor_Vip_Buffer_List.t ..................... ok
"our" variable $buffer masks earlier declaration in same scope at /export/home/graham/perltest/cpan/build/Text-Editor-Vip-0.08.1-g3uGrv/blib/lib/Text/Editor/Vip/Buffer.pm line 374.
t/008_Text_Editor_Vip_Buffer_Plugins_Display.t .......... ok
"our" variable $buffer masks earlier declaration in same scope at /export/home/graham/perltest/cpan/build/Text-Editor-Vip-0.08.1-g3uGrv/blib/lib/Text/Editor/Vip/Buffer.pm line 374.
t/009_Text_Editor_Vip_Buffer_Plugins_File.t ............. ok
"our" variable $buffer masks earlier declaration in same scope at /export/home/graham/perltest/cpan/build/Text-Editor-Vip-0.08.1-g3uGrv/blib/lib/Text/Editor/Vip/Buffer.pm line 374.
t/010_Text_Editor_Vip_Buffer_Plugins_Case.t ............. ok
"our" variable $buffer masks earlier declaration in same scope at /export/home/graham/perltest/cpan/build/Text-Editor-Vip-0.08.1-g3uGrv/blib/lib/Text/Editor/Vip/Buffer.pm line 374.
t/011_Text_Editor_Vip_Buffer_Attribute.t ................ ok
"our" variable $buffer masks earlier declaration in same scope at /export/home/graham/perltest/cpan/build/Text-Editor-Vip-0.08.1-g3uGrv/blib/lib/Text/Editor/Vip/Buffer.pm line 374.
t/012_Text_Editor_Vip_Buffer_Plugins_GetWord.t .......... ok
"our" variable $buffer masks earlier declaration in same scope at /export/home/graham/perltest/cpan/build/Text-Editor-Vip-0.08.1-g3uGrv/blib/lib/Text/Editor/Vip/Buffer.pm line 374.
t/013_Text_Editor_Vip_Buffer_Selection.t ................ ok
"our" variable $buffer masks earlier declaration in same scope at /export/home/graham/perltest/cpan/build/Text-Editor-Vip-0.08.1-g3uGrv/blib/lib/Text/Editor/Vip/Buffer.pm line 374.
t/014_Text_Editor_Vip_Buffer_Plugins_Tags.t ............. ok
"our" variable $buffer masks earlier declaration in same scope at /export/home/graham/perltest/cpan/build/Text-Editor-Vip-0.08.1-g3uGrv/blib/lib/Text/Editor/Vip/Buffer.pm line 374.
t/015_Text_Editor_Vip_Buffer_Plugins_InsertConstruct.t .. ok
"our" variable $buffer masks earlier declaration in same scope at /export/home/graham/perltest/cpan/build/Text-Editor-Vip-0.08.1-g3uGrv/blib/lib/Text/Editor/Vip/Buffer.pm line 374.
t/016_Text_Editor_Vip_Buffer_Plugins_InsertDelete.t ..... ok
"our" variable $buffer masks earlier declaration in same scope at /export/home/graham/perltest/cpan/build/Text-Editor-Vip-0.08.1-g3uGrv/blib/lib/Text/Editor/Vip/Buffer.pm line 374.
t/017_Text_Editor_Vip_Buffer_Plugins_Selection.t ........ ok
"our" variable $buffer masks earlier declaration in same scope at /export/home/graham/perltest/cpan/build/Text-Editor-Vip-0.08.1-g3uGrv/blib/lib/Text/Editor/Vip/Buffer.pm line 374.
t/018_Text_Editor_Vip_Buffer_Plugins_Movements.t ........ ok
"our" variable $buffer masks earlier declaration in same scope at /export/home/graham/perltest/cpan/build/Text-Editor-Vip-0.08.1-g3uGrv/blib/lib/Text/Editor/Vip/Buffer.pm line 374.
t/019_Text_Editor_Vip_Buffer_Plugins_PageUpDown.t ....... ok
"our" variable $buffer masks earlier declaration in same scope at /export/home/graham/perltest/cpan/build/Text-Editor-Vip-0.08.1-g3uGrv/blib/lib/Text/Editor/Vip/Buffer.pm line 374.

#   Failed test 'invalid replacement warning'
#   at t/020_Text_Editor_Vip_Buffer_Plugins_Replace.t line 231.
# found warning: Use of uninitialized value $2 in substitution iterator at (eval 391) line 2.
# expected to find warning: (?-xism:Use of uninitialized value in substitution iterator)

#   Failed test 'invalid replacement warning'
#   at t/020_Text_Editor_Vip_Buffer_Plugins_Replace.t line 310.
# found warning: Use of uninitialized value $2 in substitution iterator at (eval 405) line 2.
# expected to find warning: (?-xism:Use of uninitialized value in substitution iterator)
# Looks like you failed 2 tests of 89.
t/020_Text_Editor_Vip_Buffer_Plugins_Replace.t .......... 
Dubious, test returned 2 (wstat 512, 0x200)
Failed 2/89 subtests 
"our" variable $buffer masks earlier declaration in same scope at /export/home/graham/perltest/cpan/build/Text-Editor-Vip-0.08.1-g3uGrv/blib/lib/Text/Editor/Vip/Buffer.pm line 374.
t/021_Text_Editor_Vip_Buffer_Plugins_Find.t ............. ok
"our" variable $buffer masks earlier declaration in same scope at lib/Text/Editor/Vip/Buffer.pm line 374.

#   Failed test 'invalid replacement warning'
#   at t/022_Text_Editor_Vip_Buffer_Plugins_Replace_Sub.t line 65.
# found warning: Use of uninitialized value $2 in substitution iterator at (eval 306) line 2.
# expected to find warning: (?-xism:Use of uninitialized value in substitution iterator)
# Looks like you failed 1 test of 13.
t/022_Text_Editor_Vip_Buffer_Plugins_Replace_Sub.t ...... 
Dubious, test returned 1 (wstat 256, 0x100)
Failed 1/13 subtests 
"our" variable $buffer masks earlier declaration in same scope at lib/Text/Editor/Vip/Buffer.pm line 374.
t/023_Text_Editor_Vip_Buffer_Clipboard.t ................ ok

Test Summary Report
-------------------
t/020_Text_Editor_Vip_Buffer_Plugins_Replace.t        (Wstat: 512 Tests: 89 Failed: 2)
  Failed tests:  62, 82
  Non-zero exit status: 2
t/022_Text_Editor_Vip_Buffer_Plugins_Replace_Sub.t    (Wstat: 256 Tests: 13 Failed: 1)
  Failed test:  9
  Non-zero exit status: 1
Files=23, Tests=1018,  8 wallclock secs ( 0.39 usr  0.14 sys +  5.00 cusr  1.04 csys =  6.57 CPU)
Result: FAIL
Failed 2/23 test programs. 3/1018 subtests failed.

------------------------------
PREREQUISITES
------------------------------

Prerequisite modules loaded:

requires:

    Module           Need Have   
    ---------------- ---- -------
    Clone            0    0.31   
    Data::Hexdumper  0    2.01   
    Data::TreeDumper 0.24 0.37   
    File::Slurp      0    9999.13
    Readonly         0    1.03   
    Text::Diff       0    1.37   

build_requires:

    Module           Need Have   
    ---------------- ---- -------
    Test::Block      0    0.11   
    Test::Exception  0    0.29   
    Test::NoWarnings 0    1.01   
    Test::Warn       0    0.21   
    Text::Diff       0    1.37   


------------------------------
ENVIRONMENT AND OTHER CONTEXT
------------------------------

Environment variables:

    AUTOMATED_TESTING = 1
    LANG = en_US.UTF-8
    LC_MESSAGES = en_US.UTF-8
    PATH = /export/home/graham/perltest/perl/bin:/export/home/graham/perltest/perl/bin:/usr/gnu/bin:/usr/bin:/usr/X11/bin:/usr/sbin:/sbin:/usr/ccs/bin
    PERL5LIB = 
    PERL5OPT = 
    PERL5_CPANPLUS_IS_RUNNING = 20967
    PERL5_CPAN_IS_RUNNING = 20967
    PERL5_CPAN_IS_RUNNING_IN_RECURSION = 693,20967
    PERL_CR_SMOKER_CURRENT = Text-Editor-Vip-0.08.1
    PERL_EXTUTILS_AUTOINSTALL = --defaultdeps
    PERL_MM_USE_DEFAULT = 1
    SHELL = /bin/bash
    TERM = xterm

Perl special variables (and OS-specific diagnostics, for MSWin32):

    $^X = /export/home/graham/perltest/perl/bin/perl
    $UID/$EUID = 101 / 101
    $GID = 10 10
    $EGID = 10 10

Perl module toolchain versions installed:

    Module              Have   
    ------------------- -------
    CPAN                1.94_58
    Cwd                 3.31_02
    ExtUtils::CBuilder  0.2703 
    ExtUtils::Command   1.16   
    ExtUtils::Install   1.55   
    ExtUtils::MakeMaker 6.56   
    ExtUtils::Manifest  1.57   
    ExtUtils::ParseXS   2.2206 
    File::Spec          3.31_02
    Module::Build       0.36_13
    Module::Signature   n/a    
    Test::Harness       3.21   
    Test::More          0.95_02
    YAML                0.71   
    YAML::Syck          1.12   
    version             0.82   


--

Summary of my perl5 (revision 5 version 12 subversion 1) configuration:
   
  Platform:
    osname=solaris, osvers=2.11, archname=i86pc-solaris
    uname='sunos hidegkuti 5.11 snv_111b i86pc i386 i86pc solaris '
    config_args=''
    hint=recommended, useposix=true, d_sigaction=define
    useithreads=undef, usemultiplicity=undef
    useperlio=define, d_sfio=undef, uselargefiles=define, usesocks=undef
    use64bitint=undef, use64bitall=undef, uselongdouble=undef
    usemymalloc=n, bincompat5005=undef
  Compiler:
    cc='gcc', ccflags ='-fno-strict-aliasing -pipe -D_LARGEFILE_SOURCE -D_FILE_OFFSET_BITS=64 -DPERL_USE_SAFE_PUTENV -DPERL_USE_SAFE_PUTENV -DPERL_USE_SAFE_PUTENV -DPERL_USE_SAFE_PUTENV',
    optimize='-O',
    cppflags='-fno-strict-aliasing -pipe'
    ccversion='', gccversion='3.4.3 (csl-sol210-3_4-20050802)', gccosandvers='solaris2.11'
    intsize=4, longsize=4, ptrsize=4, doublesize=8, byteorder=1234
    d_longlong=define, longlongsize=8, d_longdbl=define, longdblsize=12
    ivtype='long', ivsize=4, nvtype='double', nvsize=8, Off_t='off_t', lseeksize=8
    alignbytes=4, prototype=define
  Linker and Libraries:
    ld='gcc', ldflags =' '
    libpth=/usr/lib /usr/ccs/lib
    libs=-lsocket -lnsl -ldl -lm -lc
    perllibs=-lsocket -lnsl -ldl -lm -lc
    libc=/lib/libc.so, so=so, useshrplib=false, libperl=libperl.a
    gnulibc_version=''
  Dynamic Linking:
    dlsrc=dl_dlopen.xs, dlext=so, d_dlsymun=undef, ccdlflags=' '
    cccdlflags='-fPIC', lddlflags='-G'


Characteristics of this binary (from libperl): 
  Compile-time options: PERL_DONT_CREATE_GVSV PERL_MALLOC_WRAP
                        PERL_USE_SAFE_PUTENV USE_LARGE_FILES USE_PERLIO
                        USE_PERL_ATOF
  Built under solaris
  Compiled at Jul 21 2010 15:14:27
  %ENV:
    PERL5LIB=""
    PERL5OPT=""
    PERL5_CPANPLUS_IS_RUNNING="20967"
    PERL5_CPAN_IS_RUNNING="20967"
    PERL5_CPAN_IS_RUNNING_IN_RECURSION="693,20967"
    PERL_CR_SMOKER_CURRENT="Text-Editor-Vip-0.08.1"
    PERL_EXTUTILS_AUTOINSTALL="--defaultdeps"
    PERL_MM_USE_DEFAULT="1"
  @INC:
    /export/home/graham/perltest/perl/lib/site_perl/5.12.1/i86pc-solaris
    /export/home/graham/perltest/perl/lib/site_perl/5.12.1
    /export/home/graham/perltest/perl/lib/5.12.1/i86pc-solaris
    /export/home/graham/perltest/perl/lib/5.12.1
    .