Test-WWW-Mechanize v1.51_01 Perl 5 v5.20.1 x86_64-linux
- Status
- Fail
- From
- Slaven Rezić (SREZIC)
- Dist
-
Test-WWW-Mechanize v1.51_01
- Platform
- Perl 5 v5.20.1 x86_64-linux
- Date
- 2018-12-05 07:01:52
- ID
- a4be56f8-f85b-11e8-aff3-d44f002330a3
This distribution has been tested as part of the CPAN Testers
project, supporting the Perl programming language. See
http://wiki.cpantesters.org/ for more information or email
questions to cpan-testers-discuss@perl.org
--
Dear Andy Lester,
This is a computer-generated report for Test-WWW-Mechanize-1.51_01
on perl 5.20.1, created by CPAN-Reporter-1.2018.
Thank you for uploading your work to CPAN. However, there was a problem
testing your distribution.
If you think this report is invalid, please consult the CPAN Testers Wiki
for suggestions on how to avoid getting FAIL reports for missing library
or binary dependencies, unsupported operating systems, and so on:
http://wiki.cpantesters.org/wiki/CPANAuthorNotes
Sections of this report:
* Tester comments
* Program output
* Prerequisites
* Environment and other context
------------------------------
TESTER COMMENTS
------------------------------
Additional comments from tester:
none provided
------------------------------
PROGRAM OUTPUT
------------------------------
Output from '/usr/bin/make test':
PERL_DL_NONLAZY=1 "/bbbike/perl-5.20.1/bin/perl" "-MExtUtils::Command::MM" "-MTest::Harness" "-e" "undef *Test::Harness::Switches; test_harness(0, 'blib/lib', 'blib/arch')" t/*.t
# Testing Test::WWW::Mechanize 1.51_01, with WWW::Mechanize 1.86, LWP 6.36, Test::More 1.302136, Perl 5.020001, /bbbike/perl-5.20.1/bin/perl
# Found optional HTML::Lint 2.22
# Optional HTML::Tidy5 not found. Install it to use additional features.
t/00-load.t ................ ok
t/autolint.t ............... ok
t/autotidy.t ............... skipped: Optional HTML::Tidy5 1.00 is not installed, cannot test autotidy.
t/button_exists.t .......... ok
# Test server http://127.0.0.1:30455 as PID 30193
t/click_ok.t ............... ok
t/content_contains.t ....... ok
t/content_lacks.t .......... ok
# Test server http://127.0.0.1:20081 as PID 30199
t/delete_ok.t .............. ok
t/follow_link_ok.t ......... ok
t/followable_links.t ....... ok
t/get_ok-parms.t ........... ok
t/get_ok.t ................. ok
t/has_tag.t ................ ok
t/head_ok-parms.t .......... ok
t/head_ok.t ................ ok
# Test server http://127.0.0.1:30073 as PID 30220
t/headers.t ................ ok
t/html_lint_ok.t ........... ok
t/html_tidy_ok.t ........... skipped: Optional HTML::Tidy5 1.00 is not installed, cannot test html_tidy_ok
Undefined subroutine &Test::WWW::Mechanize::assert_arrayref called at /tmpfs/.cpan-build-cpansand/2018120505/Test-WWW-Mechanize-1.51_01-2/blib/lib/Test/WWW/Mechanize.pm line 1679.
# Looks like your test exited with 255 just after 4.
t/id_exists.t ..............
Dubious, test returned 255 (wstat 65280, 0xff00)
Failed 17/21 subtests
t/lacks_uncapped_inputs.t .. ok
t/link_content.t ........... ok
t/link_status.t ............ ok
t/links_ok.t ............... ok
t/new.t .................... ok
t/page_links_content.t ..... ok
t/page_links_ok.t .......... ok
t/pod-coverage.t ........... ok
t/pod.t .................... ok
# Test server http://127.0.0.1:35483 as PID 30246
t/put_ok.t ................. ok
t/scrape_text_by_id.t ...... ok
t/stuff_inputs.t ........... ok
# Test server http://127.0.0.1:33647 as PID 30261
t/submit_form_ok.t ......... ok
t/text_contains.t .......... ok
t/title_is.t ............... ok
Test Summary Report
-------------------
t/id_exists.t (Wstat: 65280 Tests: 4 Failed: 0)
Non-zero exit status: 255
Parse errors: Bad plan. You planned 21 tests but ran 4.
Files=34, Tests=300, 12 wallclock secs ( 0.09 usr 0.13 sys + 3.88 cusr 1.64 csys = 5.74 CPU)
Result: FAIL
Failed 1/34 test programs. 0/300 subtests failed.
Makefile:889: recipe for target 'test_dynamic' failed
make: *** [test_dynamic] Error 255
------------------------------
PREREQUISITES
------------------------------
Prerequisite modules loaded:
requires:
Module Need Have
------------------------- ----- --------
Carp 0 1.50
Carp::Assert::More 0 1.14
HTML::Form 0 6.03
HTML::TokeParser 0 3.69
HTTP::Server::Simple 0.42 0.51
HTTP::Server::Simple::CGI 0 0
LWP 6.02 6.36
parent 0 0.236
perl 5.008 5.020001
Test::Builder::Tester 1.09 1.302136
Test::LongString 0.15 0.17
Test::More 0.96 1.302136
URI::file 0 4.21
WWW::Mechanize 1.68 1.86
build_requires:
Module Need Have
------------------------- ----- --------
ExtUtils::MakeMaker 0 7.34
configure_requires:
Module Need Have
------------------------- ----- --------
ExtUtils::MakeMaker 0 7.34
------------------------------
ENVIRONMENT AND OTHER CONTEXT
------------------------------
Environment variables:
LANG = C
LC_ALL = de_DE.UTF-8
PATH = /usr/local/bin:/usr/bin:/bin:/usr/local/sbin:/usr/sbin:/sbin:/home/cpansand/bin/linux-gnu:/home/cpansand/bin/sh:/home/cpansand/bin:/usr/games:/home/cpansand/devel:/home/eserte/src/srezic-misc/scripts
PERL5LIB = /home/cpansand/.cpan/build/2018120505/HPCI-0.74-2/blib/arch:/home/cpansand/.cpan/build/2018120505/HPCI-0.74-2/blib/lib:/home/cpansand/.cpan/build/2018120505/Exporter-Renaming-1.19-2/blib/arch:/home/cpansand/.cpan/build/2018120505/Exporter-Renaming-1.19-2/blib/lib:/home/cpansand/.cpan/build/2018120505/JMAP-Tester-WebSocket-0.001-2/blib/arch:/home/cpansand/.cpan/build/2018120505/JMAP-Tester-WebSocket-0.001-2/blib/lib:/home/cpansand/.cpan/build/2018120505/Dist-Zilla-Plugin-ReversionAfterRelease-0.1-2/blib/arch:/home/cpansand/.cpan/build/2018120505/Dist-Zilla-Plugin-ReversionAfterRelease-0.1-2/blib/lib:/home/cpansand/.cpan/build/2018120505/Dist-Zilla-Plugin-ReversionOnRelease-0.06-2/blib/arch:/home/cpansand/.cpan/build/2018120505/Dist-Zilla-Plugin-ReversionOnRelease-0.06-2/blib/lib:/home/cpansand/.cpan/build/2018120505/JSCalendar-Duration-0.002-2/blib/arch:/home/cpansand/.cpan/build/2018120505/JSCalendar-Duration-0.002-2/blib/lib
PERL5OPT =
PERL5_CPANPLUS_IS_RUNNING = 23137
PERL5_CPAN_IS_RUNNING = 23137
PERL5_CPAN_IS_RUNNING_IN_RECURSION = 18257,23137
PERLDOC = -MPod::Perldoc::ToTextOverstrike
PERL_BATCH = yes
PERL_CANARY_STABILITY_NOPROMPT = 1
PERL_CPAN_REPORTER_CONFIG = /var/tmp/cpansmoker-1023/2018120501/cpanreporter_000_config.ini
PERL_EXTUTILS_AUTOINSTALL = --defaultdeps
PERL_PARALLEL_SMOKER = yes
PERL_USE_UNSAFE_INC = 1
SHELL = /bin/zsh
TERM = screen
TMPDIR = /var/tmp/cpansmoker-1023/2018120501
Perl special variables (and OS-specific diagnostics, for MSWin32):
$^X = /bbbike/perl-5.20.1/bin/perl
$UID/$EUID = 1023 / 1023
$GID = 1023 1023
$EGID = 1023 1023
Perl module toolchain versions installed:
Module Have
------------------- --------
CPAN 2.16
CPAN::Meta 2.150010
Cwd 3.74
ExtUtils::CBuilder 0.280230
ExtUtils::Command 7.34
ExtUtils::Install 2.14
ExtUtils::MakeMaker 7.34
ExtUtils::Manifest 1.71
ExtUtils::ParseXS 3.35
File::Spec 3.74
JSON 2.97001
JSON::PP 2.97001
Module::Build 0.4224
Module::Signature 0.81
Parse::CPAN::Meta 2.150010
Test::Harness 3.42
Test::More 1.302136
YAML 1.27
YAML::Syck 1.30
version 0.9918
--
Summary of my perl5 (revision 5 version 20 subversion 1) configuration:
Platform:
osname=linux, osvers=3.16.0-4-amd64, archname=x86_64-linux
uname='linux eserte 3.16.0-4-amd64 #1 smp debian 3.16.7-ckt25-2 (2016-04-08) x86_64 gnulinux '
config_args='-ds -e -Dprefix=/opt/perl-5.20.1 -Dcf_email=srezic@cpan.org'
hint=recommended, useposix=true, d_sigaction=define
useithreads=undef, usemultiplicity=undef
use64bitint=define, use64bitall=define, uselongdouble=undef
usemymalloc=n, bincompat5005=undef
Compiler:
cc='cc', ccflags ='-fwrapv -fno-strict-aliasing -pipe -fstack-protector -I/usr/local/include -D_LARGEFILE_SOURCE -D_FILE_OFFSET_BITS=64',
optimize='-O2',
cppflags='-fwrapv -fno-strict-aliasing -pipe -fstack-protector -I/usr/local/include'
ccversion='', gccversion='4.9.2', gccosandvers=''
intsize=4, longsize=8, ptrsize=8, doublesize=8, byteorder=12345678
d_longlong=define, longlongsize=8, d_longdbl=define, longdblsize=16
ivtype='long', ivsize=8, nvtype='double', nvsize=8, Off_t='off_t', lseeksize=8
alignbytes=8, prototype=define
Linker and Libraries:
ld='cc', ldflags =' -fstack-protector -L/usr/local/lib'
libpth=/usr/local/lib /usr/lib/gcc/x86_64-linux-gnu/4.9/include-fixed /usr/include/x86_64-linux-gnu /usr/lib /lib/x86_64-linux-gnu /lib/../lib /usr/lib/x86_64-linux-gnu /usr/lib/../lib /lib
libs=-lnsl -lgdbm -ldb -ldl -lm -lcrypt -lutil -lc -lgdbm_compat
perllibs=-lnsl -ldl -lm -lcrypt -lutil -lc
libc=libc-2.19.so, so=so, useshrplib=false, libperl=libperl.a
gnulibc_version='2.19'
Dynamic Linking:
dlsrc=dl_dlopen.xs, dlext=so, d_dlsymun=undef, ccdlflags='-Wl,-E'
cccdlflags='-fPIC', lddlflags='-shared -O2 -L/usr/local/lib -fstack-protector'
Characteristics of this binary (from libperl):
Compile-time options: HAS_TIMES PERLIO_LAYERS PERL_DONT_CREATE_GVSV
PERL_HASH_FUNC_ONE_AT_A_TIME_HARD PERL_MALLOC_WRAP
PERL_NEW_COPY_ON_WRITE PERL_PRESERVE_IVUV
USE_64_BIT_ALL USE_64_BIT_INT USE_LARGE_FILES
USE_LOCALE USE_LOCALE_COLLATE USE_LOCALE_CTYPE
USE_LOCALE_NUMERIC USE_PERLIO USE_PERL_ATOF
Built under linux
Compiled at May 7 2016 16:00:15
%ENV:
PERL5LIB="/home/cpansand/.cpan/build/2018120505/HPCI-0.74-2/blib/arch:/home/cpansand/.cpan/build/2018120505/HPCI-0.74-2/blib/lib:/home/cpansand/.cpan/build/2018120505/Exporter-Renaming-1.19-2/blib/arch:/home/cpansand/.cpan/build/2018120505/Exporter-Renaming-1.19-2/blib/lib:/home/cpansand/.cpan/build/2018120505/JMAP-Tester-WebSocket-0.001-2/blib/arch:/home/cpansand/.cpan/build/2018120505/JMAP-Tester-WebSocket-0.001-2/blib/lib:/home/cpansand/.cpan/build/2018120505/Dist-Zilla-Plugin-ReversionAfterRelease-0.1-2/blib/arch:/home/cpansand/.cpan/build/2018120505/Dist-Zilla-Plugin-ReversionAfterRelease-0.1-2/blib/lib:/home/cpansand/.cpan/build/2018120505/Dist-Zilla-Plugin-ReversionOnRelease-0.06-2/blib/arch:/home/cpansand/.cpan/build/2018120505/Dist-Zilla-Plugin-ReversionOnRelease-0.06-2/blib/lib:/home/cpansand/.cpan/build/2018120505/JSCalendar-Duration-0.002-2/blib/arch:/home/cpansand/.cpan/build/2018120505/JSCalendar-Duration-0.002-2/blib/lib"
PERL5OPT=""
PERL5_CPANPLUS_IS_RUNNING="23137"
PERL5_CPAN_IS_RUNNING="23137"
PERL5_CPAN_IS_RUNNING_IN_RECURSION="18257,23137"
PERLDOC="-MPod::Perldoc::ToTextOverstrike"
PERL_BATCH="yes"
PERL_CANARY_STABILITY_NOPROMPT="1"
PERL_CPAN_REPORTER_CONFIG="/var/tmp/cpansmoker-1023/2018120501/cpanreporter_000_config.ini"
PERL_EXTUTILS_AUTOINSTALL="--defaultdeps"
PERL_PARALLEL_SMOKER="yes"
PERL_USE_UNSAFE_INC="1"
@INC:
/home/cpansand/.cpan/build/2018120505/HPCI-0.74-2/blib/arch
/home/cpansand/.cpan/build/2018120505/HPCI-0.74-2/blib/lib
/home/cpansand/.cpan/build/2018120505/Exporter-Renaming-1.19-2/blib/arch
/home/cpansand/.cpan/build/2018120505/Exporter-Renaming-1.19-2/blib/lib
/home/cpansand/.cpan/build/2018120505/JMAP-Tester-WebSocket-0.001-2/blib/arch
/home/cpansand/.cpan/build/2018120505/JMAP-Tester-WebSocket-0.001-2/blib/lib
/home/cpansand/.cpan/build/2018120505/Dist-Zilla-Plugin-ReversionAfterRelease-0.1-2/blib/arch
/home/cpansand/.cpan/build/2018120505/Dist-Zilla-Plugin-ReversionAfterRelease-0.1-2/blib/lib
/home/cpansand/.cpan/build/2018120505/Dist-Zilla-Plugin-ReversionOnRelease-0.06-2/blib/arch
/home/cpansand/.cpan/build/2018120505/Dist-Zilla-Plugin-ReversionOnRelease-0.06-2/blib/lib
/home/cpansand/.cpan/build/2018120505/JSCalendar-Duration-0.002-2/blib/arch
/home/cpansand/.cpan/build/2018120505/JSCalendar-Duration-0.002-2/blib/lib
/opt/perl-5.20.1/lib/site_perl/5.20.1/x86_64-linux
/opt/perl-5.20.1/lib/site_perl/5.20.1
/opt/perl-5.20.1/lib/5.20.1/x86_64-linux
/opt/perl-5.20.1/lib/5.20.1
.