String-Tagged v0.15 Perl 5 v5.8.6 i686-linux-thread-multi

Status
Fail
From
Nigel Horne
Dist
String-Tagged v0.15
Platform
Perl 5 v5.8.6 i686-linux-thread-multi
Date
2017-10-03 08:12:48
ID
a4c6364c-a812-11e7-baf9-d1257f577308
This distribution has been tested as part of the CPAN Testers
project, supporting the Perl programming language.  See
http://wiki.cpantesters.org/ for more information or email
questions to cpan-testers-discuss@perl.org


--
Dear Paul Evans,

This is a computer-generated report for String-Tagged-0.15
on perl 5.8.6, created by CPAN-Reporter-1.2017.

Thank you for uploading your work to CPAN.  However, there was a problem
testing your distribution.

If you think this report is invalid, please consult the CPAN Testers Wiki
for suggestions on how to avoid getting FAIL reports for missing library
or binary dependencies, unsupported operating systems, and so on:

http://wiki.cpantesters.org/wiki/CPANAuthorNotes

Sections of this report:

    * Tester comments
    * Program output
    * Prerequisites
    * Environment and other context

------------------------------
TESTER COMMENTS
------------------------------

Additional comments from tester:

this report is from an automated smoke testing program
and was not reviewed by a human for accuracy

------------------------------
PROGRAM OUTPUT
------------------------------

Output from './Build test':

t/00use.t ................. ok
t/01plain.t ............... ok
t/03tags-iter-limit.t ..... ok
t/02tags-conststr.t ....... ok
t/04tags-appendstr.t ...... ok
t/05tags-delete.t ......... ok
t/06tags-substr.t ......... ok
t/07tags-range.t .......... ok
t/10debugprint.t .......... ok
t/11clone.t ............... ok
t/20merge-tags.t .......... ok
t/21merge-tags-anchors.t .. ok
t/30appendinsert.t ........ ok
t/31matches.t ............. ok
Use of uninitialized value in subtraction (-) at /home/njh/.cpan/build/String-Tagged-0.15-5/blib/lib/String/Tagged.pm line 1590.
Use of uninitialized value in subtraction (-) at /home/njh/.cpan/build/String-Tagged-0.15-5/blib/lib/String/Tagged.pm line 1590.
Use of uninitialized value in addition (+) at /home/njh/.cpan/build/String-Tagged-0.15-5/blib/lib/String/Tagged.pm line 448.
Use of uninitialized value in substr at /home/njh/.cpan/build/String-Tagged-0.15-5/blib/lib/String/Tagged.pm line 450.

#   Failed test '->split returns 2 elements'
#   at t/32split.t line 15.
#          got: '3'
#     expected: '2'

#   Failed test '->split returns correct strings'
#   at t/32split.t line 18.
#     Structures begin differing at:
#          $got->[1] = ''
#     $expected->[1] = 'linefeeds'
# Looks like you failed 2 tests of 9.
t/32split.t ............... 
Dubious, test returned 2 (wstat 512, 0x200)
Failed 2/9 subtests 
t/33sprintf.t ............. ok
t/40operators.t ........... ok
t/50subclass.t ............ ok
t/99pod.t ................. ok

Test Summary Report
-------------------
t/32split.t             (Wstat: 512 Tests: 9 Failed: 2)
  Failed tests:  1, 3
  Non-zero exit status: 2
Files=19, Tests=177,  1 wallclock secs ( 0.06 usr  0.04 sys +  0.69 cusr  0.06 csys =  0.85 CPU)
Result: FAIL
Failed 1/19 test programs. 2/177 subtests failed.

------------------------------
PREREQUISITES
------------------------------

Prerequisite modules loaded:

build_requires:

    Module         Need Have    
    -------------- ---- --------
    Test::Identity 0    0.01    
    Test::More     0.88 1.001014


------------------------------
ENVIRONMENT AND OTHER CONTEXT
------------------------------

Environment variables:

    AUTOMATED_TESTING = 1
    HARNESS_OPTIONS = j2
    LANG = en_US.UTF-8
    PATH = /home/njh/perl5/perlbrew/bin:/home/njh/perl5/perlbrew/perls/perl-5.8.6/bin:/home/njh/perl5/perlbrew/bin:/usr/bin:/bin
    PERL5LIB = /home/njh/.cpan/build/Test-Identity-0.01-5/blib/arch:/home/njh/.cpan/build/Test-Identity-0.01-5/blib/lib
    PERL5OPT = 
    PERL5_CPANPLUS_IS_RUNNING = 20316
    PERL5_CPAN_IS_RUNNING = 20316
    PERLBREW_BASHRC_VERSION = 0.73
    PERLBREW_HOME = /home/njh/.perlbrew
    PERLBREW_LIB = 
    PERLBREW_MANPATH = /home/njh/perl5/perlbrew/perls/perl-5.8.6/man
    PERLBREW_PATH = /home/njh/perl5/perlbrew/bin:/home/njh/perl5/perlbrew/perls/perl-5.8.6/bin
    PERLBREW_PERL = perl-5.8.6
    PERLBREW_ROOT = /home/njh/perl5/perlbrew
    PERLBREW_VERSION = 0.73
    PERL_LOCAL_LIB_ROOT = 
    SHELL = /bin/sh

Perl special variables (and OS-specific diagnostics, for MSWin32):

    $^X = /home/njh/perl5/perlbrew/perls/perl-5.8.6/bin/perl
    $UID/$EUID = 1000 / 1000
    $GID = 1000 1000 108 46 44 30 29 25 24 4
    $EGID = 1000 1000 108 46 44 30 29 25 24 4

Perl module toolchain versions installed:

    Module              Have    
    ------------------- --------
    CPAN                2.16    
    CPAN::Meta          2.150005
    Cwd                 3.60    
    ExtUtils::CBuilder  0.280224
    ExtUtils::Command   7.18    
    ExtUtils::Install   1.54    
    ExtUtils::MakeMaker 7.18    
    ExtUtils::Manifest  1.70    
    ExtUtils::ParseXS   3.30    
    File::Spec          3.60    
    JSON                n/a     
    JSON::PP            2.27203 
    Module::Build       0.4216  
    Module::Signature   n/a     
    Parse::CPAN::Meta   1.4417  
    Test::Harness       3.35    
    Test::More          1.001014
    YAML                n/a     
    YAML::Syck          1.30    
    version             0.9912  


--

Summary of my perl5 (revision 5 version 8 subversion 6) configuration:
  Platform:
    osname=linux, osvers=4.2.0-1-686-pae, archname=i686-linux-thread-multi
    uname='linux zack 4.2.0-1-686-pae #1 smp debian 4.2.6-1 (2015-11-10) i686 gnulinux '
    config_args='-de -Dprefix=/home/njh/perl5/perlbrew/perls/perl-5.8.6 -Duseithreads -Dusemultiplicity -Dusedevel -Accflags= -Aeval:scriptdir=/home/njh/perl5/perlbrew/perls/perl-5.8.6/bin'
    hint=recommended, useposix=true, d_sigaction=define
    usethreads=define use5005threads=undef useithreads=define usemultiplicity=define
    useperlio=define d_sfio=undef uselargefiles=define usesocks=undef
    use64bitint=undef use64bitall=undef uselongdouble=undef
    usemymalloc=n, bincompat5005=undef
  Compiler:
    cc='cc', ccflags ='-D_REENTRANT -D_GNU_SOURCE -fno-strict-aliasing -pipe -I/usr/local/include -D_LARGEFILE_SOURCE -D_FILE_OFFSET_BITS=64',
    optimize='-O2',
    cppflags='-D_REENTRANT -D_GNU_SOURCE -fno-strict-aliasing -pipe -I/usr/local/include'
    ccversion='', gccversion='5.2.1 20151121', gccosandvers=''
    intsize=4, longsize=4, ptrsize=4, doublesize=8, byteorder=1234
    d_longlong=define, longlongsize=8, d_longdbl=define, longdblsize=12
    ivtype='long', ivsize=4, nvtype='double', nvsize=8, Off_t='off_t', lseeksize=8
    alignbytes=4, prototype=define
  Linker and Libraries:
    ld='cc', ldflags =' -L/usr/local/lib'
    libpth=/usr/local/lib /lib/i386-linux-gnu /lib/../lib /usr/lib/i386-linux-gnu /usr/lib/../lib /lib /usr/lib
    libs=-lnsl -lgdbm -ldb -ldl -lm -lcrypt -lutil -lpthread -lc -lgdbm_compat
    perllibs=-lnsl -ldl -lm -lcrypt -lutil -lpthread -lc -lgdbm_compat
    libc=libc-2.19.so, so=so, useshrplib=false, libperl=libperl.a
    gnulibc_version='2.19'
  Dynamic Linking:
    dlsrc=dl_dlopen.xs, dlext=so, d_dlsymun=undef, ccdlflags='-Wl,-E'
    cccdlflags='-fpic', lddlflags='-shared -L/usr/local/lib'


Characteristics of this binary (from libperl): 
  Compile-time options: MULTIPLICITY USE_ITHREADS USE_LARGE_FILES PERL_IMPLICIT_CONTEXT
  Locally applied patches:
	Devel::PatchPerl 1.38
  Built under linux
  Compiled at Nov 24 2015 04:37:05
  %ENV:
    PERL5LIB="/home/njh/.cpan/build/Test-Identity-0.01-5/blib/arch:/home/njh/.cpan/build/Test-Identity-0.01-5/blib/lib"
    PERL5OPT=""
    PERL5_CPANPLUS_IS_RUNNING="20316"
    PERL5_CPAN_IS_RUNNING="20316"
    PERLBREW_BASHRC_VERSION="0.73"
    PERLBREW_HOME="/home/njh/.perlbrew"
    PERLBREW_LIB=""
    PERLBREW_MANPATH="/home/njh/perl5/perlbrew/perls/perl-5.8.6/man"
    PERLBREW_PATH="/home/njh/perl5/perlbrew/bin:/home/njh/perl5/perlbrew/perls/perl-5.8.6/bin"
    PERLBREW_PERL="perl-5.8.6"
    PERLBREW_ROOT="/home/njh/perl5/perlbrew"
    PERLBREW_VERSION="0.73"
    PERL_LOCAL_LIB_ROOT=""
  @INC:
    /home/njh/.cpan/build/Test-Identity-0.01-5/blib/arch
    /home/njh/.cpan/build/Test-Identity-0.01-5/blib/lib
    /home/njh/perl5/perlbrew/perls/perl-5.8.6/lib/5.8.6/i686-linux-thread-multi
    /home/njh/perl5/perlbrew/perls/perl-5.8.6/lib/5.8.6
    /home/njh/perl5/perlbrew/perls/perl-5.8.6/lib/site_perl/5.8.6/i686-linux-thread-multi
    /home/njh/perl5/perlbrew/perls/perl-5.8.6/lib/site_perl/5.8.6
    /home/njh/perl5/perlbrew/perls/perl-5.8.6/lib/site_perl
    .