Report for Test-LatestPrereqs-0.02

Back
From: metabase:user:314402c4-2aae-11df-837a-5e0a49663a4f
Subject: FAIL Test-LatestPrereqs-0.02 v5.16.3 FreeBSD
Date: 2016-09-12T20:22:36Z

This distribution has been tested as part of the CPAN Testers
project, supporting the Perl programming language.  See
http://wiki.cpantesters.org/ for more information or email
questions to cpan-testers-discuss@perl.org


--
Dear Kenichi Ishigaki,

This is a computer-generated report for Test-LatestPrereqs-0.02
on perl 5.16.3, created by CPAN-Reporter-1.2018.

Thank you for uploading your work to CPAN.  However, there was a problem
testing your distribution.

If you think this report is invalid, please consult the CPAN Testers Wiki
for suggestions on how to avoid getting FAIL reports for missing library
or binary dependencies, unsupported operating systems, and so on:

http://wiki.cpantesters.org/wiki/CPANAuthorNotes

Sections of this report:

    * Tester comments
    * Program output
    * Prerequisites
    * Environment and other context

------------------------------
TESTER COMMENTS
------------------------------

Additional comments from tester:

none provided

------------------------------
PROGRAM OUTPUT
------------------------------

Output from '/usr/bin/make test':

PERL_DL_NONLAZY=1 "/usr/perl5.16.3t/bin/perl" "-MExtUtils::Command::MM" "-MTest::Harness" "-e" "undef *Test::Harness::Switches; test_harness(0, 'blib/lib', 'blib/arch')" t/*.t
t/00_load.t ......... ok
t/10_basic.t ........ ok
You tried to plan twice at /usr/home/eserte/.cpan/build/2016091221/Test-LatestPrereqs-0.02-QQoQKF/blib/lib/Test/LatestPrereqs.pm line 47.
# Looks like your test exited with 255 before it could output anything.
t/20_eumm.t ......... 
Dubious, test returned 255 (wstat 65280, 0xff00)
Failed 2/2 subtests 
You tried to plan twice at /usr/home/eserte/.cpan/build/2016091221/Test-LatestPrereqs-0.02-QQoQKF/blib/lib/Test/LatestPrereqs.pm line 47.
# Looks like your test exited with 255 before it could output anything.
t/20_mbuild.t ....... 
Dubious, test returned 255 (wstat 65280, 0xff00)
Failed 2/2 subtests 
inspecting error: Module::Install::Base defines neither package nor VERSION--version check failed at /usr/perl5.16.3t/lib/site_perl/5.16.3/Module/Install/PMC.pm line 4, <$fh> line 1.
BEGIN failed--compilation aborted at /usr/perl5.16.3t/lib/site_perl/5.16.3/Module/Install/PMC.pm line 4, <$fh> line 1.
Compilation failed in require at /usr/home/eserte/.cpan/build/2016091221/Test-LatestPrereqs-0.02-QQoQKF/blib/lib/Test/LatestPrereqs/ModuleInstall.pm line 91, <$fh> line 1.
You tried to plan twice at /usr/home/eserte/.cpan/build/2016091221/Test-LatestPrereqs-0.02-QQoQKF/blib/lib/Test/LatestPrereqs.pm line 47.
# Looks like your test exited with 255 before it could output anything.
t/20_minstall.t ..... 
Dubious, test returned 255 (wstat 65280, 0xff00)
Failed 2/2 subtests 
t/99_pod.t .......... skipped: set TEST_POD to enable this test
t/99_podcoverage.t .. skipped: set TEST_POD to enable this test

Test Summary Report
-------------------
t/20_eumm.t       (Wstat: 65280 Tests: 0 Failed: 0)
  Non-zero exit status: 255
  Parse errors: Bad plan.  You planned 2 tests but ran 0.
t/20_mbuild.t     (Wstat: 65280 Tests: 0 Failed: 0)
  Non-zero exit status: 255
  Parse errors: Bad plan.  You planned 2 tests but ran 0.
t/20_minstall.t   (Wstat: 65280 Tests: 0 Failed: 0)
  Non-zero exit status: 255
  Parse errors: Bad plan.  You planned 2 tests but ran 0.
Files=7, Tests=11, 21 wallclock secs ( 0.20 usr  0.09 sys +  6.50 cusr  0.97 csys =  7.76 CPU)
Result: FAIL
Failed 3/7 test programs. 0/11 subtests failed.
*** [test_dynamic] Error code 255

Stop in /usr/home/eserte/.cpan/build/2016091221/Test-LatestPrereqs-0.02-QQoQKF.

------------------------------
PREREQUISITES
------------------------------

Prerequisite modules loaded:

requires:

    Module              Need Have    
    ------------------- ---- --------
    Class::Inspector    0    1.28    
    CPAN::Version       0    5.5001  
    File::Find::Rule    0    0.34    
    File::Spec          0    3.62    
    Test::More          0.47 1.302052
    Test::UseAllModules 0.11 0.17    

build_requires:

    Module              Need Have    
    ------------------- ---- --------
    ExtUtils::MakeMaker 0    7.24    

configure_requires:

    Module              Need Have    
    ------------------- ---- --------
    ExtUtils::MakeMaker 0    7.24    


------------------------------
ENVIRONMENT AND OTHER CONTEXT
------------------------------

Environment variables:

    LC_ALL = de_DE.ISO8859-1
    PATH = /usr/local/bin:/usr/bin:/bin:/usr/local/sbin:/usr/sbin:/sbin:/home/cpansand/bin/freebsd9.3:/home/cpansand/bin/sh:/home/cpansand/bin:/usr/games:/home/cpansand/devel:/usr/home/eserte/src/srezic-misc/scripts
    PERL5LIB = /home/eserte/.cpan/build/2016091221/Test-Simple-1.302052-BJ4bLr/blib/arch:/home/eserte/.cpan/build/2016091221/Test-Simple-1.302052-BJ4bLr/blib/lib
    PERL5OPT = 
    PERL5_CPANPLUS_IS_RUNNING = 48202
    PERL5_CPAN_IS_RUNNING = 48202
    PERL5_CPAN_IS_RUNNING_IN_RECURSION = 38695,48202
    PERLDOC = -MPod::Perldoc::ToTextOverstrike
    PERL_BATCH = yes
    PERL_CANARY_STABILITY_NOPROMPT = 1
    PERL_CPAN_REPORTER_CONFIG = /var/tmp/cpansmoker-1023/2016091221/cpanreporter_001_config.ini
    PERL_EXTUTILS_AUTOINSTALL = --defaultdeps
    SHELL = /usr/local/bin/zsh
    TERM = screen
    TMPDIR = /var/tmp/cpansmoker-1023/2016091221

Perl special variables (and OS-specific diagnostics, for MSWin32):

    $^X = /usr/perl5.16.3t/bin/perl
    $UID/$EUID = 1023 / 1023
    $GID = 1023 1023
    $EGID = 1023 1023

Perl module toolchain versions installed:

    Module              Have    
    ------------------- --------
    CPAN                1.9800  
    CPAN::Meta          2.150010
    Cwd                 3.62    
    ExtUtils::CBuilder  0.280224
    ExtUtils::Command   7.24    
    ExtUtils::Install   1.68    
    ExtUtils::MakeMaker 7.24    
    ExtUtils::Manifest  1.70    
    ExtUtils::ParseXS   3.30    
    File::Spec          3.62    
    JSON                2.90    
    JSON::PP            2.27300 
    Module::Build       0.4220  
    Module::Signature   0.81    
    Parse::CPAN::Meta   2.150010
    Test::Harness       3.36    
    Test::More          1.302052
    YAML                1.18    
    YAML::Syck          1.29    
    version             0.9916  


--

Summary of my perl5 (revision 5 version 16 subversion 3) configuration:
   
  Platform:
    osname=freebsd, osvers=9.2-release-p4, archname=amd64-freebsd-thread-multi
    uname='freebsd cvrsnica-freebsd-92 9.2-release-p4 freebsd 9.2-release-p4 #0: tue apr 8 18:08:22 utc 2014 root@amd64-builder.daemonology.net:usrobjusrsrcsysgeneric amd64 '
    config_args='-ds -e -Dprefix=/usr/perl5.16.3t -Dusethreads'
    hint=recommended, useposix=true, d_sigaction=define
    useithreads=define, usemultiplicity=define
    useperlio=define, d_sfio=undef, uselargefiles=define, usesocks=undef
    use64bitint=define, use64bitall=define, uselongdouble=undef
    usemymalloc=n, bincompat5005=undef
  Compiler:
    cc='cc', ccflags ='-DHAS_FPSETMASK -DHAS_FLOATINGPOINT_H -fno-strict-aliasing -pipe -fstack-protector -I/usr/local/include',
    optimize='-O',
    cppflags='-DHAS_FPSETMASK -DHAS_FLOATINGPOINT_H -fno-strict-aliasing -pipe -fstack-protector -I/usr/local/include'
    ccversion='', gccversion='4.2.1 20070831 patched [FreeBSD]', gccosandvers=''
    intsize=4, longsize=8, ptrsize=8, doublesize=8, byteorder=12345678
    d_longlong=define, longlongsize=8, d_longdbl=define, longdblsize=16
    ivtype='long', ivsize=8, nvtype='double', nvsize=8, Off_t='off_t', lseeksize=8
    alignbytes=8, prototype=define
  Linker and Libraries:
    ld='cc', ldflags ='-pthread -Wl,-E  -fstack-protector -L/usr/local/lib'
    libpth=/usr/lib /usr/local/lib
    libs=-lgdbm -lm -lcrypt
    perllibs=-lm -lcrypt
    libc=, so=so, useshrplib=false, libperl=libperl.a
    gnulibc_version=''
  Dynamic Linking:
    dlsrc=dl_dlopen.xs, dlext=so, d_dlsymun=undef, ccdlflags=' '
    cccdlflags='-DPIC -fPIC', lddlflags='-shared  -L/usr/local/lib -fstack-protector'


Characteristics of this binary (from libperl): 
  Compile-time options: HAS_TIMES MULTIPLICITY PERLIO_LAYERS
                        PERL_DONT_CREATE_GVSV PERL_IMPLICIT_CONTEXT
                        PERL_MALLOC_WRAP PERL_PRESERVE_IVUV USE_64_BIT_ALL
                        USE_64_BIT_INT USE_ITHREADS USE_LARGE_FILES
                        USE_LOCALE USE_LOCALE_COLLATE USE_LOCALE_CTYPE
                        USE_LOCALE_NUMERIC USE_PERLIO USE_PERL_ATOF
                        USE_REENTRANT_API
  Built under freebsd
  Compiled at May 16 2014 07:49:48
  %ENV:
    PERL5LIB="/home/eserte/.cpan/build/2016091221/Test-Simple-1.302052-BJ4bLr/blib/arch:/home/eserte/.cpan/build/2016091221/Test-Simple-1.302052-BJ4bLr/blib/lib"
    PERL5OPT=""
    PERL5_CPANPLUS_IS_RUNNING="48202"
    PERL5_CPAN_IS_RUNNING="48202"
    PERL5_CPAN_IS_RUNNING_IN_RECURSION="38695,48202"
    PERLDOC="-MPod::Perldoc::ToTextOverstrike"
    PERL_BATCH="yes"
    PERL_CANARY_STABILITY_NOPROMPT="1"
    PERL_CPAN_REPORTER_CONFIG="/var/tmp/cpansmoker-1023/2016091221/cpanreporter_001_config.ini"
    PERL_EXTUTILS_AUTOINSTALL="--defaultdeps"
  @INC:
    /home/eserte/.cpan/build/2016091221/Test-Simple-1.302052-BJ4bLr/blib/arch
    /home/eserte/.cpan/build/2016091221/Test-Simple-1.302052-BJ4bLr/blib/lib
    /usr/perl5.16.3t/lib/site_perl/5.16.3/amd64-freebsd-thread-multi
    /usr/perl5.16.3t/lib/site_perl/5.16.3
    /usr/perl5.16.3t/lib/5.16.3/amd64-freebsd-thread-multi
    /usr/perl5.16.3t/lib/5.16.3
    .