Report for MIME-Lite-HTML-1.24

Back
From: metabase:user:9c36dc84-a30f-11e0-a9fc-0a18abbd4f2f
Subject: FAIL MIME-Lite-HTML-1.24 v5.22.1 OpenBSD
Date: 2016-05-02T20:08:32Z

This distribution has been tested as part of the CPAN Testers
project, supporting the Perl programming language.  See
http://wiki.cpantesters.org/ for more information or email
questions to cpan-testers-discuss@perl.org


--
Dear Alain Barbet,

This is a computer-generated report for MIME-Lite-HTML-1.24
on perl 5.22.1, created by CPAN-Reporter-1.2017.

Thank you for uploading your work to CPAN.  However, there was a problem
testing your distribution.

If you think this report is invalid, please consult the CPAN Testers Wiki
for suggestions on how to avoid getting FAIL reports for missing library
or binary dependencies, unsupported operating systems, and so on:

http://wiki.cpantesters.org/wiki/CPANAuthorNotes

Sections of this report:

    * Tester comments
    * Program output
    * Prerequisites
    * Environment and other context

------------------------------
TESTER COMMENTS
------------------------------

Additional comments from tester:

this report is from an automated smoke testing program
and was not reviewed by a human for accuracy

------------------------------
PROGRAM OUTPUT
------------------------------

Output from '/usr/bin/make test':

PERL_DL_NONLAZY=1 "/home/arfreitas/perl5/perlbrew/perls/perl-5.22.0/bin/perl" "-MExtUtils::Command::MM" "-MTest::Harness" "-e" "undef *Test::Harness::Switches; test_harness(0, 'blib/lib', 'blib/arch')" t/*.t
t/01use.t ................ ok

#   Failed test '/var/tmp/mime-lite-html-tests/ref/img/fleur.eml.cid'
#   at t/20create_image_part.t line 39.
#          got: '1d0
# < MIME-Version: 1.0
# '
#     expected: ''

#   Failed test '/var/tmp/mime-lite-html-tests/ref/img/sommaire.eml.cid'
#   at t/20create_image_part.t line 39.
#          got: '1d0
# < MIME-Version: 1.0
# '
#     expected: ''

#   Failed test '/var/tmp/mime-lite-html-tests/ref/img/fleur.eml.location'
#   at t/20create_image_part.t line 39.
#          got: '1d0
# < MIME-Version: 1.0
# '
#     expected: ''

#   Failed test '/var/tmp/mime-lite-html-tests/ref/img/sommaire.eml.location'
#   at t/20create_image_part.t line 39.
#          got: '1d0
# < MIME-Version: 1.0
# '
#     expected: ''
# Looks like you failed 4 tests of 4.
t/20create_image_part.t .. 
Dubious, test returned 4 (wstat 1024, 0x400)
Failed 4/4 subtests 

#   Failed test '/var/tmp/mime-lite-html-tests/ref/index.cgi.eml.cid'
#   at t/50generic.t line 53.
#          got: '1d0
# < MIME-Version: 1.0
# 3a3
# > MIME-Version: 1.0
# 5d4
# < Subject: Mail in HTML with images
# 7a7
# > Subject: Mail in HTML with images
# 13d12
# < MIME-Version: 1.0
# 20d18
# < MIME-Version: 1.0
# 27d24
# < MIME-Version: 1.0
# 270d266
# < MIME-Version: 1.0
# 278d273
# < MIME-Version: 1.0
# 286d280
# < MIME-Version: 1.0
# 294d287
# < MIME-Version: 1.0
# 302d294
# < MIME-Version: 1.0
# '
#     expected: ''

#   Failed test '/var/tmp/mime-lite-html-tests/ref/normal.eml.cid'
#   at t/50generic.t line 53.
#          got: '1d0
# < MIME-Version: 1.0
# 3a3
# > MIME-Version: 1.0
# 4a5
# > From: MIME-Lite@alianwebserver.com
# 7d7
# < From: MIME-Lite@alianwebserver.com
# 13d12
# < MIME-Version: 1.0
# 20d18
# < MIME-Version: 1.0
# 27d24
# < MIME-Version: 1.0
# 221d217
# < MIME-Version: 1.0
# '
#     expected: ''

#   Failed test '/var/tmp/mime-lite-html-tests/ref/space_in_a_href.eml.cid'
#   at t/50generic.t line 53.
#          got: '1d0
# < MIME-Version: 1.0
# 3a3
# > MIME-Version: 1.0
# 5d4
# < Subject: Mail in HTML with images
# 6a6
# > Subject: Mail in HTML with images
# 13d12
# < MIME-Version: 1.0
# 20d18
# < MIME-Version: 1.0
# '
#     expected: ''

#   Failed test '/var/tmp/mime-lite-html-tests/ref/space_in_ccs_href.eml.cid'
#   at t/50generic.t line 53.
#          got: '1d0
# < MIME-Version: 1.0
# 3a3
# > MIME-Version: 1.0
# 5d4
# < Subject: Mail in HTML with images
# 6a6
# > Subject: Mail in HTML with images
# 13d12
# < MIME-Version: 1.0
# 20d18
# < MIME-Version: 1.0
# '
#     expected: ''

#   Failed test '/var/tmp/mime-lite-html-tests/ref/space_in_img.eml.cid'
#   at t/50generic.t line 53.
#          got: '1d0
# < MIME-Version: 1.0
# 3a3
# > MIME-Version: 1.0
# 6d5
# < To: MIME-Lite@alianwebserver.com
# 7a7
# > To: MIME-Lite@alianwebserver.com
# 13d12
# < MIME-Version: 1.0
# 20d18
# < MIME-Version: 1.0
# 27d24
# < MIME-Version: 1.0
# 224d220
# < MIME-Version: 1.0
# '
#     expected: ''

#   Failed test '/var/tmp/mime-lite-html-tests/ref/space_in_javascript.eml.cid'
#   at t/50generic.t line 53.
#          got: '1d0
# < MIME-Version: 1.0
# 3a3
# > MIME-Version: 1.0
# 6d5
# < To: MIME-Lite@alianwebserver.com
# 7a7
# > To: MIME-Lite@alianwebserver.com
# 13d12
# < MIME-Version: 1.0
# 20d18
# < MIME-Version: 1.0
# '
#     expected: ''

#   Failed test '/var/tmp/mime-lite-html-tests/ref/space_in_javascript2.eml.cid'
#   at t/50generic.t line 53.
#          got: '1d0
# < MIME-Version: 1.0
# 3a3
# > MIME-Version: 1.0
# 4a5
# > From: MIME-Lite@alianwebserver.com
# 7d7
# < From: MIME-Lite@alianwebserver.com
# 13d12
# < MIME-Version: 1.0
# 20d18
# < MIME-Version: 1.0
# '
#     expected: ''

#   Failed test '/var/tmp/mime-lite-html-tests/ref/index.cgi.eml.location'
#   at t/50generic.t line 53.
#          got: '1d0
# < MIME-Version: 1.0
# 3a3
# > MIME-Version: 1.0
# 6d5
# < To: MIME-Lite@alianwebserver.com
# 7a7
# > To: MIME-Lite@alianwebserver.com
# 13d12
# < MIME-Version: 1.0
# 20d18
# < MIME-Version: 1.0
# 27d24
# < MIME-Version: 1.0
# 269d265
# < MIME-Version: 1.0
# 277d272
# < MIME-Version: 1.0
# 285d279
# < MIME-Version: 1.0
# 293d286
# < MIME-Version: 1.0
# 301d293
# < MIME-Version: 1.0
# '
#     expected: ''

#   Failed test '/var/tmp/mime-lite-html-tests/ref/normal.eml.location'
#   at t/50generic.t line 53.
#          got: '1d0
# < MIME-Version: 1.0
# 3a3
# > MIME-Version: 1.0
# 5d4
# < Subject: Mail in HTML with images
# 6a6
# > Subject: Mail in HTML with images
# 13d12
# < MIME-Version: 1.0
# 20d18
# < MIME-Version: 1.0
# 27d24
# < MIME-Version: 1.0
# 221d217
# < MIME-Version: 1.0
# '
#     expected: ''

#   Failed test '/var/tmp/mime-lite-html-tests/ref/space_in_a_href.eml.location'
#   at t/50generic.t line 53.
#          got: '1d0
# < MIME-Version: 1.0
# 3a3
# > MIME-Version: 1.0
# 4a5
# > From: MIME-Lite@alianwebserver.com
# 7d7
# < From: MIME-Lite@alianwebserver.com
# 13d12
# < MIME-Version: 1.0
# 20d18
# < MIME-Version: 1.0
# '
#     expected: ''

#   Failed test '/var/tmp/mime-lite-html-tests/ref/space_in_ccs_href.eml.location'
#   at t/50generic.t line 53.
#          got: '1d0
# < MIME-Version: 1.0
# 3a3
# > MIME-Version: 1.0
# 5d4
# < Subject: Mail in HTML with images
# 7a7
# > Subject: Mail in HTML with images
# 13d12
# < MIME-Version: 1.0
# 20d18
# < MIME-Version: 1.0
# '
#     expected: ''

#   Failed test '/var/tmp/mime-lite-html-tests/ref/space_in_img.eml.location'
#   at t/50generic.t line 53.
#          got: '1d0
# < MIME-Version: 1.0
# 3a3
# > MIME-Version: 1.0
# 4a5
# > From: MIME-Lite@alianwebserver.com
# 7d7
# < From: MIME-Lite@alianwebserver.com
# 13d12
# < MIME-Version: 1.0
# 20d18
# < MIME-Version: 1.0
# 27d24
# < MIME-Version: 1.0
# 224d220
# < MIME-Version: 1.0
# '
#     expected: ''

#   Failed test '/var/tmp/mime-lite-html-tests/ref/space_in_javascript.eml.location'
#   at t/50generic.t line 53.
#          got: '1d0
# < MIME-Version: 1.0
# 3a3
# > MIME-Version: 1.0
# 5d4
# < Subject: Mail in HTML with images
# 7a7
# > Subject: Mail in HTML with images
# 13d12
# < MIME-Version: 1.0
# 20d18
# < MIME-Version: 1.0
# '
#     expected: ''

#   Failed test '/var/tmp/mime-lite-html-tests/ref/space_in_javascript2.eml.location'
#   at t/50generic.t line 53.
#          got: '1d0
# < MIME-Version: 1.0
# 3a3
# > MIME-Version: 1.0
# 5d4
# < Subject: Mail in HTML with images
# 7a7
# > Subject: Mail in HTML with images
# 13d12
# < MIME-Version: 1.0
# 20d18
# < MIME-Version: 1.0
# '
#     expected: ''

#   Failed test '/var/tmp/mime-lite-html-tests/ref/index.cgi.eml.extern'
#   at t/50generic.t line 53.
#          got: '1d0
# < MIME-Version: 1.0
# 3a3
# > MIME-Version: 1.0
# 4a5
# > From: MIME-Lite@alianwebserver.com
# 7d7
# < From: MIME-Lite@alianwebserver.com
# 13d12
# < MIME-Version: 1.0
# 20d18
# < MIME-Version: 1.0
# '
#     expected: ''

#   Failed test '/var/tmp/mime-lite-html-tests/ref/normal.eml.extern'
#   at t/50generic.t line 53.
#          got: '1d0
# < MIME-Version: 1.0
# 3a3
# > MIME-Version: 1.0
# 6d5
# < To: MIME-Lite@alianwebserver.com
# 7a7
# > To: MIME-Lite@alianwebserver.com
# 13d12
# < MIME-Version: 1.0
# 20d18
# < MIME-Version: 1.0
# '
#     expected: ''

#   Failed test '/var/tmp/mime-lite-html-tests/ref/space_in_a_href.eml.extern'
#   at t/50generic.t line 53.
#          got: '1d0
# < MIME-Version: 1.0
# 3a3
# > MIME-Version: 1.0
# 6d5
# < To: MIME-Lite@alianwebserver.com
# 7a7
# > To: MIME-Lite@alianwebserver.com
# 13d12
# < MIME-Version: 1.0
# 20d18
# < MIME-Version: 1.0
# '
#     expected: ''

#   Failed test '/var/tmp/mime-lite-html-tests/ref/space_in_ccs_href.eml.extern'
#   at t/50generic.t line 53.
#          got: '1d0
# < MIME-Version: 1.0
# 3a3
# > MIME-Version: 1.0
# 5d4
# < Subject: Mail in HTML with images
# 7a7
# > Subject: Mail in HTML with images
# 13d12
# < MIME-Version: 1.0
# 20d18
# < MIME-Version: 1.0
# '
#     expected: ''

#   Failed test '/var/tmp/mime-lite-html-tests/ref/space_in_img.eml.extern'
#   at t/50generic.t line 53.
#          got: '1d0
# < MIME-Version: 1.0
# 3a3
# > MIME-Version: 1.0
# 5d4
# < Subject: Mail in HTML with images
# 6a6
# > Subject: Mail in HTML with images
# 13d12
# < MIME-Version: 1.0
# 20d18
# < MIME-Version: 1.0
# '
#     expected: ''

#   Failed test '/var/tmp/mime-lite-html-tests/ref/space_in_javascript.eml.extern'
#   at t/50generic.t line 53.
#          got: '1d0
# < MIME-Version: 1.0
# 3a3
# > MIME-Version: 1.0
# 6d5
# < To: MIME-Lite@alianwebserver.com
# 7a7
# > To: MIME-Lite@alianwebserver.com
# 13d12
# < MIME-Version: 1.0
# 20d18
# < MIME-Version: 1.0
# '
#     expected: ''

#   Failed test '/var/tmp/mime-lite-html-tests/ref/space_in_javascript2.eml.extern'
#   at t/50generic.t line 53.
#          got: '1d0
# < MIME-Version: 1.0
# 3a3
# > MIME-Version: 1.0
# 6d5
# < To: MIME-Lite@alianwebserver.com
# 7a7
# > To: MIME-Lite@alianwebserver.com
# 13d12
# < MIME-Version: 1.0
# 20d18
# < MIME-Version: 1.0
# '
#     expected: ''

#   Failed test '/var/tmp/mime-lite-html-tests/ref/index.cgi.eml2.cid'
#   at t/50generic.t line 94.
#          got: '1d0
# < MIME-Version: 1.0
# 3a3
# > MIME-Version: 1.0
# 4a5
# > From: MIME-Lite@alianwebserver.com
# 7d7
# < From: MIME-Lite@alianwebserver.com
# 13d12
# < MIME-Version: 1.0
# 256d254
# < MIME-Version: 1.0
# 264d261
# < MIME-Version: 1.0
# 272d268
# < MIME-Version: 1.0
# 280d275
# < MIME-Version: 1.0
# 288d282
# < MIME-Version: 1.0
# '
#     expected: ''

#   Failed test '/var/tmp/mime-lite-html-tests/ref/normal.eml2.cid'
#   at t/50generic.t line 94.
#          got: '1d0
# < MIME-Version: 1.0
# 3a3
# > MIME-Version: 1.0
# 6d5
# < To: MIME-Lite@alianwebserver.com
# 7a7
# > To: MIME-Lite@alianwebserver.com
# 13d12
# < MIME-Version: 1.0
# 207d205
# < MIME-Version: 1.0
# '
#     expected: ''

#   Failed test '/var/tmp/mime-lite-html-tests/ref/space_in_a_href.eml2.cid'
#   at t/50generic.t line 94.
#          got: '1d0
# < MIME-Version: 1.0
# 5d3
# < Subject: Mail in HTML with images
# 6a5
# > Subject: Mail in HTML with images
# '
#     expected: ''

#   Failed test '/var/tmp/mime-lite-html-tests/ref/space_in_ccs_href.eml2.cid'
#   at t/50generic.t line 94.
#          got: '1d0
# < MIME-Version: 1.0
# 6d4
# < To: MIME-Lite@alianwebserver.com
# 7a6
# > To: MIME-Lite@alianwebserver.com
# '
#     expected: ''

#   Failed test '/var/tmp/mime-lite-html-tests/ref/space_in_img.eml2.cid'
#   at t/50generic.t line 94.
#          got: '1d0
# < MIME-Version: 1.0
# 3a3
# > MIME-Version: 1.0
# 6d5
# < To: MIME-Lite@alianwebserver.com
# 7a7
# > To: MIME-Lite@alianwebserver.com
# 13d12
# < MIME-Version: 1.0
# 210d208
# < MIME-Version: 1.0
# '
#     expected: ''

#   Failed test '/var/tmp/mime-lite-html-tests/ref/space_in_javascript.eml2.cid'
#   at t/50generic.t line 94.
#          got: '1d0
# < MIME-Version: 1.0
# 5d3
# < Subject: Mail in HTML with images
# 6a5
# > Subject: Mail in HTML with images
# '
#     expected: ''

#   Failed test '/var/tmp/mime-lite-html-tests/ref/space_in_javascript2.eml2.cid'
#   at t/50generic.t line 94.
#          got: '1d0
# < MIME-Version: 1.0
# 5d3
# < Subject: Mail in HTML with images
# 6a5
# > Subject: Mail in HTML with images
# '
#     expected: ''

#   Failed test '/var/tmp/mime-lite-html-tests/ref/index.cgi.eml2.location'
#   at t/50generic.t line 94.
#          got: '1d0
# < MIME-Version: 1.0
# 3a3
# > MIME-Version: 1.0
# 6d5
# < To: MIME-Lite@alianwebserver.com
# 7a7
# > To: MIME-Lite@alianwebserver.com
# 13d12
# < MIME-Version: 1.0
# 255d253
# < MIME-Version: 1.0
# 263d260
# < MIME-Version: 1.0
# 271d267
# < MIME-Version: 1.0
# 279d274
# < MIME-Version: 1.0
# 287d281
# < MIME-Version: 1.0
# '
#     expected: ''

#   Failed test '/var/tmp/mime-lite-html-tests/ref/normal.eml2.location'
#   at t/50generic.t line 94.
#          got: '1d0
# < MIME-Version: 1.0
# 3a3
# > MIME-Version: 1.0
# 4a5
# > From: MIME-Lite@alianwebserver.com
# 7d7
# < From: MIME-Lite@alianwebserver.com
# 13d12
# < MIME-Version: 1.0
# 207d205
# < MIME-Version: 1.0
# '
#     expected: ''

#   Failed test '/var/tmp/mime-lite-html-tests/ref/space_in_a_href.eml2.location'
#   at t/50generic.t line 94.
#          got: '1d0
# < MIME-Version: 1.0
# 5d3
# < Subject: Mail in HTML with images
# 6a5
# > Subject: Mail in HTML with images
# '
#     expected: ''

#   Failed test '/var/tmp/mime-lite-html-tests/ref/space_in_ccs_href.eml2.location'
#   at t/50generic.t line 94.
#          got: '1d0
# < MIME-Version: 1.0
# 6d4
# < To: MIME-Lite@alianwebserver.com
# 7a6
# > To: MIME-Lite@alianwebserver.com
# '
#     expected: ''

#   Failed test '/var/tmp/mime-lite-html-tests/ref/space_in_img.eml2.location'
#   at t/50generic.t line 94.
#          got: '1d0
# < MIME-Version: 1.0
# 3a3
# > MIME-Version: 1.0
# 5d4
# < Subject: Mail in HTML with images
# 6a6
# > Subject: Mail in HTML with images
# 13d12
# < MIME-Version: 1.0
# 210d208
# < MIME-Version: 1.0
# '
#     expected: ''

#   Failed test '/var/tmp/mime-lite-html-tests/ref/space_in_javascript.eml2.location'
#   at t/50generic.t line 94.
#          got: '1d0
# < MIME-Version: 1.0
# 4a4
# > From: MIME-Lite@alianwebserver.com
# 7d6
# < From: MIME-Lite@alianwebserver.com
# '
#     expected: ''

#   Failed test '/var/tmp/mime-lite-html-tests/ref/space_in_javascript2.eml2.location'
#   at t/50generic.t line 94.
#          got: '1d0
# < MIME-Version: 1.0
# 4a4
# > From: MIME-Lite@alianwebserver.com
# 7d6
# < From: MIME-Lite@alianwebserver.com
# '
#     expected: ''

#   Failed test '/var/tmp/mime-lite-html-tests/ref/index.cgi.eml2.extern'
#   at t/50generic.t line 94.
#          got: '1d0
# < MIME-Version: 1.0
# 5d3
# < Subject: Mail in HTML with images
# 6a5
# > Subject: Mail in HTML with images
# '
#     expected: ''

#   Failed test '/var/tmp/mime-lite-html-tests/ref/normal.eml2.extern'
#   at t/50generic.t line 94.
#          got: '1d0
# < MIME-Version: 1.0
# 5d3
# < Subject: Mail in HTML with images
# 6a5
# > Subject: Mail in HTML with images
# '
#     expected: ''

#   Failed test '/var/tmp/mime-lite-html-tests/ref/space_in_a_href.eml2.extern'
#   at t/50generic.t line 94.
#          got: '1d0
# < MIME-Version: 1.0
# 5d3
# < Subject: Mail in HTML with images
# 7a6
# > Subject: Mail in HTML with images
# '
#     expected: ''

#   Failed test '/var/tmp/mime-lite-html-tests/ref/space_in_ccs_href.eml2.extern'
#   at t/50generic.t line 94.
#          got: '1d0
# < MIME-Version: 1.0
# 6d4
# < To: MIME-Lite@alianwebserver.com
# 7a6
# > To: MIME-Lite@alianwebserver.com
# '
#     expected: ''

#   Failed test '/var/tmp/mime-lite-html-tests/ref/space_in_img.eml2.extern'
#   at t/50generic.t line 94.
#          got: '1d0
# < MIME-Version: 1.0
# 5d3
# < Subject: Mail in HTML with images
# 7a6
# > Subject: Mail in HTML with images
# '
#     expected: ''

#   Failed test '/var/tmp/mime-lite-html-tests/ref/space_in_javascript.eml2.extern'
#   at t/50generic.t line 94.
#          got: '1d0
# < MIME-Version: 1.0
# 5d3
# < Subject: Mail in HTML with images
# 6a5
# > Subject: Mail in HTML with images
# '
#     expected: ''

#   Failed test '/var/tmp/mime-lite-html-tests/ref/space_in_javascript2.eml2.extern'
#   at t/50generic.t line 94.
#          got: '1d0
# < MIME-Version: 1.0
# 4a4
# > From: MIME-Lite@alianwebserver.com
# 7d6
# < From: MIME-Lite@alianwebserver.com
# '
#     expected: ''

#   Failed test '/var/tmp/mime-lite-html-tests/ref/index.cgi.eml3.cid'
#   at t/50generic.t line 136.
#          got: '1d0
# < MIME-Version: 1.0
# 3a3
# > MIME-Version: 1.0
# 6d5
# < To: MIME-Lite@alianwebserver.com
# 7a7
# > To: MIME-Lite@alianwebserver.com
# 13d12
# < MIME-Version: 1.0
# 121d119
# < MIME-Version: 1.0
# 128d125
# < MIME-Version: 1.0
# 371d367
# < MIME-Version: 1.0
# 379d374
# < MIME-Version: 1.0
# 387d381
# < MIME-Version: 1.0
# 395d388
# < MIME-Version: 1.0
# 403d395
# < MIME-Version: 1.0
# '
#     expected: ''

#   Failed test '/var/tmp/mime-lite-html-tests/ref/normal.eml3.cid'
#   at t/50generic.t line 136.
#          got: '1d0
# < MIME-Version: 1.0
# 3a3
# > MIME-Version: 1.0
# 5d4
# < Subject: Mail in HTML with images
# 7a7
# > Subject: Mail in HTML with images
# 13d12
# < MIME-Version: 1.0
# 121d119
# < MIME-Version: 1.0
# 128d125
# < MIME-Version: 1.0
# 322d318
# < MIME-Version: 1.0
# '
#     expected: ''

#   Failed test '/var/tmp/mime-lite-html-tests/ref/space_in_a_href.eml3.cid'
#   at t/50generic.t line 136.
#          got: '1d0
# < MIME-Version: 1.0
# 3a3
# > MIME-Version: 1.0
# 6d5
# < To: MIME-Lite@alianwebserver.com
# 7a7
# > To: MIME-Lite@alianwebserver.com
# 13d12
# < MIME-Version: 1.0
# 121d119
# < MIME-Version: 1.0
# '
#     expected: ''

#   Failed test '/var/tmp/mime-lite-html-tests/ref/space_in_ccs_href.eml3.cid'
#   at t/50generic.t line 136.
#          got: '1d0
# < MIME-Version: 1.0
# 3a3
# > MIME-Version: 1.0
# 4a5
# > From: MIME-Lite@alianwebserver.com
# 7d7
# < From: MIME-Lite@alianwebserver.com
# 13d12
# < MIME-Version: 1.0
# 121d119
# < MIME-Version: 1.0
# '
#     expected: ''

#   Failed test '/var/tmp/mime-lite-html-tests/ref/space_in_img.eml3.cid'
#   at t/50generic.t line 136.
#          got: '1d0
# < MIME-Version: 1.0
# 3a3
# > MIME-Version: 1.0
# 5d4
# < Subject: Mail in HTML with images
# 7a7
# > Subject: Mail in HTML with images
# 13d12
# < MIME-Version: 1.0
# 121d119
# < MIME-Version: 1.0
# 128d125
# < MIME-Version: 1.0
# 325d321
# < MIME-Version: 1.0
# '
#     expected: ''

#   Failed test '/var/tmp/mime-lite-html-tests/ref/space_in_javascript.eml3.cid'
#   at t/50generic.t line 136.
#          got: '1d0
# < MIME-Version: 1.0
# 3a3
# > MIME-Version: 1.0
# 4a5
# > From: MIME-Lite@alianwebserver.com
# 7d7
# < From: MIME-Lite@alianwebserver.com
# 13d12
# < MIME-Version: 1.0
# 121d119
# < MIME-Version: 1.0
# '
#     expected: ''

#   Failed test '/var/tmp/mime-lite-html-tests/ref/space_in_javascript2.eml3.cid'
#   at t/50generic.t line 136.
#          got: '1d0
# < MIME-Version: 1.0
# 3a3
# > MIME-Version: 1.0
# 4a5
# > From: MIME-Lite@alianwebserver.com
# 7d7
# < From: MIME-Lite@alianwebserver.com
# 13d12
# < MIME-Version: 1.0
# 121d119
# < MIME-Version: 1.0
# '
#     expected: ''

#   Failed test '/var/tmp/mime-lite-html-tests/ref/index.cgi.eml3.location'
#   at t/50generic.t line 136.
#          got: '1d0
# < MIME-Version: 1.0
# 3a3
# > MIME-Version: 1.0
# 6d5
# < To: MIME-Lite@alianwebserver.com
# 7a7
# > To: MIME-Lite@alianwebserver.com
# 13d12
# < MIME-Version: 1.0
# 121d119
# < MIME-Version: 1.0
# 128d125
# < MIME-Version: 1.0
# 370d366
# < MIME-Version: 1.0
# 378d373
# < MIME-Version: 1.0
# 386d380
# < MIME-Version: 1.0
# 394d387
# < MIME-Version: 1.0
# 402d394
# < MIME-Version: 1.0
# '
#     expected: ''

#   Failed test '/var/tmp/mime-lite-html-tests/ref/normal.eml3.location'
#   at t/50generic.t line 136.
#          got: '1d0
# < MIME-Version: 1.0
# 3a3
# > MIME-Version: 1.0
# 5d4
# < Subject: Mail in HTML with images
# 6a6
# > Subject: Mail in HTML with images
# 13d12
# < MIME-Version: 1.0
# 121d119
# < MIME-Version: 1.0
# 128d125
# < MIME-Version: 1.0
# 322d318
# < MIME-Version: 1.0
# '
#     expected: ''

#   Failed test '/var/tmp/mime-lite-html-tests/ref/space_in_a_href.eml3.location'
#   at t/50generic.t line 136.
#          got: '1d0
# < MIME-Version: 1.0
# 3a3
# > MIME-Version: 1.0
# 5d4
# < Subject: Mail in HTML with images
# 6a6
# > Subject: Mail in HTML with images
# 13d12
# < MIME-Version: 1.0
# 121d119
# < MIME-Version: 1.0
# '
#     expected: ''

#   Failed test '/var/tmp/mime-lite-html-tests/ref/space_in_ccs_href.eml3.location'
#   at t/50generic.t line 136.
#          got: '1d0
# < MIME-Version: 1.0
# 3a3
# > MIME-Version: 1.0
# 5d4
# < Subject: Mail in HTML with images
# 7a7
# > Subject: Mail in HTML with images
# 13d12
# < MIME-Version: 1.0
# 121d119
# < MIME-Version: 1.0
# '
#     expected: ''

#   Failed test '/var/tmp/mime-lite-html-tests/ref/space_in_img.eml3.location'
#   at t/50generic.t line 136.
#          got: '1d0
# < MIME-Version: 1.0
# 3a3
# > MIME-Version: 1.0
# 6d5
# < To: MIME-Lite@alianwebserver.com
# 7a7
# > To: MIME-Lite@alianwebserver.com
# 13d12
# < MIME-Version: 1.0
# 121d119
# < MIME-Version: 1.0
# 128d125
# < MIME-Version: 1.0
# 325d321
# < MIME-Version: 1.0
# '
#     expected: ''

#   Failed test '/var/tmp/mime-lite-html-tests/ref/space_in_javascript.eml3.location'
#   at t/50generic.t line 136.
#          got: '1d0
# < MIME-Version: 1.0
# 3a3
# > MIME-Version: 1.0
# 4a5
# > From: MIME-Lite@alianwebserver.com
# 7d7
# < From: MIME-Lite@alianwebserver.com
# 13d12
# < MIME-Version: 1.0
# 121d119
# < MIME-Version: 1.0
# '
#     expected: ''

#   Failed test '/var/tmp/mime-lite-html-tests/ref/space_in_javascript2.eml3.location'
#   at t/50generic.t line 136.
#          got: '1d0
# < MIME-Version: 1.0
# 3a3
# > MIME-Version: 1.0
# 6d5
# < To: MIME-Lite@alianwebserver.com
# 7a7
# > To: MIME-Lite@alianwebserver.com
# 13d12
# < MIME-Version: 1.0
# 121d119
# < MIME-Version: 1.0
# '
#     expected: ''

#   Failed test '/var/tmp/mime-lite-html-tests/ref/index.cgi.eml3.extern'
#   at t/50generic.t line 136.
#          got: '1d0
# < MIME-Version: 1.0
# 3a3
# > MIME-Version: 1.0
# 4a5
# > From: MIME-Lite@alianwebserver.com
# 7d7
# < From: MIME-Lite@alianwebserver.com
# 13d12
# < MIME-Version: 1.0
# 121d119
# < MIME-Version: 1.0
# '
#     expected: ''

#   Failed test '/var/tmp/mime-lite-html-tests/ref/normal.eml3.extern'
#   at t/50generic.t line 136.
#          got: '1d0
# < MIME-Version: 1.0
# 3a3
# > MIME-Version: 1.0
# 5d4
# < Subject: Mail in HTML with images
# 7a7
# > Subject: Mail in HTML with images
# 13d12
# < MIME-Version: 1.0
# 121d119
# < MIME-Version: 1.0
# '
#     expected: ''

#   Failed test '/var/tmp/mime-lite-html-tests/ref/space_in_a_href.eml3.extern'
#   at t/50generic.t line 136.
#          got: '1d0
# < MIME-Version: 1.0
# 3a3
# > MIME-Version: 1.0
# 6d5
# < To: MIME-Lite@alianwebserver.com
# 7a7
# > To: MIME-Lite@alianwebserver.com
# 13d12
# < MIME-Version: 1.0
# 121d119
# < MIME-Version: 1.0
# '
#     expected: ''

#   Failed test '/var/tmp/mime-lite-html-tests/ref/space_in_ccs_href.eml3.extern'
#   at t/50generic.t line 136.
#          got: '1d0
# < MIME-Version: 1.0
# 3a3
# > MIME-Version: 1.0
# 5d4
# < Subject: Mail in HTML with images
# 7a7
# > Subject: Mail in HTML with images
# 13d12
# < MIME-Version: 1.0
# 121d119
# < MIME-Version: 1.0
# '
#     expected: ''

#   Failed test '/var/tmp/mime-lite-html-tests/ref/space_in_img.eml3.extern'
#   at t/50generic.t line 136.
#          got: '1d0
# < MIME-Version: 1.0
# 3a3
# > MIME-Version: 1.0
# 6d5
# < To: MIME-Lite@alianwebserver.com
# 7a7
# > To: MIME-Lite@alianwebserver.com
# 13d12
# < MIME-Version: 1.0
# 121d119
# < MIME-Version: 1.0
# '
#     expected: ''

#   Failed test '/var/tmp/mime-lite-html-tests/ref/space_in_javascript.eml3.extern'
#   at t/50generic.t line 136.
#          got: '1d0
# < MIME-Version: 1.0
# 3a3
# > MIME-Version: 1.0
# 4a5
# > From: MIME-Lite@alianwebserver.com
# 7d7
# < From: MIME-Lite@alianwebserver.com
# 13d12
# < MIME-Version: 1.0
# 121d119
# < MIME-Version: 1.0
# '
#     expected: ''

#   Failed test '/var/tmp/mime-lite-html-tests/ref/space_in_javascript2.eml3.extern'
#   at t/50generic.t line 136.
#          got: '1d0
# < MIME-Version: 1.0
# 3a3
# > MIME-Version: 1.0
# 5d4
# < Subject: Mail in HTML with images
# 7a7
# > Subject: Mail in HTML with images
# 13d12
# < MIME-Version: 1.0
# 121d119
# < MIME-Version: 1.0
# '
#     expected: ''
# Looks like you failed 63 tests of 190.
t/50generic.t ............ 
Dubious, test returned 63 (wstat 16128, 0x3f00)
Failed 63/190 subtests 

Test Summary Report
-------------------
t/20create_image_part.t (Wstat: 1024 Tests: 4 Failed: 4)
  Failed tests:  1-4
  Non-zero exit status: 4
t/50generic.t          (Wstat: 16128 Tests: 190 Failed: 63)
  Failed tests:  3, 6, 9, 12, 15, 18, 21, 24, 27, 30, 33
                36, 39, 42, 45, 48, 51, 54, 57, 60, 63
                66, 69, 72, 75, 78, 81, 84, 87, 90, 93
                96, 99, 102, 105, 108, 111, 114, 117, 120
                123, 126, 129, 132, 135, 138, 141, 144
                147, 150, 153, 156, 159, 162, 165, 168
                171, 174, 177, 180, 183, 186, 189
  Non-zero exit status: 63
Files=3, Tests=195,  5 wallclock secs ( 0.01 usr  0.44 sys +  0.46 cusr  3.65 csys =  4.56 CPU)
Result: FAIL
Failed 2/3 test programs. 67/195 subtests failed.
*** Error 63 in /tmp/cpan/build/MIME-Lite-HTML-1.24-v8uyCS (Makefile:846 'test_dynamic')

------------------------------
PREREQUISITES
------------------------------

Prerequisite modules loaded:

requires:

    Module              Need Have        
    ------------------- ---- ------------
    HTML::LinkExtor     0    3.69        
    LWP::UserAgent      0    6.15        
    MIME::Lite          1    3.030       
    Test::More          0    1.302014_009
    URI::URL            0    5.04        

build_requires:

    Module              Need Have        
    ------------------- ---- ------------
    ExtUtils::MakeMaker 0    7.15_02     


------------------------------
ENVIRONMENT AND OTHER CONTEXT
------------------------------

Environment variables:

    AUTOMATED_TESTING = 1
    NONINTERACTIVE_TESTING = 1
    PATH = /home/arfreitas/perl5/perlbrew/bin:/home/arfreitas/perl5/perlbrew/perls/perl-5.22.0/bin:/usr/bin:/bin:/usr/sbin:/sbin:/usr/X11R6/bin:/usr/local/bin:/usr/local/sbin
    PERL5LIB = 
    PERL5OPT = 
    PERL5_CPANPLUS_IS_RUNNING = 10177
    PERL5_CPAN_IS_RUNNING = 10177
    PERL5_CPAN_IS_RUNNING_IN_RECURSION = 16416,10177
    PERLBREW_BASHRC_VERSION = 0.73
    PERLBREW_HOME = /home/arfreitas/.perlbrew
    PERLBREW_MANPATH = /home/arfreitas/perl5/perlbrew/perls/perl-5.22.0/man
    PERLBREW_PATH = /home/arfreitas/perl5/perlbrew/bin:/home/arfreitas/perl5/perlbrew/perls/perl-5.22.0/bin
    PERLBREW_PERL = perl-5.22.0
    PERLBREW_ROOT = /home/arfreitas/perl5/perlbrew
    PERLBREW_VERSION = 0.73
    PERL_CR_SMOKER_CURRENT = Task-Sympa-1.01
    PERL_CR_SMOKER_RUNONCE = 1
    PERL_EXTUTILS_AUTOINSTALL = --defaultdeps
    PERL_MM_USE_DEFAULT = 1
    SHELL = /usr/local/bin/bash
    TERM = vt220

Perl special variables (and OS-specific diagnostics, for MSWin32):

    $^X = /home/arfreitas/perl5/perlbrew/perls/perl-5.22.0/bin/perl
    $UID/$EUID = 1000 / 1000
    $GID = 1000 1000 0
    $EGID = 1000 1000 0

Perl module toolchain versions installed:

    Module              Have        
    ------------------- ------------
    CPAN                2.10        
    CPAN::Meta          2.150005    
    Cwd                 3.62        
    ExtUtils::CBuilder  0.280224    
    ExtUtils::Command   7.15_02     
    ExtUtils::Install   2.04        
    ExtUtils::MakeMaker 7.15_02     
    ExtUtils::Manifest  1.70        
    ExtUtils::ParseXS   3.30        
    File::Spec          3.62        
    JSON                2.90        
    JSON::PP            2.27400     
    Module::Build       0.4218      
    Module::Signature   0.79        
    Parse::CPAN::Meta   1.4418      
    Test::Harness       3.35        
    Test::More          1.302014_009
    YAML                1.15        
    YAML::Syck          1.29        
    version             0.9916      


--

Summary of my perl5 (revision 5 version 22 subversion 1) configuration:
   
  Platform:
    osname=openbsd, osvers=5.7, archname=OpenBSD.i386-openbsd
    uname='openbsd foobar.spo.virtua.com.br 5.7 generic.mp#767 i386 '
    config_args='-de -Dprefix=/home/arfreitas/perl5/perlbrew/perls/perl-5.22.0 -Aeval:scriptdir=/home/arfreitas/perl5/perlbrew/perls/perl-5.22.0/bin'
    hint=recommended, useposix=true, d_sigaction=define
    useithreads=undef, usemultiplicity=undef
    use64bitint=undef, use64bitall=undef, uselongdouble=undef
    usemymalloc=n, bincompat5005=undef
  Compiler:
    cc='cc', ccflags ='-fno-strict-aliasing -pipe -fstack-protector-strong -I/usr/local/include -D_FORTIFY_SOURCE=2',
    optimize='-O2',
    cppflags='-fno-strict-aliasing -pipe -fstack-protector-strong -I/usr/local/include'
    ccversion='', gccversion='4.2.1 20070719 ', gccosandvers='openbsd5.7'
    intsize=4, longsize=4, ptrsize=4, doublesize=8, byteorder=1234, doublekind=3
    d_longlong=define, longlongsize=8, d_longdbl=define, longdblsize=12, longdblkind=3
    ivtype='long', ivsize=4, nvtype='double', nvsize=8, Off_t='off_t', lseeksize=8
    alignbytes=4, prototype=define
  Linker and Libraries:
    ld='cc', ldflags ='-Wl,-E  -fstack-protector-strong -L/usr/local/lib'
    libpth=/usr/lib /usr/local/lib
    libs=-lpthread -lgdbm -lm -lutil -lc
    perllibs=-lpthread -lm -lutil -lc
    libc=/usr/lib/libc.so.78.1, so=so, useshrplib=false, libperl=libperl.a
    gnulibc_version=''
  Dynamic Linking:
    dlsrc=dl_dlopen.xs, dlext=so, d_dlsymun=undef, ccdlflags=' '
    cccdlflags='-DPIC -fPIC ', lddlflags='-shared -fPIC  -L/usr/local/lib -fstack-protector-strong'


Characteristics of this binary (from libperl): 
  Compile-time options: HAS_TIMES PERLIO_LAYERS PERL_DONT_CREATE_GVSV
                        PERL_HASH_FUNC_ONE_AT_A_TIME_HARD PERL_MALLOC_WRAP
                        PERL_NEW_COPY_ON_WRITE PERL_PRESERVE_IVUV
                        USE_LARGE_FILES USE_LOCALE USE_LOCALE_COLLATE
                        USE_LOCALE_CTYPE USE_LOCALE_NUMERIC USE_LOCALE_TIME
                        USE_PERLIO USE_PERL_ATOF
  Locally applied patches:
	Devel::PatchPerl 1.38
  Built under openbsd
  Compiled at Mar 11 2016 11:37:59
  %ENV:
    PERL5LIB=""
    PERL5OPT=""
    PERL5_CPANPLUS_IS_RUNNING="10177"
    PERL5_CPAN_IS_RUNNING="10177"
    PERL5_CPAN_IS_RUNNING_IN_RECURSION="16416,10177"
    PERLBREW_BASHRC_VERSION="0.73"
    PERLBREW_HOME="/home/arfreitas/.perlbrew"
    PERLBREW_MANPATH="/home/arfreitas/perl5/perlbrew/perls/perl-5.22.0/man"
    PERLBREW_PATH="/home/arfreitas/perl5/perlbrew/bin:/home/arfreitas/perl5/perlbrew/perls/perl-5.22.0/bin"
    PERLBREW_PERL="perl-5.22.0"
    PERLBREW_ROOT="/home/arfreitas/perl5/perlbrew"
    PERLBREW_VERSION="0.73"
    PERL_CR_SMOKER_CURRENT="Task-Sympa-1.01"
    PERL_CR_SMOKER_RUNONCE="1"
    PERL_EXTUTILS_AUTOINSTALL="--defaultdeps"
    PERL_MM_USE_DEFAULT="1"
  @INC:
    /home/arfreitas/perl5/perlbrew/perls/perl-5.22.0/lib/site_perl/5.22.1/OpenBSD.i386-openbsd
    /home/arfreitas/perl5/perlbrew/perls/perl-5.22.0/lib/site_perl/5.22.1
    /home/arfreitas/perl5/perlbrew/perls/perl-5.22.0/lib/5.22.1/OpenBSD.i386-openbsd
    /home/arfreitas/perl5/perlbrew/perls/perl-5.22.0/lib/5.22.1
    /home/arfreitas/perl5/perlbrew/perls/perl-5.22.0/lib/site_perl/5.22.0/OpenBSD.i386-openbsd
    /home/arfreitas/perl5/perlbrew/perls/perl-5.22.0/lib/site_perl/5.22.0
    /home/arfreitas/perl5/perlbrew/perls/perl-5.22.0/lib/site_perl
    .