Image-Scale v0.14 Perl 5 v5.18.4 x86_64-linux-thread-multi

Status
Fail
From
Andreas J. König (ANDK)
Dist
Image-Scale v0.14
Platform
Perl 5 v5.18.4 x86_64-linux-thread-multi
Date
2025-05-09 15:16:57
ID
a5c88fe6-2ce8-11f0-bf77-cde0aa7367e2
This distribution has been tested as part of the CPAN Testers
project, supporting the Perl programming language.  See
http://wiki.cpantesters.org/ for more information or email
questions to cpan-testers-discuss@perl.org


--
Dear Andy Grundman,

This is a computer-generated report for Image-Scale-0.14
on perl 5.18.4, created by CPAN-Reporter-1.2019.

Thank you for uploading your work to CPAN.  However, there was a problem
testing your distribution.

If you think this report is invalid, please consult the CPAN Testers Wiki
for suggestions on how to avoid getting FAIL reports for missing library
or binary dependencies, unsupported operating systems, and so on:

http://wiki.cpantesters.org/wiki/CPANAuthorNotes

Sections of this report:

    * Tester comments
    * Program output
    * Prerequisites
    * Environment and other context

------------------------------
TESTER COMMENTS
------------------------------

Additional comments from tester:

this report is from an automated smoke testing program
and was not reviewed by a human for accuracy

------------------------------
PROGRAM OUTPUT
------------------------------

Output from '/usr/bin/make test':

"/home/sand/src/perl/repoperls/installed-perls/host/k93msid/v5.18.4/29fb/bin/perl" -MExtUtils::Command::MM -e 'cp_nonempty' -- Scale.bs blib/arch/auto/Image/Scale/Scale.bs 644
PERL_DL_NONLAZY=1 "/home/sand/src/perl/repoperls/installed-perls/host/k93msid/v5.18.4/29fb/bin/perl" "-MExtUtils::Command::MM" "-MTest::Harness" "-e" "undef *Test::Harness::Switches; test_harness(0, 'blib/lib', 'blib/arch')" t/*.t

#   Failed test 'use Image::Scale;'
#   at t/01use.t line 3.
#     Tried to use 'Image::Scale'.
#     Error:  Can't load '/tmp/loop_over_bdir-1665817-nm4Gso/Image-Scale-0.14-0/blib/arch/auto/Image/Scale/Scale.so' for module Image::Scale: /tmp/loop_over_bdir-1665817-nm4Gso/Image-Scale-0.14-0/blib/arch/auto/Image/Scale/Scale.so: undefined symbol: image_get_rotated_coords at /home/sand/src/perl/repoperls/installed-perls/host/k93msid/v5.18.4/29fb/lib/5.18.4/x86_64-linux-thread-multi/DynaLoader.pm line 190.
#  at t/01use.t line 3.
# Compilation failed in require at t/01use.t line 3.
# BEGIN failed--compilation aborted at t/01use.t line 3.
# Looks like you failed 1 test of 1.
t/01use.t .......... 
Dubious, test returned 1 (wstat 256, 0x100)
Failed 1/1 subtests 
t/02pod.t .......... skipped: set TEST_POD to enable this test
t/03podcoverage.t .. skipped: set TEST_POD to enable this test
t/04critic.t ....... skipped: Critic test only for developers.
Can't load '/tmp/loop_over_bdir-1665817-nm4Gso/Image-Scale-0.14-0/blib/arch/auto/Image/Scale/Scale.so' for module Image::Scale: /tmp/loop_over_bdir-1665817-nm4Gso/Image-Scale-0.14-0/blib/arch/auto/Image/Scale/Scale.so: undefined symbol: image_get_rotated_coords at /home/sand/src/perl/repoperls/installed-perls/host/k93msid/v5.18.4/29fb/lib/5.18.4/x86_64-linux-thread-multi/DynaLoader.pm line 190.
 at t/bmp.t line 9.
Compilation failed in require at t/bmp.t line 9.
BEGIN failed--compilation aborted at t/bmp.t line 9.
# Looks like your test exited with 2 before it could output anything.
t/bmp.t ............ 
Dubious, test returned 2 (wstat 512, 0x200)
Failed 30/30 subtests 
Can't load '/tmp/loop_over_bdir-1665817-nm4Gso/Image-Scale-0.14-0/blib/arch/auto/Image/Scale/Scale.so' for module Image::Scale: /tmp/loop_over_bdir-1665817-nm4Gso/Image-Scale-0.14-0/blib/arch/auto/Image/Scale/Scale.so: undefined symbol: image_get_rotated_coords at /home/sand/src/perl/repoperls/installed-perls/host/k93msid/v5.18.4/29fb/lib/5.18.4/x86_64-linux-thread-multi/DynaLoader.pm line 190.
 at t/gif.t line 9.
Compilation failed in require at t/gif.t line 9.
BEGIN failed--compilation aborted at t/gif.t line 9.
t/gif.t ............ 
Dubious, test returned 2 (wstat 512, 0x200)
No subtests run 
Can't load '/tmp/loop_over_bdir-1665817-nm4Gso/Image-Scale-0.14-0/blib/arch/auto/Image/Scale/Scale.so' for module Image::Scale: /tmp/loop_over_bdir-1665817-nm4Gso/Image-Scale-0.14-0/blib/arch/auto/Image/Scale/Scale.so: undefined symbol: image_get_rotated_coords at /home/sand/src/perl/repoperls/installed-perls/host/k93msid/v5.18.4/29fb/lib/5.18.4/x86_64-linux-thread-multi/DynaLoader.pm line 190.
 at t/jpeg.t line 9.
Compilation failed in require at t/jpeg.t line 9.
BEGIN failed--compilation aborted at t/jpeg.t line 9.
t/jpeg.t ........... 
Dubious, test returned 2 (wstat 512, 0x200)
No subtests run 
Can't load '/tmp/loop_over_bdir-1665817-nm4Gso/Image-Scale-0.14-0/blib/arch/auto/Image/Scale/Scale.so' for module Image::Scale: /tmp/loop_over_bdir-1665817-nm4Gso/Image-Scale-0.14-0/blib/arch/auto/Image/Scale/Scale.so: undefined symbol: image_get_rotated_coords at /home/sand/src/perl/repoperls/installed-perls/host/k93msid/v5.18.4/29fb/lib/5.18.4/x86_64-linux-thread-multi/DynaLoader.pm line 190.
 at t/png.t line 9.
Compilation failed in require at t/png.t line 9.
BEGIN failed--compilation aborted at t/png.t line 9.
t/png.t ............ 
Dubious, test returned 2 (wstat 512, 0x200)
No subtests run 
Can't load '/tmp/loop_over_bdir-1665817-nm4Gso/Image-Scale-0.14-0/blib/arch/auto/Image/Scale/Scale.so' for module Image::Scale: /tmp/loop_over_bdir-1665817-nm4Gso/Image-Scale-0.14-0/blib/arch/auto/Image/Scale/Scale.so: undefined symbol: image_get_rotated_coords at /home/sand/src/perl/repoperls/installed-perls/host/k93msid/v5.18.4/29fb/lib/5.18.4/x86_64-linux-thread-multi/DynaLoader.pm line 190.
 at t/stringify.t line 8.
Compilation failed in require at t/stringify.t line 8.
BEGIN failed--compilation aborted at t/stringify.t line 8.
t/stringify.t ...... 
Dubious, test returned 2 (wstat 512, 0x200)
No subtests run 

Test Summary Report
-------------------
t/01use.t        (Wstat: 256 (exited 1) Tests: 1 Failed: 1)
  Failed test:  1
  Non-zero exit status: 1
t/bmp.t          (Wstat: 512 (exited 2) Tests: 0 Failed: 0)
  Non-zero exit status: 2
  Parse errors: Bad plan.  You planned 30 tests but ran 0.
t/gif.t          (Wstat: 512 (exited 2) Tests: 0 Failed: 0)
  Non-zero exit status: 2
  Parse errors: No plan found in TAP output
t/jpeg.t         (Wstat: 512 (exited 2) Tests: 0 Failed: 0)
  Non-zero exit status: 2
  Parse errors: No plan found in TAP output
t/png.t          (Wstat: 512 (exited 2) Tests: 0 Failed: 0)
  Non-zero exit status: 2
  Parse errors: No plan found in TAP output
t/stringify.t    (Wstat: 512 (exited 2) Tests: 0 Failed: 0)
  Non-zero exit status: 2
  Parse errors: No plan found in TAP output
Files=9, Tests=1,  3 wallclock secs ( 0.04 usr  0.02 sys +  0.66 cusr  0.18 csys =  0.90 CPU)
Result: FAIL
Failed 6/9 test programs. 1/1 subtests failed.
make: *** [Makefile:1037: test_dynamic] Error 2

------------------------------
PREREQUISITES
------------------------------

Prerequisite modules loaded:

requires:

    Module              Need  Have    
    ------------------- ----- --------
    perl                5.008 5.018004
    Test::NoWarnings    0     1.06    

build_requires:

    Module              Need  Have    
    ------------------- ----- --------
    ExtUtils::MakeMaker 0     7.70    

configure_requires:

    Module              Need  Have    
    ------------------- ----- --------
    ExtUtils::MakeMaker 0     7.70    


------------------------------
ENVIRONMENT AND OTHER CONTEXT
------------------------------

Environment variables:

    AUTOMATED_TESTING = 1
    LANG = en_US.UTF-8
    LANGUAGE = en_US:en
    PATH = /home/sand/bin:/usr/local/bin:/usr/bin:/bin:/usr/games:/usr/local/perl/bin:/usr/X11/bin:/sbin:/usr/sbin
    PERL5LIB = 
    PERL5OPT = 
    PERL5_CPANPLUS_IS_RUNNING = 2769779
    PERL5_CPAN_IS_RUNNING = 2769779
    PERL_CANARY_STABILITY_NOPROMPT = 1
    PERL_MM_USE_DEFAULT = 1
    PERL_USE_UNSAFE_INC = 1
    SHELL = /usr/bin/zsh
    TERM = screen

Perl special variables (and OS-specific diagnostics, for MSWin32):

    $^X = /home/sand/src/perl/repoperls/installed-perls/host/k93msid/v5.18.4/29fb/bin/perl
    $UID/$EUID = 1005 / 1005
    $GID = 1005 1005
    $EGID = 1005 1005

Perl module toolchain versions installed:

    Module              Have    
    ------------------- --------
    CPAN                2.36    
    CPAN::Meta          2.150010
    Cwd                 3.75    
    ExtUtils::CBuilder  0.280236
    ExtUtils::Command   7.70    
    ExtUtils::Install   2.06    
    ExtUtils::MakeMaker 7.70    
    ExtUtils::Manifest  1.70    
    ExtUtils::ParseXS   3.51    
    File::Spec          3.75    
    JSON                4.10    
    JSON::PP            4.16    
    Module::Build       0.4234  
    Module::Signature   0.89    
    Parse::CPAN::Meta   2.150010
    Test2               1.302207
    Test::Harness       3.51_01 
    Test::More          1.302207
    YAML                1.30    
    YAML::Syck          1.34    
    version             0.9930  


--

Summary of my perl5 (revision 5 version 18 subversion 4) configuration:
  Derived from: 51202371ba68f3f52f13124a3ea1bc3c171e0ee2
  Platform:
    osname=linux, osvers=6.5.0-5-amd64, archname=x86_64-linux-thread-multi
    uname='linux k93msid 6.5.0-5-amd64 #1 smp preempt_dynamic debian 6.5.13-1 (2023-11-29) x86_64 gnulinux '
    config_args='-Dprefix=/home/sand/src/perl/repoperls/installed-perls/host/k93msid/v5.18.4/29fb -Dmyhostname=k93msid -Dinstallusrbinperl=n -Uversiononly -Dusedevel -des -Ui_db -Dlibswanted=cl pthread socket inet nsl gdbm dbm malloc dl ld sun m crypt sec util c cposix posix ucb BSD gdbm_compat -Duseithreads -Uuselongdouble -DEBUGGING=both'
    hint=recommended, useposix=true, d_sigaction=define
    useithreads=define, usemultiplicity=define
    useperlio=define, d_sfio=undef, uselargefiles=define, usesocks=undef
    use64bitint=define, use64bitall=define, uselongdouble=undef
    usemymalloc=n, bincompat5005=undef
  Compiler:
    cc='cc', ccflags ='-D_REENTRANT -D_GNU_SOURCE -fwrapv -DDEBUGGING -fno-strict-aliasing -pipe -fstack-protector -I/usr/local/include -D_LARGEFILE_SOURCE -D_FILE_OFFSET_BITS=64',
    optimize='-O2 -g',
    cppflags='-D_REENTRANT -D_GNU_SOURCE -fwrapv -DDEBUGGING -fno-strict-aliasing -pipe -fstack-protector -I/usr/local/include'
    ccversion='', gccversion='13.2.0', gccosandvers=''
    intsize=4, longsize=8, ptrsize=8, doublesize=8, byteorder=12345678
    d_longlong=define, longlongsize=8, d_longdbl=define, longdblsize=16
    ivtype='long', ivsize=8, nvtype='double', nvsize=8, Off_t='off_t', lseeksize=8
    alignbytes=8, prototype=define
  Linker and Libraries:
    ld='cc', ldflags =' -fstack-protector -L/usr/local/lib'
    libpth=/usr/local/lib /lib/x86_64-linux-gnu /lib/../lib /usr/lib/x86_64-linux-gnu /usr/lib/../lib /lib /usr/lib /lib64 /usr/lib64
    libs=-lpthread -lnsl -ldl -lm -lcrypt -lutil -lc
    perllibs=-lpthread -lnsl -ldl -lm -lcrypt -lutil -lc
    libc=/lib/x86_64-linux-gnu/libc.so.6, so=so, useshrplib=false, libperl=libperl.a
    gnulibc_version='2.37'
  Dynamic Linking:
    dlsrc=dl_dlopen.xs, dlext=so, d_dlsymun=undef, ccdlflags='-Wl,-E'
    cccdlflags='-fPIC', lddlflags='-shared -O2 -g -L/usr/local/lib -fstack-protector'


Characteristics of this binary (from libperl): 
  Compile-time options: DEBUGGING HAS_TIMES MULTIPLICITY PERLIO_LAYERS
                        PERL_DONT_CREATE_GVSV
                        PERL_HASH_FUNC_ONE_AT_A_TIME_HARD
                        PERL_IMPLICIT_CONTEXT PERL_MALLOC_WRAP
                        PERL_PRESERVE_IVUV PERL_SAWAMPERSAND
                        PERL_TRACK_MEMPOOL PERL_USE_DEVEL USE_64_BIT_ALL
                        USE_64_BIT_INT USE_ITHREADS USE_LARGE_FILES
                        USE_LOCALE USE_LOCALE_COLLATE USE_LOCALE_CTYPE
                        USE_LOCALE_NUMERIC USE_PERLIO USE_PERL_ATOF
                        USE_REENTRANT_API
  Locally applied patches:
	uncommitted-changes
  Built under linux
  Compiled at Dec 16 2023 15:54:30
  %ENV:
    PERL5LIB=""
    PERL5OPT=""
    PERL5_CPANPLUS_IS_RUNNING="2769779"
    PERL5_CPAN_IS_RUNNING="2769779"
    PERL_CANARY_STABILITY_NOPROMPT="1"
    PERL_MM_USE_DEFAULT="1"
    PERL_USE_UNSAFE_INC="1"
  @INC:
    /home/sand/src/perl/repoperls/installed-perls/host/k93msid/v5.18.4/29fb/lib/site_perl/5.18.4/x86_64-linux-thread-multi
    /home/sand/src/perl/repoperls/installed-perls/host/k93msid/v5.18.4/29fb/lib/site_perl/5.18.4
    /home/sand/src/perl/repoperls/installed-perls/host/k93msid/v5.18.4/29fb/lib/5.18.4/x86_64-linux-thread-multi
    /home/sand/src/perl/repoperls/installed-perls/host/k93msid/v5.18.4/29fb/lib/5.18.4
    .