Back
From: metabase:user:9820532a-708b-1014-9a05-b18a96298da1
Subject: FAIL SMS-Send-US-TMobile-v0.0.3 v5.15.8 GNU/Linux
Date: 2012-03-03T16:19:27Z
This distribution has been tested as part of the CPAN Testers
project, supporting the Perl programming language. See
http://wiki.cpantesters.org/ for more information or email
questions to cpan-testers-discuss@perl.org
--
Dear Daniel Muey,
This is a computer-generated report for SMS-Send-US-TMobile-v0.0.3
on perl 5.15.8, created by CPAN-Reporter-1.2005.
Thank you for uploading your work to CPAN. However, there was a problem
testing your distribution.
If you think this report is invalid, please consult the CPAN Testers Wiki
for suggestions on how to avoid getting FAIL reports for missing library
or binary dependencies, unsupported operating systems, and so on:
http://wiki.cpantesters.org/wiki/CPANAuthorNotes
Sections of this report:
* Tester comments
* Program output
* Prerequisites
* Environment and other context
------------------------------
TESTER COMMENTS
------------------------------
Additional comments from tester:
this report is from an automated smoke testing program
and was not reviewed by a human for accuracy
------------------------------
PROGRAM OUTPUT
------------------------------
Output from './Build test':
# Testing SMS::Send::US::TMobile 0.0.3
t/00.load.t ....... ok
defined(@array) is deprecated at /home/bri/perl5/perlbrew/perls/perl-5.15.8/lib/site_perl/5.15.8/i686-linux/PPI/XS.pm line 45.
(Maybe you should just omit the defined()?)
# Failed test 'Test::Perl::Critic for "blib/lib/SMS/Send/US/TMobile.pm"'
# at /home/bri/perl5/perlbrew/perls/perl-5.15.8/lib/site_perl/5.15.8/Test/Perl/Critic.pm line 110.
#
# Perl::Critic found these violations in "blib/lib/SMS/Send/US/TMobile.pm":
# Variable, subroutine, and package names have to be in CamelCase at line 18, column 1. (no explanation). (Severity: 5)
# Variable, subroutine, and package names have to be in CamelCase at line 19, column 6. (no explanation). (Severity: 5)
# Variable, subroutine, and package names have to be in CamelCase at line 19, column 13. (no explanation). (Severity: 5)
# Variable, subroutine, and package names have to be in CamelCase at line 20, column 8. (no explanation). (Severity: 5)
# Variable, subroutine, and package names have to be in CamelCase at line 22, column 5. (no explanation). (Severity: 5)
# Variable, subroutine, and package names have to be in CamelCase at line 28, column 26. (no explanation). (Severity: 5)
# Variable, subroutine, and package names have to be in CamelCase at line 29, column 26. (no explanation). (Severity: 5)
# Variable, subroutine, and package names have to be in CamelCase at line 30, column 26. (no explanation). (Severity: 5)
# Variable, subroutine, and package names have to be in CamelCase at line 36, column 2. (no explanation). (Severity: 5)
# Variable, subroutine, and package names have to be in CamelCase at line 39, column 41. (no explanation). (Severity: 5)
# Variable, subroutine, and package names have to be in CamelCase at line 40, column 50. (no explanation). (Severity: 5)
# Variable, subroutine, and package names have to be in CamelCase at line 42, column 17. (no explanation). (Severity: 5)
# Variable, subroutine, and package names have to be in CamelCase at line 42, column 48. (no explanation). (Severity: 5)
# Variable, subroutine, and package names have to be in CamelCase at line 45, column 8. (no explanation). (Severity: 5)
# Variable, subroutine, and package names have to be in CamelCase at line 45, column 55. (no explanation). (Severity: 5)
# Variable, subroutine, and package names have to be in CamelCase at line 45, column 78. (no explanation). (Severity: 5)
# Variable, subroutine, and package names have to be in CamelCase at line 54, column 9. (no explanation). (Severity: 5)
# Variable, subroutine, and package names have to be in CamelCase at line 54, column 19. (no explanation). (Severity: 5)
# Variable, subroutine, and package names have to be in CamelCase at line 54, column 30. (no explanation). (Severity: 5)
# Variable, subroutine, and package names have to be in CamelCase at line 59, column 32. (no explanation). (Severity: 5)
# Variable, subroutine, and package names have to be in CamelCase at line 62, column 10. (no explanation). (Severity: 5)
# Variable, subroutine, and package names have to be in CamelCase at line 63, column 21. (no explanation). (Severity: 5)
# Variable, subroutine, and package names have to be in CamelCase at line 66, column 21. (no explanation). (Severity: 5)
# Variable, subroutine, and package names have to be in CamelCase at line 68, column 20. (no explanation). (Severity: 5)
# Variable, subroutine, and package names have to be in CamelCase at line 69, column 20. (no explanation). (Severity: 5)
# Variable, subroutine, and package names have to be in CamelCase at line 71, column 20. (no explanation). (Severity: 5)
# Variable, subroutine, and package names have to be in CamelCase at line 78, column 21. (no explanation). (Severity: 5)
# Variable, subroutine, and package names have to be in CamelCase at line 80, column 20. (no explanation). (Severity: 5)
# Variable, subroutine, and package names have to be in CamelCase at line 81, column 20. (no explanation). (Severity: 5)
# Variable, subroutine, and package names have to be in CamelCase at line 83, column 20. (no explanation). (Severity: 5)
# Looks like you failed 1 test of 1.
t/perlcritic.t ....
Dubious, test returned 1 (wstat 256, 0x100)
Failed 1/1 subtests
t/pod-coverage.t .. ok
t/pod.t ........... ok
Test Summary Report
-------------------
t/perlcritic.t (Wstat: 256 Tests: 1 Failed: 1)
Failed test: 1
Non-zero exit status: 1
Files=4, Tests=4, 1 wallclock secs ( 0.04 usr 0.01 sys + 1.61 cusr 0.06 csys = 1.72 CPU)
Result: FAIL
Failed 1/4 test programs. 1/4 subtests failed.
------------------------------
PREREQUISITES
------------------------------
Prerequisite modules loaded:
requires:
Module Need Have
----------------- ---- ----
Net::SSLeay 0 1.45
SMS::Send::Driver 0 0.06
Test::More 0 0.98
URI::Escape 0 3.31
version 0 0.96
------------------------------
ENVIRONMENT AND OTHER CONTEXT
------------------------------
Environment variables:
AUTOMATED_TESTING = 1
LANG = C
LANGUAGE = en_GB:en
LC_ALL = C
MANPATH_WITHOUT_PERLBREW =
PATH = /home/bri/bin:/home/bri/perl5/perlbrew/bin:/home/bri/perl5/perlbrew/perls/perl-5.15.8/bin:~/bin:/usr/local/sbin:/usr/local/bin:/usr/sbin:/usr/bin:/sbin:/bin:/usr/games
PATH_WITHOUT_PERLBREW = ~/bin:/usr/local/sbin:/usr/local/bin:/usr/sbin:/usr/bin:/sbin:/bin:/usr/games
PERL5LIB =
PERL5OPT =
PERL5_CPANPLUS_IS_RUNNING = 8692
PERL5_CPAN_IS_RUNNING = 8692
PERL5_CPAN_IS_RUNNING_IN_RECURSION = 1901,8692
PERLBREW_BASHRC_VERSION = 0.41
PERLBREW_HOME = /home/bri/.perlbrew
PERLBREW_MANPATH = /home/bri/perl5/perlbrew/perls/perl-5.15.8/man
PERLBREW_PATH = /home/bri/perl5/perlbrew/bin:/home/bri/perl5/perlbrew/perls/perl-5.15.8/bin
PERLBREW_PERL = perl-5.15.8
PERLBREW_ROOT = /home/bri/perl5/perlbrew
PERLBREW_VERSION = 0.41
PERL_CPANM_OPT = --prompt --mirror http://172.16.1.3/cpan/
PERL_CR_SMOKER_CURRENT = SMS-Send-US-TMobile-v0.0.3
PERL_EXTUTILS_AUTOINSTALL = --defaultdeps
PERL_MM_USE_DEFAULT = 1
SHELL = /bin/bash
TERM = linux
Perl special variables (and OS-specific diagnostics, for MSWin32):
$^X = /home/bri/perl5/perlbrew/perls/perl-5.15.8/bin/perl5.15.8
$UID/$EUID = 1000 / 1000
$GID = 1000 4 20 24 46 112 120 122 1000
$EGID = 1000 4 20 24 46 112 120 122 1000
Perl module toolchain versions installed:
Module Have
------------------- --------
CPAN 1.9800
CPAN::Meta 2.120620
Cwd 3.33
ExtUtils::CBuilder 0.280205
ExtUtils::Command 1.17
ExtUtils::Install 1.52
ExtUtils::MakeMaker 6.62
ExtUtils::Manifest 1.60
ExtUtils::ParseXS 3.15
File::Spec 3.33
JSON 2.53
JSON::PP 2.27200
Module::Build 0.40
Module::Signature n/a
Parse::CPAN::Meta 1.4402
Test::Harness 3.23
Test::More 0.98
YAML 0.80
YAML::Syck 1.20
version 0.96
--
Summary of my perl5 (revision 5 version 15 subversion 8) configuration:
Platform:
osname=linux, osvers=2.6.38-11-generic, archname=i686-linux
uname='linux lappy 2.6.38-11-generic #48-ubuntu smp fri jul 29 19:05:14 utc 2011 i686 i686 i386 gnulinux '
config_args='-de -Dprefix=/home/bri/perl5/perlbrew/perls/perl-5.15.8 -Dusedevel'
hint=recommended, useposix=true, d_sigaction=define
useithreads=undef, usemultiplicity=undef
useperlio=define, d_sfio=undef, uselargefiles=define, usesocks=undef
use64bitint=undef, use64bitall=undef, uselongdouble=undef
usemymalloc=n, bincompat5005=undef
Compiler:
cc='cc', ccflags ='-fno-strict-aliasing -pipe -fstack-protector -I/usr/local/include -D_LARGEFILE_SOURCE -D_FILE_OFFSET_BITS=64',
optimize='-O2',
cppflags='-fno-strict-aliasing -pipe -fstack-protector -I/usr/local/include'
ccversion='', gccversion='4.5.2', gccosandvers=''
intsize=4, longsize=4, ptrsize=4, doublesize=8, byteorder=1234
d_longlong=define, longlongsize=8, d_longdbl=define, longdblsize=12
ivtype='long', ivsize=4, nvtype='double', nvsize=8, Off_t='off_t', lseeksize=8
alignbytes=4, prototype=define
Linker and Libraries:
ld='cc', ldflags =' -fstack-protector -L/usr/local/lib'
libpth=/usr/local/lib /lib /usr/lib /usr/lib/i386-linux-gnu /usr/lib64
libs=-lnsl -ldl -lm -lcrypt -lutil -lc
perllibs=-lnsl -ldl -lm -lcrypt -lutil -lc
libc=, so=so, useshrplib=false, libperl=libperl.a
gnulibc_version='2.13'
Dynamic Linking:
dlsrc=dl_dlopen.xs, dlext=so, d_dlsymun=undef, ccdlflags='-Wl,-E'
cccdlflags='-fPIC', lddlflags='-shared -O2 -L/usr/local/lib -fstack-protector'
Characteristics of this binary (from libperl):
Compile-time options: HAS_TIMES PERLIO_LAYERS PERL_DONT_CREATE_GVSV
PERL_MALLOC_WRAP PERL_PRESERVE_IVUV PERL_USE_DEVEL
USE_LARGE_FILES USE_LOCALE USE_LOCALE_COLLATE
USE_LOCALE_CTYPE USE_LOCALE_NUMERIC USE_PERLIO
USE_PERL_ATOF
Built under linux
Compiled at Feb 20 2012 23:13:49
%ENV:
PERL5LIB=""
PERL5OPT=""
PERL5_CPANPLUS_IS_RUNNING="8692"
PERL5_CPAN_IS_RUNNING="8692"
PERL5_CPAN_IS_RUNNING_IN_RECURSION="1901,8692"
PERLBREW_BASHRC_VERSION="0.41"
PERLBREW_HOME="/home/bri/.perlbrew"
PERLBREW_MANPATH="/home/bri/perl5/perlbrew/perls/perl-5.15.8/man"
PERLBREW_PATH="/home/bri/perl5/perlbrew/bin:/home/bri/perl5/perlbrew/perls/perl-5.15.8/bin"
PERLBREW_PERL="perl-5.15.8"
PERLBREW_ROOT="/home/bri/perl5/perlbrew"
PERLBREW_VERSION="0.41"
PERL_CPANM_OPT="--prompt --mirror http://172.16.1.3/cpan/"
PERL_CR_SMOKER_CURRENT="SMS-Send-US-TMobile-v0.0.3"
PERL_EXTUTILS_AUTOINSTALL="--defaultdeps"
PERL_MM_USE_DEFAULT="1"
@INC:
/home/bri/perl5/perlbrew/perls/perl-5.15.8/lib/site_perl/5.15.8/i686-linux
/home/bri/perl5/perlbrew/perls/perl-5.15.8/lib/site_perl/5.15.8
/home/bri/perl5/perlbrew/perls/perl-5.15.8/lib/5.15.8/i686-linux
/home/bri/perl5/perlbrew/perls/perl-5.15.8/lib/5.15.8
.