Report for Net-RabbitMQ-Java-2.030102

Back
From: metabase:user:314402c4-2aae-11df-837a-5e0a49663a4f
Subject: FAIL Net-RabbitMQ-Java-2.030102 v5.26.0 RC1 GNU/Linux
Date: 2017-05-15T07:53:57Z

This distribution has been tested as part of the CPAN Testers
project, supporting the Perl programming language.  See
http://wiki.cpantesters.org/ for more information or email
questions to cpan-testers-discuss@perl.org


--
Dear Alessandro Ranellucci,

This is a computer-generated report for Net-RabbitMQ-Java-2.030102
on perl 5.26.0, created by CPAN-Reporter-1.2018.

Thank you for uploading your work to CPAN.  However, there was a problem
testing your distribution.

If you think this report is invalid, please consult the CPAN Testers Wiki
for suggestions on how to avoid getting FAIL reports for missing library
or binary dependencies, unsupported operating systems, and so on:

http://wiki.cpantesters.org/wiki/CPANAuthorNotes

Sections of this report:

    * Tester comments
    * Program output
    * Prerequisites
    * Environment and other context

------------------------------
TESTER COMMENTS
------------------------------

Additional comments from tester:

none provided

------------------------------
PROGRAM OUTPUT
------------------------------

Output from '/usr/bin/make test':

Skip blib/lib/auto/share/dist/Net-RabbitMQ-Java/java/Helper.java (unchanged)
Skip blib/lib/auto/share/dist/Net-RabbitMQ-Java/java/commons-io-1.2.jar (unchanged)
Skip blib/lib/auto/share/dist/Net-RabbitMQ-Java/java/rabbitmq-client.jar (unchanged)
PERL_DL_NONLAZY=1 "/bbbike/perl-5.26.0-RC1/bin/perl" "-MExtUtils::Command::MM" "-MTest::Harness" "-e" "undef *Test::Harness::Switches; test_harness(0, 'blib/lib', 'blib/arch')" t/*.t
t/01-use.t .............. ok
t/02-pod.t .............. ok

#   Failed test at t/10-init.t line 7.
# 
# A problem was encountered while attempting to compile and install your Inline
# Java code. The command that failed was:
#   "/usr/lib/jvm/java-7-openjdk-amd64/bin/javac" -deprecation  -d "/home/cpansand/.Inline/lib/auto/Net/RabbitMQ/Java_1c36" Callback.java > cmd.out 2>&1
# 
# The build directory was:
# /home/cpansand/.Inline/build/Net/RabbitMQ/Java_1c36
# 
# The error message was:
# Error occurred during initialization of VM
# Could not reserve enough space for object heap
# Error: Could not create the Java Virtual Machine.
# Error: A fatal exception has occurred. Program will exit.
# 
# 
# To debug the problem, cd to the build directory, and inspect the output files.
# 
#  at /tmpfs/.cpan-build-cpansand/2017051503/Net-RabbitMQ-Java-2.030102-0/blib/lib/Net/RabbitMQ/Java.pm line 177.
# Looks like you failed 1 test of 1.
t/10-init.t ............. 
Dubious, test returned 1 (wstat 256, 0x100)
Failed 1/1 subtests 

A problem was encountered while attempting to compile and install your Inline
Java code. The command that failed was:
  "/usr/lib/jvm/java-7-openjdk-amd64/bin/javac" -deprecation  -d "/home/cpansand/.Inline/lib/auto/Net/RabbitMQ/Java_1c36" Callback.java > cmd.out 2>&1

The build directory was:
/home/cpansand/.Inline/build/Net/RabbitMQ/Java_1c36

The error message was:
Error occurred during initialization of VM
Could not reserve enough space for object heap
Error: Could not create the Java Virtual Machine.
Error: A fatal exception has occurred. Program will exit.


To debug the problem, cd to the build directory, and inspect the output files.

 at /tmpfs/.cpan-build-cpansand/2017051503/Net-RabbitMQ-Java-2.030102-0/blib/lib/Net/RabbitMQ/Java.pm line 177.
# Looks like your test exited with 1 before it could output anything.
t/11-exchangedeclare.t .. 
Dubious, test returned 1 (wstat 256, 0x100)
Failed 6/6 subtests 

A problem was encountered while attempting to compile and install your Inline
Java code. The command that failed was:
  "/usr/lib/jvm/java-7-openjdk-amd64/bin/javac" -deprecation  -d "/home/cpansand/.Inline/lib/auto/Net/RabbitMQ/Java_1c36" Callback.java > cmd.out 2>&1

The build directory was:
/home/cpansand/.Inline/build/Net/RabbitMQ/Java_1c36

The error message was:
Error occurred during initialization of VM
Could not reserve enough space for object heap
Error: Could not create the Java Virtual Machine.
Error: A fatal exception has occurred. Program will exit.


To debug the problem, cd to the build directory, and inspect the output files.

 at /tmpfs/.cpan-build-cpansand/2017051503/Net-RabbitMQ-Java-2.030102-0/blib/lib/Net/RabbitMQ/Java.pm line 177.
# Looks like your test exited with 1 before it could output anything.
t/12-publish.t .......... 
Dubious, test returned 1 (wstat 256, 0x100)
Failed 13/13 subtests 

A problem was encountered while attempting to compile and install your Inline
Java code. The command that failed was:
  "/usr/lib/jvm/java-7-openjdk-amd64/bin/javac" -deprecation  -d "/home/cpansand/.Inline/lib/auto/Net/RabbitMQ/Java_1c36" Callback.java > cmd.out 2>&1

The build directory was:
/home/cpansand/.Inline/build/Net/RabbitMQ/Java_1c36

The error message was:
Error occurred during initialization of VM
Could not reserve enough space for object heap
Error: Could not create the Java Virtual Machine.
Error: A fatal exception has occurred. Program will exit.


To debug the problem, cd to the build directory, and inspect the output files.

 at /tmpfs/.cpan-build-cpansand/2017051503/Net-RabbitMQ-Java-2.030102-0/blib/lib/Net/RabbitMQ/Java.pm line 177.
# Looks like your test exited with 1 before it could output anything.
t/13-consume.t .......... 
Dubious, test returned 1 (wstat 256, 0x100)
Failed 12/12 subtests 

A problem was encountered while attempting to compile and install your Inline
Java code. The command that failed was:
  "/usr/lib/jvm/java-7-openjdk-amd64/bin/javac" -deprecation  -d "/home/cpansand/.Inline/lib/auto/Net/RabbitMQ/Java_1c36" Callback.java > cmd.out 2>&1

The build directory was:
/home/cpansand/.Inline/build/Net/RabbitMQ/Java_1c36

The error message was:
Error occurred during initialization of VM
Could not reserve enough space for object heap
Error: Could not create the Java Virtual Machine.
Error: A fatal exception has occurred. Program will exit.


To debug the problem, cd to the build directory, and inspect the output files.

 at /tmpfs/.cpan-build-cpansand/2017051503/Net-RabbitMQ-Java-2.030102-0/blib/lib/Net/RabbitMQ/Java.pm line 177.
# Looks like your test exited with 1 before it could output anything.
t/14-txreturn.t ......... 
Dubious, test returned 1 (wstat 256, 0x100)
Failed 17/17 subtests 

A problem was encountered while attempting to compile and install your Inline
Java code. The command that failed was:
  "/usr/lib/jvm/java-7-openjdk-amd64/bin/javac" -deprecation  -d "/home/cpansand/.Inline/lib/auto/Net/RabbitMQ/Java_1c36" Callback.java > cmd.out 2>&1

The build directory was:
/home/cpansand/.Inline/build/Net/RabbitMQ/Java_1c36

The error message was:
Error occurred during initialization of VM
Could not reserve enough space for object heap
Error: Could not create the Java Virtual Machine.
Error: A fatal exception has occurred. Program will exit.


To debug the problem, cd to the build directory, and inspect the output files.

 at /tmpfs/.cpan-build-cpansand/2017051503/Net-RabbitMQ-Java-2.030102-0/blib/lib/Net/RabbitMQ/Java.pm line 177.
# Looks like your test exited with 1 before it could output anything.
t/15-shutdown.t ......... 
Dubious, test returned 1 (wstat 256, 0x100)
Failed 17/17 subtests 

A problem was encountered while attempting to compile and install your Inline
Java code. The command that failed was:
  "/usr/lib/jvm/java-7-openjdk-amd64/bin/javac" -deprecation  -d "/home/cpansand/.Inline/lib/auto/Net/RabbitMQ/Java_1c36" Callback.java > cmd.out 2>&1

The build directory was:
/home/cpansand/.Inline/build/Net/RabbitMQ/Java_1c36

The error message was:
Error occurred during initialization of VM
Could not reserve enough space for object heap
Error: Could not create the Java Virtual Machine.
Error: A fatal exception has occurred. Program will exit.


To debug the problem, cd to the build directory, and inspect the output files.

 at /tmpfs/.cpan-build-cpansand/2017051503/Net-RabbitMQ-Java-2.030102-0/blib/lib/Net/RabbitMQ/Java.pm line 177.
# Looks like your test exited with 1 before it could output anything.
t/16-removeshutdown.t ... 
Dubious, test returned 1 (wstat 256, 0x100)
Failed 5/5 subtests 

A problem was encountered while attempting to compile and install your Inline
Java code. The command that failed was:
  "/usr/lib/jvm/java-7-openjdk-amd64/bin/javac" -deprecation  -d "/home/cpansand/.Inline/lib/auto/Net/RabbitMQ/Java_1c36" Callback.java > cmd.out 2>&1

The build directory was:
/home/cpansand/.Inline/build/Net/RabbitMQ/Java_1c36

The error message was:
Error occurred during initialization of VM
Could not reserve enough space for object heap
Error: Could not create the Java Virtual Machine.
Error: A fatal exception has occurred. Program will exit.


To debug the problem, cd to the build directory, and inspect the output files.

 at /tmpfs/.cpan-build-cpansand/2017051503/Net-RabbitMQ-Java-2.030102-0/blib/lib/Net/RabbitMQ/Java.pm line 177.
# Looks like your test exited with 1 before it could output anything.
t/17-destroy.t .......... 
Dubious, test returned 1 (wstat 256, 0x100)
Failed 7/7 subtests 

A problem was encountered while attempting to compile and install your Inline
Java code. The command that failed was:
  "/usr/lib/jvm/java-7-openjdk-amd64/bin/javac" -deprecation  -d "/home/cpansand/.Inline/lib/auto/Net/RabbitMQ/Java_1c36" Callback.java > cmd.out 2>&1

The build directory was:
/home/cpansand/.Inline/build/Net/RabbitMQ/Java_1c36

The error message was:
Error occurred during initialization of VM
Could not reserve enough space for object heap
Error: Could not create the Java Virtual Machine.
Error: A fatal exception has occurred. Program will exit.


To debug the problem, cd to the build directory, and inspect the output files.

 at /tmpfs/.cpan-build-cpansand/2017051503/Net-RabbitMQ-Java-2.030102-0/blib/lib/Net/RabbitMQ/Java.pm line 177.
# Looks like your test exited with 1 before it could output anything.
t/18-exceptions.t ....... 
Dubious, test returned 1 (wstat 256, 0x100)
Failed 2/2 subtests 

Test Summary Report
-------------------
t/10-init.t           (Wstat: 256 Tests: 1 Failed: 1)
  Failed test:  1
  Non-zero exit status: 1
t/11-exchangedeclare.t (Wstat: 256 Tests: 0 Failed: 0)
  Non-zero exit status: 1
  Parse errors: Bad plan.  You planned 6 tests but ran 0.
t/12-publish.t        (Wstat: 256 Tests: 0 Failed: 0)
  Non-zero exit status: 1
  Parse errors: Bad plan.  You planned 13 tests but ran 0.
t/13-consume.t        (Wstat: 256 Tests: 0 Failed: 0)
  Non-zero exit status: 1
  Parse errors: Bad plan.  You planned 12 tests but ran 0.
t/14-txreturn.t       (Wstat: 256 Tests: 0 Failed: 0)
  Non-zero exit status: 1
  Parse errors: Bad plan.  You planned 17 tests but ran 0.
t/15-shutdown.t       (Wstat: 256 Tests: 0 Failed: 0)
  Non-zero exit status: 1
  Parse errors: Bad plan.  You planned 17 tests but ran 0.
t/16-removeshutdown.t (Wstat: 256 Tests: 0 Failed: 0)
  Non-zero exit status: 1
  Parse errors: Bad plan.  You planned 5 tests but ran 0.
t/17-destroy.t        (Wstat: 256 Tests: 0 Failed: 0)
  Non-zero exit status: 1
  Parse errors: Bad plan.  You planned 7 tests but ran 0.
t/18-exceptions.t     (Wstat: 256 Tests: 0 Failed: 0)
  Non-zero exit status: 1
  Parse errors: Bad plan.  You planned 2 tests but ran 0.
Files=11, Tests=3,  2 wallclock secs ( 0.01 usr  0.05 sys +  0.83 cusr  0.22 csys =  1.11 CPU)
Result: FAIL
Failed 9/11 test programs. 1/3 subtests failed.
Makefile:856: recipe for target 'test_dynamic' failed
make: *** [test_dynamic] Error 1

------------------------------
PREREQUISITES
------------------------------

Prerequisite modules loaded:

build_requires:

    Module              Need Have    
    ------------------- ---- --------
    Data::UUID          0    1.221   
    File::ShareDir      0    1.102   
    Inline::Java        0.53 0.53    
    Test::More          0.96 1.302085

configure_requires:

    Module              Need Have    
    ------------------- ---- --------
    ExtUtils::MakeMaker 6.31 7.24    


------------------------------
ENVIRONMENT AND OTHER CONTEXT
------------------------------

Environment variables:

    LANG = C
    LC_ALL = de_DE.UTF-8
    PATH = /usr/local/bin:/usr/bin:/bin:/usr/local/sbin:/usr/sbin:/sbin:/home/cpansand/bin/linux-gnu:/home/cpansand/bin/sh:/home/cpansand/bin:/usr/games:/home/cpansand/devel:/home/eserte/src/srezic-misc/scripts
    PERL5LIB = 
    PERL5OPT = 
    PERL5_CPANPLUS_IS_RUNNING = 2045
    PERL5_CPAN_IS_RUNNING = 2045
    PERL5_CPAN_IS_RUNNING_IN_RECURSION = 17976,2045
    PERLDOC = -MPod::Perldoc::ToTextOverstrike
    PERL_BATCH = yes
    PERL_CANARY_STABILITY_NOPROMPT = 1
    PERL_CPAN_REPORTER_CONFIG = /var/tmp/cpansmoker-1023/2017051418/cpanreporter_000_config.ini
    PERL_EXTUTILS_AUTOINSTALL = --defaultdeps
    PERL_PARALLEL_SMOKER = yes
    PERL_USE_UNSAFE_INC = 1
    SHELL = /bin/zsh
    TERM = screen
    TMPDIR = /var/tmp/cpansmoker-1023/2017051418

Perl special variables (and OS-specific diagnostics, for MSWin32):

    $^X = /bbbike/perl-5.26.0-RC1/bin/perl
    $UID/$EUID = 1023 / 1023
    $GID = 1023 1023
    $EGID = 1023 1023

Perl module toolchain versions installed:

    Module              Have    
    ------------------- --------
    CPAN                2.18    
    CPAN::Meta          2.150010
    Cwd                 3.62    
    ExtUtils::CBuilder  0.280224
    ExtUtils::Command   7.24    
    ExtUtils::Install   2.08    
    ExtUtils::MakeMaker 7.24    
    ExtUtils::Manifest  1.70    
    ExtUtils::ParseXS   3.30    
    File::Spec          3.62    
    JSON                2.90    
    JSON::PP            2.27400 
    Module::Build       0.4222  
    Module::Signature   0.81    
    Parse::CPAN::Meta   2.150010
    Test::Harness       3.39    
    Test::More          1.302085
    YAML                1.23    
    YAML::Syck          1.30    
    version             0.9918  


--

Summary of my perl5 (revision 5 version 26 subversion 0) configuration:
   
  Platform:
    osname=linux
    osvers=3.16.0-4-amd64
    archname=x86_64-linux
    uname='linux eserte 3.16.0-4-amd64 #1 smp debian 3.16.43-2 (2017-04-30) x86_64 gnulinux '
    config_args='-ds -e -Dprefix=/opt/perl-5.26.0-RC1 -Dcf_email=srezic@cpan.org'
    hint=recommended
    useposix=true
    d_sigaction=define
    useithreads=undef
    usemultiplicity=undef
    use64bitint=define
    use64bitall=define
    uselongdouble=undef
    usemymalloc=n
    default_inc_excludes_dot=define
    bincompat5005=undef
  Compiler:
    cc='cc'
    ccflags ='-fwrapv -fno-strict-aliasing -pipe -fstack-protector-strong -I/usr/local/include -D_LARGEFILE_SOURCE -D_FILE_OFFSET_BITS=64 -D_FORTIFY_SOURCE=2'
    optimize='-O2'
    cppflags='-fwrapv -fno-strict-aliasing -pipe -fstack-protector-strong -I/usr/local/include'
    ccversion=''
    gccversion='4.9.2'
    gccosandvers=''
    intsize=4
    longsize=8
    ptrsize=8
    doublesize=8
    byteorder=12345678
    doublekind=3
    d_longlong=define
    longlongsize=8
    d_longdbl=define
    longdblsize=16
    longdblkind=3
    ivtype='long'
    ivsize=8
    nvtype='double'
    nvsize=8
    Off_t='off_t'
    lseeksize=8
    alignbytes=8
    prototype=define
  Linker and Libraries:
    ld='cc'
    ldflags =' -fstack-protector-strong -L/usr/local/lib'
    libpth=/usr/local/lib /usr/lib/gcc/x86_64-linux-gnu/4.9/include-fixed /usr/include/x86_64-linux-gnu /usr/lib /lib/x86_64-linux-gnu /lib/../lib /usr/lib/x86_64-linux-gnu /usr/lib/../lib /lib
    libs=-lpthread -lnsl -lgdbm -ldb -ldl -lm -lcrypt -lutil -lc -lgdbm_compat
    perllibs=-lpthread -lnsl -ldl -lm -lcrypt -lutil -lc
    libc=libc-2.19.so
    so=so
    useshrplib=false
    libperl=libperl.a
    gnulibc_version='2.19'
  Dynamic Linking:
    dlsrc=dl_dlopen.xs
    dlext=so
    d_dlsymun=undef
    ccdlflags='-Wl,-E'
    cccdlflags='-fPIC'
    lddlflags='-shared -O2 -L/usr/local/lib -fstack-protector-strong'


Characteristics of this binary (from libperl): 
  Compile-time options:
    HAS_TIMES
    PERLIO_LAYERS
    PERL_COPY_ON_WRITE
    PERL_DONT_CREATE_GVSV
    PERL_MALLOC_WRAP
    PERL_OP_PARENT
    PERL_PRESERVE_IVUV
    USE_64_BIT_ALL
    USE_64_BIT_INT
    USE_LARGE_FILES
    USE_LOCALE
    USE_LOCALE_COLLATE
    USE_LOCALE_CTYPE
    USE_LOCALE_NUMERIC
    USE_LOCALE_TIME
    USE_PERLIO
    USE_PERL_ATOF
  Locally applied patches:
    RC1
  Built under linux
  Compiled at May 11 2017 21:08:09
  %ENV:
    PERL5LIB=""
    PERL5OPT=""
    PERL5_CPANPLUS_IS_RUNNING="2045"
    PERL5_CPAN_IS_RUNNING="2045"
    PERL5_CPAN_IS_RUNNING_IN_RECURSION="17976,2045"
    PERLDOC="-MPod::Perldoc::ToTextOverstrike"
    PERL_BATCH="yes"
    PERL_CANARY_STABILITY_NOPROMPT="1"
    PERL_CPAN_REPORTER_CONFIG="/var/tmp/cpansmoker-1023/2017051418/cpanreporter_000_config.ini"
    PERL_EXTUTILS_AUTOINSTALL="--defaultdeps"
    PERL_PARALLEL_SMOKER="yes"
    PERL_USE_UNSAFE_INC="1"
  @INC:
    /opt/perl-5.26.0-RC1/lib/site_perl/5.26.0/x86_64-linux
    /opt/perl-5.26.0-RC1/lib/site_perl/5.26.0
    /opt/perl-5.26.0-RC1/lib/5.26.0/x86_64-linux
    /opt/perl-5.26.0-RC1/lib/5.26.0
    .