Back
From: metabase:user:775a6ef0-a30d-11e0-b928-abcd0a1a245f
Subject: FAIL WWW-Pastebin-PastebinCa-Retrieve-0.003 v5.12.3 GNU/Linux
Date: 2011-08-10T18:00:36Z
This distribution has been tested as part of the CPAN Testers
project, supporting the Perl programming language. See
http://wiki.cpantesters.org/ for more information or email
questions to cpan-testers-discuss@perl.org
--
Dear Zoffix Znet,
This is a computer-generated report for WWW-Pastebin-PastebinCa-Retrieve-0.003
on perl 5.12.3, created by CPAN-Reporter-1.1902.
Thank you for uploading your work to CPAN. However, there was a problem
testing your distribution.
If you think this report is invalid, please consult the CPAN Testers Wiki
for suggestions on how to avoid getting FAIL reports for missing library
or binary dependencies, unsupported operating systems, and so on:
http://wiki.cpantesters.org/wiki/CPANAuthorNotes
Sections of this report:
* Tester comments
* Program output
* Prerequisites
* Environment and other context
------------------------------
TESTER COMMENTS
------------------------------
Additional comments from tester:
this report is from an automated smoke testing program
and was not reviewed by a human for accuracy
------------------------------
PROGRAM OUTPUT
------------------------------
Output from '/usr/bin/make test':
PERL_DL_NONLAZY=1 /smoker/5.12.3/perl/bin/perl "-MExtUtils::Command::MM" "-e" "test_harness(0, 'blib/lib', 'blib/arch')" t/*.t
# Testing WWW::Pastebin::PastebinCa::Retrieve 0.003, Perl 5.012003, /smoker/5.12.3/perl/bin/perl
# Looks like you planned 19 tests but ran 22.
t/00-load.t .......
Dubious, test returned 255 (wstat 65280, 0xff00)
All 19 subtests passed
(less 16 skipped subtests: 3 okay)
t/pod-coverage.t .. skipped: Test::Pod::Coverage 1.08 required for testing POD coverage
t/pod.t ........... skipped: Test::Pod 1.22 required for testing POD(Can't locate Test/Pod.pm in @INC (@INC contains: /smoker/5.12.3/cpan/build/WWW-Pastebin-PastebinCa-Retrieve-0.003-mhsYMR/blib/lib /smoker/5.12.3/cpan/build/WWW-Pastebin-PastebinCa-Retrieve-0.003-mhsYMR/blib/arch /smoker/5.12.3/cpan/build/WWW-Pastebin-RafbNet-Retrieve-0.001-1KxCtR/blib/arch /smoker/5.12.3/cpan/build/WWW-Pastebin-RafbNet-Retrieve-0.001-1KxCtR/blib/lib /smoker/5.12.3/cpan/build/WWW-Pastebin-UbuntuNlOrg-Retrieve-0.001-D8uiPc/blib/arch /smoker/5.12.3/cpan/build/WWW-Pastebin-UbuntuNlOrg-Retrieve-0.001-D8uiPc/blib/lib /smoker/5.12.3/cpan/build/WWW-Pastebin-Base-Retrieve-0.001-uenRLi/blib/arch /smoker/5.12.3/cpan/build/WWW-Pastebin-Base-Retrieve-0.001-uenRLi/blib/lib /smoker/5.12.3/cpan/build/Class-Data-Accessor-0.04004-QmHO32/blib/arch /smoker/5.12.3/cpan/build/Class-Data-Accessor-0.04004-QmHO32/blib/lib /smoker/5.12.3/cpan/build/HTML-TokeParser-Simple-3.15-cpzD3z/blib/arch /smoker/5.12.3/cpan/build/HTML-TokeParser-Simple-3.15-cpzD3z/blib/lib /smoker/5.12.3/cpan/build/Sub-Override-0.08-jY8gYB/blib/arch /smoker/5.12.3/cpan/build/Sub-Override-0.08-jY8gYB/blib/lib /smoker/5.12.3/cpan/build/WWW-Pastebin-RafbNet-Retrieve-0.001-1KxCtR/blib/arch /smoker/5.12.3/cpan/build/WWW-Pastebin-RafbNet-Retrieve-0.001-1KxCtR/blib/lib /smoker/5.12.3/cpan/build/WWW-Pastebin-UbuntuNlOrg-Retrieve-0.001-D8uiPc/blib/arch /smoker/5.12.3/cpan/build/WWW-Pastebin-UbuntuNlOrg-Retrieve-0.001-D8uiPc/blib/lib /smoker/5.12.3/cpan/build/WWW-Pastebin-Base-Retrieve-0.001-uenRLi/blib/arch /smoker/5.12.3/cpan/build/WWW-Pastebin-Base-Retrieve-0.001-uenRLi/blib/lib /smoker/5.12.3/cpan/build/Class-Data-Accessor-0.04004-QmHO32/blib/arch /smoker/5.12.3/cpan/build/Class-Data-Accessor-0.04004-QmHO32/blib/lib /smoker/5.12.3/cpan/build/HTML-TokeParser-Simple-3.15-cpzD3z/blib/arch /smoker/5.12.3/cpan/build/HTML-TokeParser-Simple-3.15-cpzD3z/blib/lib /smoker/5.12.3/cpan/build/Sub-Override-0.08-jY8gYB/blib/arch /smoker/5.12.3/cpan/build/Sub-Override-0.08-jY8gYB/blib/lib /smoker/5.12.3/perl/lib .) at (eval 4) line 2.
Test Summary Report
-------------------
t/00-load.t (Wstat: 65280 Tests: 22 Failed: 3)
Failed tests: 20-22
Non-zero exit status: 255
Parse errors: Bad plan. You planned 19 tests but ran 22.
Files=3, Tests=22, 1 wallclock secs ( 0.02 usr 0.02 sys + 0.16 cusr 0.00 csys = 0.20 CPU)
Result: FAIL
Failed 1/3 test programs. 3/22 subtests failed.
make: *** [test_dynamic] Error 255
------------------------------
PREREQUISITES
------------------------------
Prerequisite modules loaded:
requires:
Module Need Have
----------------------------- ----- ------
HTML::Entities 1.35 3.68
HTML::TokeParser::Simple 3.15 3.15
Test::More 0 0.98
WWW::Pastebin::Base::Retrieve 0.001 0.001
configure_requires:
Module Need Have
----------------------------- ----- ------
Module::Build 0.36 0.3800
------------------------------
ENVIRONMENT AND OTHER CONTEXT
------------------------------
Environment variables:
AUTOMATED_TESTING = 1
LANG = en_US.UTF-8
LC_ALL = C
PATH = /usr/local/bin:/usr/bin:/bin:/usr/local/games:/usr/games
PERL5LIB = /smoker/5.12.3/cpan/build/WWW-Pastebin-RafbNet-Retrieve-0.001-1KxCtR/blib/arch:/smoker/5.12.3/cpan/build/WWW-Pastebin-RafbNet-Retrieve-0.001-1KxCtR/blib/lib:/smoker/5.12.3/cpan/build/WWW-Pastebin-UbuntuNlOrg-Retrieve-0.001-D8uiPc/blib/arch:/smoker/5.12.3/cpan/build/WWW-Pastebin-UbuntuNlOrg-Retrieve-0.001-D8uiPc/blib/lib:/smoker/5.12.3/cpan/build/WWW-Pastebin-Base-Retrieve-0.001-uenRLi/blib/arch:/smoker/5.12.3/cpan/build/WWW-Pastebin-Base-Retrieve-0.001-uenRLi/blib/lib:/smoker/5.12.3/cpan/build/Class-Data-Accessor-0.04004-QmHO32/blib/arch:/smoker/5.12.3/cpan/build/Class-Data-Accessor-0.04004-QmHO32/blib/lib:/smoker/5.12.3/cpan/build/HTML-TokeParser-Simple-3.15-cpzD3z/blib/arch:/smoker/5.12.3/cpan/build/HTML-TokeParser-Simple-3.15-cpzD3z/blib/lib:/smoker/5.12.3/cpan/build/Sub-Override-0.08-jY8gYB/blib/arch:/smoker/5.12.3/cpan/build/Sub-Override-0.08-jY8gYB/blib/lib
PERL5OPT =
PERL5_CPANPLUS_IS_RUNNING = 31982
PERL5_CPAN_IS_RUNNING = 31982
PERL5_CPAN_IS_RUNNING_IN_RECURSION = 30860,31982
PERL_AUTOINSTALL = --skip
PERL_CPAN_REPORTER_CONFIG = /smoker/cpanreporter-config.ini
PERL_CPAN_REPORTER_DIR = /smoker/5.12.3/cpanreporter
PERL_CR_SMOKER_CURRENT = Task-WWW-Pastebin-0.002
PERL_CR_SMOKER_RUNONCE = 1
PERL_EXTUTILS_AUTOINSTALL = --defaultdeps
PERL_MM_USE_DEFAULT = 1
SHELL = /bin/sh
TERM = screen
Perl special variables (and OS-specific diagnostics, for MSWin32):
$^X = /smoker/5.12.3/perl/bin/perl
$UID/$EUID = 60000 / 60000
$GID = 60000 60000
$EGID = 60000 60000
Perl module toolchain versions installed:
Module Have
------------------- --------
CPAN 1.9600
Cwd 3.33
ExtUtils::CBuilder 0.280202
ExtUtils::Command 1.16
ExtUtils::Install 1.55
ExtUtils::MakeMaker 6.56
ExtUtils::Manifest 1.57
ExtUtils::ParseXS 2.21
File::Spec 3.33
Module::Build 0.3800
Module::Signature n/a
Test::Harness 3.23
Test::More 0.98
YAML 0.73
YAML::Syck 1.17
version 0.91
--
Summary of my perl5 (revision 5 version 12 subversion 3) configuration:
Platform:
osname=linux, osvers=2.6.26-2-amd64, archname=i686-linux
uname='linux rijk 2.6.26-2-amd64 #1 smp thu nov 5 02:23:12 utc 2009 i686 gnulinux '
config_args='-Duselargefiles -Uuse64bitint -Dusemymalloc=n -Uusedl -Uusethreads -Uuseithreads -Uusemultiplicity -Uusesfio -Uuseshrplib -Uinstallusrbinperl -A ccflags= -g -DPERL_DISABLE_PMC -DPERL_ARENA_SIZE=16376 -DNO_PERL_MALLOC_ENV -D_GNU_SOURCE -DNDEBUG -Dcc=cc -Doptimize=-O2 -mpush-args -fomit-frame-pointer -march=core2 -mtune=core2 -Dldflags= -lc -lm -ldl -lpthread -Dlibs=-lm -lcrypt -Dprefix=/smoker/5.12.3/perl -Dbin=/smoker/5.12.3/perl/bin -Dprivlib=/smoker/5.12.3/perl/lib -Darchlib=/smoker/5.12.3/perl/lib -Uusevendorprefix -Dsitelib=/smoker/5.12.3/perl/lib -Dsitearch=/smoker/5.12.3/perl/lib -Uman1dir -Uman3dir -Usiteman1dir -Usiteman3dir -Dpager=/usr/bin/less -Demail=Marc Lehmann <staticperl-smoker-5.12.3@plan9.de> -Dcf_email=Marc Lehmann <staticperl-smoker-5.12.3@plan9.de> -Dcf_by=Marc Lehmann <staticperl-smoker-5.12.3@plan9.de> -Dusedl -Uusemymalloc -Duseperlio -dE'
hint=recommended, useposix=true, d_sigaction=define
useithreads=undef, usemultiplicity=undef
useperlio=define, d_sfio=undef, uselargefiles=define, usesocks=undef
use64bitint=undef, use64bitall=undef, uselongdouble=undef
usemymalloc=n, bincompat5005=undef
Compiler:
cc='cc', ccflags ='-g -DPERL_DISABLE_PMC -DPERL_ARENA_SIZE=16376 -DNO_PERL_MALLOC_ENV -D_GNU_SOURCE -DNDEBUG -fno-strict-aliasing -pipe -I/usr/local/include -D_LARGEFILE_SOURCE -D_FILE_OFFSET_BITS=64',
optimize='-O2 -mpush-args -fomit-frame-pointer -march=core2 -mtune=core2',
cppflags='-g -DPERL_DISABLE_PMC -DPERL_ARENA_SIZE=16376 -DNO_PERL_MALLOC_ENV -D_GNU_SOURCE -DNDEBUG -fno-strict-aliasing -pipe -I/usr/local/include'
ccversion='', gccversion='4.4.5', gccosandvers=''
intsize=4, longsize=4, ptrsize=4, doublesize=8, byteorder=1234
d_longlong=define, longlongsize=8, d_longdbl=define, longdblsize=12
ivtype='long', ivsize=4, nvtype='double', nvsize=8, Off_t='off_t', lseeksize=8
alignbytes=4, prototype=define
Linker and Libraries:
ld='cc', ldflags =' -lc -lm -ldl -lpthread -L/usr/local/lib'
libpth=/usr/local/lib /lib /usr/lib /usr/lib64
libs=-lm -lcrypt
perllibs=-lm -lcrypt
libc=/lib/libc-2.11.2.so, so=so, useshrplib=false, libperl=libperl.a
gnulibc_version='2.11.2'
Dynamic Linking:
dlsrc=dl_dlopen.xs, dlext=so, d_dlsymun=undef, ccdlflags='-Wl,-E'
cccdlflags='-fPIC', lddlflags='-shared -O2 -mpush-args -fomit-frame-pointer -march=core2 -mtune=core2 -L/usr/local/lib '
Characteristics of this binary (from libperl):
Compile-time options: PERL_DISABLE_PMC PERL_DONT_CREATE_GVSV
PERL_MALLOC_WRAP USE_LARGE_FILES USE_PERLIO
USE_PERL_ATOF
Built under linux
Compiled at Jul 1 2011 16:43:17
%ENV:
PERL5LIB="/smoker/5.12.3/cpan/build/WWW-Pastebin-RafbNet-Retrieve-0.001-1KxCtR/blib/arch:/smoker/5.12.3/cpan/build/WWW-Pastebin-RafbNet-Retrieve-0.001-1KxCtR/blib/lib:/smoker/5.12.3/cpan/build/WWW-Pastebin-UbuntuNlOrg-Retrieve-0.001-D8uiPc/blib/arch:/smoker/5.12.3/cpan/build/WWW-Pastebin-UbuntuNlOrg-Retrieve-0.001-D8uiPc/blib/lib:/smoker/5.12.3/cpan/build/WWW-Pastebin-Base-Retrieve-0.001-uenRLi/blib/arch:/smoker/5.12.3/cpan/build/WWW-Pastebin-Base-Retrieve-0.001-uenRLi/blib/lib:/smoker/5.12.3/cpan/build/Class-Data-Accessor-0.04004-QmHO32/blib/arch:/smoker/5.12.3/cpan/build/Class-Data-Accessor-0.04004-QmHO32/blib/lib:/smoker/5.12.3/cpan/build/HTML-TokeParser-Simple-3.15-cpzD3z/blib/arch:/smoker/5.12.3/cpan/build/HTML-TokeParser-Simple-3.15-cpzD3z/blib/lib:/smoker/5.12.3/cpan/build/Sub-Override-0.08-jY8gYB/blib/arch:/smoker/5.12.3/cpan/build/Sub-Override-0.08-jY8gYB/blib/lib"
PERL5OPT=""
PERL5_CPANPLUS_IS_RUNNING="31982"
PERL5_CPAN_IS_RUNNING="31982"
PERL5_CPAN_IS_RUNNING_IN_RECURSION="30860,31982"
PERL_AUTOINSTALL="--skip"
PERL_CPAN_REPORTER_CONFIG="/smoker/cpanreporter-config.ini"
PERL_CPAN_REPORTER_DIR="/smoker/5.12.3/cpanreporter"
PERL_CR_SMOKER_CURRENT="Task-WWW-Pastebin-0.002"
PERL_CR_SMOKER_RUNONCE="1"
PERL_EXTUTILS_AUTOINSTALL="--defaultdeps"
PERL_MM_USE_DEFAULT="1"
@INC:
/smoker/5.12.3/cpan/build/WWW-Pastebin-RafbNet-Retrieve-0.001-1KxCtR/blib/arch
/smoker/5.12.3/cpan/build/WWW-Pastebin-RafbNet-Retrieve-0.001-1KxCtR/blib/lib
/smoker/5.12.3/cpan/build/WWW-Pastebin-UbuntuNlOrg-Retrieve-0.001-D8uiPc/blib/arch
/smoker/5.12.3/cpan/build/WWW-Pastebin-UbuntuNlOrg-Retrieve-0.001-D8uiPc/blib/lib
/smoker/5.12.3/cpan/build/WWW-Pastebin-Base-Retrieve-0.001-uenRLi/blib/arch
/smoker/5.12.3/cpan/build/WWW-Pastebin-Base-Retrieve-0.001-uenRLi/blib/lib
/smoker/5.12.3/cpan/build/Class-Data-Accessor-0.04004-QmHO32/blib/arch
/smoker/5.12.3/cpan/build/Class-Data-Accessor-0.04004-QmHO32/blib/lib
/smoker/5.12.3/cpan/build/HTML-TokeParser-Simple-3.15-cpzD3z/blib/arch
/smoker/5.12.3/cpan/build/HTML-TokeParser-Simple-3.15-cpzD3z/blib/lib
/smoker/5.12.3/cpan/build/Sub-Override-0.08-jY8gYB/blib/arch
/smoker/5.12.3/cpan/build/Sub-Override-0.08-jY8gYB/blib/lib
/smoker/5.12.3/perl/lib
.