Report for Astro-ADS-1.20.7

Back
From: metabase:user:20a45eae-6c1a-1014-abaf-4bc2b30e56df
Subject: FAIL Astro-ADS-1.20.7 v5.18.0 Windows (Cygwin)
Date: 2014-02-25T19:05:45Z

This distribution has been tested as part of the CPAN Testers
project, supporting the Perl programming language.  See
http://wiki.cpantesters.org/ for more information or email
questions to cpan-testers-discuss@perl.org


--
Dear Alasdair Allan,

This is a computer-generated report for Astro-ADS-1.20.7
on perl 5.18.0, created by CPAN-Reporter-1.2010.

Thank you for uploading your work to CPAN.  However, there was a problem
testing your distribution.

If you think this report is invalid, please consult the CPAN Testers Wiki
for suggestions on how to avoid getting FAIL reports for missing library
or binary dependencies, unsupported operating systems, and so on:

http://wiki.cpantesters.org/wiki/CPANAuthorNotes

Sections of this report:

    * Tester comments
    * Program output
    * Prerequisites
    * Environment and other context

------------------------------
TESTER COMMENTS
------------------------------

Additional comments from tester:

this report is from an automated smoke testing program
and was not reviewed by a human for accuracy

------------------------------
PROGRAM OUTPUT
------------------------------

Output from '/usr/bin/make test':

make[1]: Entering directory '/cygdrive/e/opt/perl5/cygwin_nt-6.1/1.7.27/x86_64/cpan/5.18.0/cygwin-thread/build/Astro-ADS-1.20.7-DGRGeN/Query'
make[1]: Leaving directory '/cygdrive/e/opt/perl5/cygwin_nt-6.1/1.7.27/x86_64/cpan/5.18.0/cygwin-thread/build/Astro-ADS-1.20.7-DGRGeN/Query'
make[1]: Entering directory '/cygdrive/e/opt/perl5/cygwin_nt-6.1/1.7.27/x86_64/cpan/5.18.0/cygwin-thread/build/Astro-ADS-1.20.7-DGRGeN/Result'
make[2]: Entering directory '/cygdrive/e/opt/perl5/cygwin_nt-6.1/1.7.27/x86_64/cpan/5.18.0/cygwin-thread/build/Astro-ADS-1.20.7-DGRGeN/Result/Paper'
make[2]: Leaving directory '/cygdrive/e/opt/perl5/cygwin_nt-6.1/1.7.27/x86_64/cpan/5.18.0/cygwin-thread/build/Astro-ADS-1.20.7-DGRGeN/Result/Paper'
make[1]: Leaving directory '/cygdrive/e/opt/perl5/cygwin_nt-6.1/1.7.27/x86_64/cpan/5.18.0/cygwin-thread/build/Astro-ADS-1.20.7-DGRGeN/Result'
PERL_DL_NONLAZY=1 /cygdrive/e/opt/perl5/cygwin_nt-6.1/1.7.27/x86_64/perl/5.18.0/cygwin-thread/bin/perl.exe "-MExtUtils::Command::MM" "-MTest::Harness" "-e" "undef *Test::Harness::Switches; test_harness(0, 'blib/lib', 'blib/arch')" t/*.t
# Test 48 got: "30" (t/paper.t at line 164)
#    Expected: "27"
#  t/paper.t line 164 is: ok( $refs->sizeof(), 27 );
t/paper.t ... 
Failed 1/49 subtests 
# Test 19 got: "46" (t/query.t at line 167)
#    Expected: "32"
#  t/query.t line 167 is: ok( @timj_abstract, 32 );
t/query.t ... 
Failed 1/23 subtests 
t/result.t .. ok

Test Summary Report
-------------------
t/paper.t (Wstat: 0 Tests: 49 Failed: 1)
  Failed test:  48
t/query.t (Wstat: 0 Tests: 23 Failed: 1)
  Failed test:  19
Files=3, Tests=76, 33 wallclock secs ( 0.09 usr  0.17 sys +  0.93 cusr  2.59 csys =  3.79 CPU)
Result: FAIL
Failed 2/3 test programs. 2/76 subtests failed.
Makefile:881: recipe for target 'test_dynamic' failed
make: *** [test_dynamic] Error 255

------------------------------
PREREQUISITES
------------------------------

Prerequisite modules loaded:

requires:

    Module              Need Have
    ------------------- ---- ----
    LWP                 5.53 6.05
    Net::Domain         2.13 2.20
    Pod::Usage          1.14 1.63

build_requires:

    Module              Need Have
    ------------------- ---- ----
    ExtUtils::MakeMaker 0    6.88


------------------------------
ENVIRONMENT AND OTHER CONTEXT
------------------------------

Environment variables:

    AUTOMATED_TESTING = 1
    COMSPEC = C:\Windows\system32\cmd.exe
    LD_LIBRARY_PATH = 
    NUMBER_OF_PROCESSORS = 8
    PATH = /opt/perl5/cygwin_nt-6.1/1.7.27/x86_64/bin/5.18.0/cygwin-thread:/opt/perl5/cygwin_nt-6.1/1.7.27/x86_64/perl/5.18.0/cygwin-thread/local/bin:/opt/perl5/cygwin_nt-6.1/1.7.27/x86_64/perl/5.18.0/cygwin-thread/bin:/usr/local/bin:/usr/bin
    PERL5LIB = /opt/perl5/cygwin_nt-6.1/1.7.27/x86_64/cpan/5.18.0/cygwin-thread/build/Games-LogicPuzzle-0.20-VmTzaz/blib/arch:/opt/perl5/cygwin_nt-6.1/1.7.27/x86_64/cpan/5.18.0/cygwin-thread/build/Games-LogicPuzzle-0.20-VmTzaz/blib/lib:/opt/perl5/cygwin_nt-6.1/1.7.27/x86_64/cpan/5.18.0/cygwin-thread/build/Games-LogicPuzzle-0.13-ryxbph/blib/arch:/opt/perl5/cygwin_nt-6.1/1.7.27/x86_64/cpan/5.18.0/cygwin-thread/build/Games-LogicPuzzle-0.13-ryxbph/blib/lib:/opt/perl5/cygwin_nt-6.1/1.7.27/x86_64/cpan/5.18.0/cygwin-thread/build/Games-LogicPuzzle-0.12-x2vqJ9/blib/arch:/opt/perl5/cygwin_nt-6.1/1.7.27/x86_64/cpan/5.18.0/cygwin-thread/build/Games-LogicPuzzle-0.12-x2vqJ9/blib/lib:/opt/perl5/cygwin_nt-6.1/1.7.27/x86_64/cpan/5.18.0/cygwin-thread/build/Games-LogicPuzzle-0.10-wXWCOP/blib/arch:/opt/perl5/cygwin_nt-6.1/1.7.27/x86_64/cpan/5.18.0/cygwin-thread/build/Games-LogicPuzzle-0.10-wXWCOP/blib/lib:/opt/perl5/cygwin_nt-6.1/1.7.27/x86_64/perl/5.18.0/cygwin-thread/local/lib/site_perl/5.18.0:/opt/perl5/cygwin_nt-6.1/1.7.27/x86_64/perl/5.18.0/cygwin-thread/local/lib/5.18.0:/opt/perl5/cygwin_nt-6.1/1.7.27/x86_64/perl/5.18.0/cygwin-thread/local/lib/perl5
    PERL5OPT = 
    PERL5_CPANPLUS_IS_RUNNING = 9716
    PERL5_CPAN_IS_RUNNING = 9716
    PERL_CPAN_REPORTER_CONFIG = /cygdrive/e/peter/.cpanreporter/config-cygdrive-e-peter.ini
    PERL_EXTUTILS_AUTOINSTALL = 1
    PERL_MM_USE_DEFAULT = 1
    PERL_MY_PREFIX = /opt/perl5
    PERL_MY_SOURCE_DIR = /cygdrive/e/src/perl
    PERL_TEST_CRITIC = 1
    PROCESSOR_IDENTIFIER = Intel64 Family 6 Model 42 Stepping 7, GenuineIntel
    SHELL = /usr/bin/bash
    TEMP = /tmp
    TERM = xterm

Perl special variables (and OS-specific diagnostics, for MSWin32):

    $^X = /cygdrive/e/opt/perl5/cygwin_nt-6.1/1.7.27/x86_64/perl/5.18.0/cygwin-thread/bin/perl
    $UID/$EUID = 1006 / 1006
    $GID = 513 545 1003 513
    $EGID = 513 545 1003 513

Perl module toolchain versions installed:

    Module              Have    
    ------------------- --------
    CPAN                2.00    
    CPAN::Meta          2.133380
    Cwd                 3.40    
    ExtUtils::CBuilder  0.280212
    ExtUtils::Command   1.18    
    ExtUtils::Install   1.59    
    ExtUtils::MakeMaker 6.88    
    ExtUtils::Manifest  1.63    
    ExtUtils::ParseXS   3.22    
    File::Spec          3.40    
    JSON                2.90    
    JSON::PP            2.27203 
    Module::Build       0.4204  
    Module::Signature   n/a     
    Parse::CPAN::Meta   1.4409  
    Test::Harness       3.30    
    Test::More          1.001002
    YAML                0.89    
    YAML::Syck          n/a     
    version             0.9902  


--

Summary of my perl5 (revision 5 version 18 subversion 0) configuration:
   
  Platform:
    osname=cygwin, osvers=1.7.27(0.27153), archname=cygwin-thread
    uname='cygwin_nt-6.1 rigel 1.7.27(0.27153) 2013-12-09 11:54 x86_64 cygwin '
    config_args='-de -Dmksymlinks -Dcc=gcc -Dld=g++ -Uinc_version_list -Uinstallusrbinperl -Dusethreads -Uusemultiplicity -Duse64bitint -Uuselongdouble -Dprefix=/opt/perl5/cygwin_nt-6.1/1.7.27/x86_64/perl/5.18.0/cygwin-thread'
    hint=recommended, useposix=true, d_sigaction=define
    useithreads=define, usemultiplicity=undef
    useperlio=define, d_sfio=undef, uselargefiles=define, usesocks=undef
    use64bitint=define, use64bitall=define, uselongdouble=undef
    usemymalloc=n, bincompat5005=undef
  Compiler:
    cc='gcc', ccflags ='-DPERL_USE_SAFE_PUTENV -U__STRICT_ANSI__ -fno-strict-aliasing -pipe -fstack-protector',
    optimize='-O3',
    cppflags='-DPERL_USE_SAFE_PUTENV -U__STRICT_ANSI__ -fno-strict-aliasing -pipe -fstack-protector'
    ccversion='', gccversion='4.8.2', gccosandvers=''
    intsize=4, longsize=8, ptrsize=8, doublesize=8, byteorder=12345678
    d_longlong=define, longlongsize=8, d_longdbl=define, longdblsize=16
    ivtype='long', ivsize=8, nvtype='double', nvsize=8, Off_t='off_t', lseeksize=8
    alignbytes=8, prototype=define
  Linker and Libraries:
    ld='g++', ldflags =' -Wl,--enable-auto-import -Wl,--export-all-symbols -Wl,--enable-auto-image-base -fstack-protector -L/usr/local/lib'
    libpth=/usr/local/lib /usr/lib /lib
    libs=-ldb -ldl -lcrypt
    perllibs=-ldl -lcrypt
    libc=/usr/lib/libc.a, so=dll, useshrplib=true, libperl=cygperl5_18_0.dll
    gnulibc_version=''
  Dynamic Linking:
    dlsrc=dl_dlopen.xs, dlext=dll, d_dlsymun=undef, ccdlflags=' '
    cccdlflags=' ', lddlflags=' --shared  -Wl,--enable-auto-import -Wl,--export-all-symbols -Wl,--enable-auto-image-base -L/usr/local/lib -fstack-protector'


Characteristics of this binary (from libperl): 
  Compile-time options: HAS_TIMES MULTIPLICITY PERLIO_LAYERS
                        PERL_DONT_CREATE_GVSV
                        PERL_HASH_FUNC_ONE_AT_A_TIME_HARD
                        PERL_IMPLICIT_CONTEXT PERL_PRESERVE_IVUV
                        PERL_SAWAMPERSAND PERL_USE_SAFE_PUTENV USE_64_BIT_ALL
                        USE_64_BIT_INT USE_ITHREADS USE_LARGE_FILES
                        USE_LOCALE USE_LOCALE_COLLATE USE_LOCALE_CTYPE
                        USE_LOCALE_NUMERIC USE_PERLIO USE_PERL_ATOF
                        USE_REENTRANT_API
  Built under cygwin
  Compiled at Jan 16 2014 22:35:03
  %ENV:
    PERL5LIB="/opt/perl5/cygwin_nt-6.1/1.7.27/x86_64/cpan/5.18.0/cygwin-thread/build/Games-LogicPuzzle-0.20-VmTzaz/blib/arch:/opt/perl5/cygwin_nt-6.1/1.7.27/x86_64/cpan/5.18.0/cygwin-thread/build/Games-LogicPuzzle-0.20-VmTzaz/blib/lib:/opt/perl5/cygwin_nt-6.1/1.7.27/x86_64/cpan/5.18.0/cygwin-thread/build/Games-LogicPuzzle-0.13-ryxbph/blib/arch:/opt/perl5/cygwin_nt-6.1/1.7.27/x86_64/cpan/5.18.0/cygwin-thread/build/Games-LogicPuzzle-0.13-ryxbph/blib/lib:/opt/perl5/cygwin_nt-6.1/1.7.27/x86_64/cpan/5.18.0/cygwin-thread/build/Games-LogicPuzzle-0.12-x2vqJ9/blib/arch:/opt/perl5/cygwin_nt-6.1/1.7.27/x86_64/cpan/5.18.0/cygwin-thread/build/Games-LogicPuzzle-0.12-x2vqJ9/blib/lib:/opt/perl5/cygwin_nt-6.1/1.7.27/x86_64/cpan/5.18.0/cygwin-thread/build/Games-LogicPuzzle-0.10-wXWCOP/blib/arch:/opt/perl5/cygwin_nt-6.1/1.7.27/x86_64/cpan/5.18.0/cygwin-thread/build/Games-LogicPuzzle-0.10-wXWCOP/blib/lib:/opt/perl5/cygwin_nt-6.1/1.7.27/x86_64/perl/5.18.0/cygwin-thread/local/lib/site_perl/5.18.0:/opt/perl5/cygwin_nt-6.1/1.7.27/x86_64/perl/5.18.0/cygwin-thread/local/lib/5.18.0:/opt/perl5/cygwin_nt-6.1/1.7.27/x86_64/perl/5.18.0/cygwin-thread/local/lib/perl5"
    PERL5OPT=""
    PERL5_CPANPLUS_IS_RUNNING="9716"
    PERL5_CPAN_IS_RUNNING="9716"
    PERL_CPAN_REPORTER_CONFIG="/cygdrive/e/peter/.cpanreporter/config-cygdrive-e-peter.ini"
    PERL_EXTUTILS_AUTOINSTALL="1"
    PERL_MM_USE_DEFAULT="1"
    PERL_MY_PREFIX="/opt/perl5"
    PERL_MY_SOURCE_DIR="/cygdrive/e/src/perl"
    PERL_TEST_CRITIC="1"
    CYGWIN="codepage:utf8 nodosfilewarning"
  @INC:
    /opt/perl5/cygwin_nt-6.1/1.7.27/x86_64/cpan/5.18.0/cygwin-thread/build/Games-LogicPuzzle-0.20-VmTzaz/blib/arch
    /opt/perl5/cygwin_nt-6.1/1.7.27/x86_64/cpan/5.18.0/cygwin-thread/build/Games-LogicPuzzle-0.20-VmTzaz/blib/lib
    /opt/perl5/cygwin_nt-6.1/1.7.27/x86_64/cpan/5.18.0/cygwin-thread/build/Games-LogicPuzzle-0.13-ryxbph/blib/arch
    /opt/perl5/cygwin_nt-6.1/1.7.27/x86_64/cpan/5.18.0/cygwin-thread/build/Games-LogicPuzzle-0.13-ryxbph/blib/lib
    /opt/perl5/cygwin_nt-6.1/1.7.27/x86_64/cpan/5.18.0/cygwin-thread/build/Games-LogicPuzzle-0.12-x2vqJ9/blib/arch
    /opt/perl5/cygwin_nt-6.1/1.7.27/x86_64/cpan/5.18.0/cygwin-thread/build/Games-LogicPuzzle-0.12-x2vqJ9/blib/lib
    /opt/perl5/cygwin_nt-6.1/1.7.27/x86_64/cpan/5.18.0/cygwin-thread/build/Games-LogicPuzzle-0.10-wXWCOP/blib/arch
    /opt/perl5/cygwin_nt-6.1/1.7.27/x86_64/cpan/5.18.0/cygwin-thread/build/Games-LogicPuzzle-0.10-wXWCOP/blib/lib
    /opt/perl5/cygwin_nt-6.1/1.7.27/x86_64/perl/5.18.0/cygwin-thread/local/lib/site_perl/5.18.0/cygwin-thread
    /opt/perl5/cygwin_nt-6.1/1.7.27/x86_64/perl/5.18.0/cygwin-thread/local/lib/site_perl/5.18.0
    /opt/perl5/cygwin_nt-6.1/1.7.27/x86_64/perl/5.18.0/cygwin-thread/local/lib/5.18.0/cygwin-thread
    /opt/perl5/cygwin_nt-6.1/1.7.27/x86_64/perl/5.18.0/cygwin-thread/local/lib/5.18.0
    /opt/perl5/cygwin_nt-6.1/1.7.27/x86_64/perl/5.18.0/cygwin-thread/local/lib/perl5/cygwin-thread
    /opt/perl5/cygwin_nt-6.1/1.7.27/x86_64/perl/5.18.0/cygwin-thread/local/lib/perl5
    /opt/perl5/cygwin_nt-6.1/1.7.27/x86_64/perl/5.18.0/cygwin-thread/lib/site_perl/5.18.0/cygwin-thread
    /opt/perl5/cygwin_nt-6.1/1.7.27/x86_64/perl/5.18.0/cygwin-thread/lib/site_perl/5.18.0
    /opt/perl5/cygwin_nt-6.1/1.7.27/x86_64/perl/5.18.0/cygwin-thread/lib/5.18.0/cygwin-thread
    /opt/perl5/cygwin_nt-6.1/1.7.27/x86_64/perl/5.18.0/cygwin-thread/lib/5.18.0
    .