geo-coder-all v0.05 Perl 5 v5.20.2 x86_64-linux

Status
Fail
From
Andreas J. König (ANDK)
Dist
geo-coder-all v0.05
Platform
Perl 5 v5.20.2 x86_64-linux
Date
2017-09-22 20:50:22
ID
a71e53c2-9fd7-11e7-bd1a-db6e322c91db
This distribution has been tested as part of the CPAN Testers
project, supporting the Perl programming language.  See
http://wiki.cpantesters.org/ for more information or email
questions to cpan-testers-discuss@perl.org


--
Dear Rohit Deshmukh,

This is a computer-generated report for geo-coder-all-0.05
on perl 5.20.2, created by CPAN-Reporter-1.2018.

Thank you for uploading your work to CPAN.  However, there was a problem
testing your distribution.

If you think this report is invalid, please consult the CPAN Testers Wiki
for suggestions on how to avoid getting FAIL reports for missing library
or binary dependencies, unsupported operating systems, and so on:

http://wiki.cpantesters.org/wiki/CPANAuthorNotes

Sections of this report:

    * Tester comments
    * Program output
    * Prerequisites
    * Environment and other context

------------------------------
TESTER COMMENTS
------------------------------

Additional comments from tester:

this report is from an automated smoke testing program
and was not reviewed by a human for accuracy

------------------------------
PROGRAM OUTPUT
------------------------------

Output from '/usr/bin/make test':

PERL_DL_NONLAZY=1 "/home/sand/src/perl/repoperls/installed-perls/host/k93msid/v5.20.2/d2d1/bin/perl" "-MExtUtils::Command::MM" "-MTest::Harness" "-e" "undef *Test::Harness::Switches; test_harness(0, 'blib/lib', 'blib/arch')" t/*.t
t/01google.t .. ok
'apikey' is required at /tmp/loop_over_bdir-4318-z4BaE3/geo-coder-all-0/blib/lib/Geo/Coder/All/TomTom.pm line 13.
# Looks like your test exited with 255 before it could output anything.
t/02tomtom.t .. 
Dubious, test returned 255 (wstat 65280, 0xff00)
Failed 8/8 subtests 

#   Failed test 'checking address'
#   at t/03ovi.t line 16.
#                   'Liverpool Football Club'
#     doesn't match '(?^i:Anfield(.*)Liverpool)'
# Looks like you failed 1 test of 8.
t/03ovi.t ..... 
Dubious, test returned 1 (wstat 256, 0x100)
Failed 1/8 subtests 
t/04osm.t ..... ok
t/05bing.t .... skipped: No Bing Api key provided skipping tests for Bing Geocoder,SET ENV variable BING_API_KEY=key

Test Summary Report
-------------------
t/02tomtom.t (Wstat: 65280 Tests: 0 Failed: 0)
  Non-zero exit status: 255
  Parse errors: Bad plan.  You planned 8 tests but ran 0.
t/03ovi.t   (Wstat: 256 Tests: 8 Failed: 1)
  Failed test:  6
  Non-zero exit status: 1
Files=5, Tests=24,  7 wallclock secs ( 0.02 usr  0.04 sys +  2.04 cusr  0.36 csys =  2.46 CPU)
Result: FAIL
Failed 2/5 test programs. 1/24 subtests failed.
Makefile:889: recipe for target 'test_dynamic' failed
make: *** [test_dynamic] Error 255

------------------------------
PREREQUISITES
------------------------------

Prerequisite modules loaded:

requires:

    Module                 Need  Have    
    ---------------------- ----- --------
    Carp                   0     1.3301  
    Data::Dumper           0     2.161   
    Geo::Coder::Bing       0     0.13    
    Geo::Coder::Google     0     0.18    
    Geo::Coder::OSM        0     0.03    
    Geo::Coder::Ovi        0     0.03    
    Geo::Coder::TomTom     0     0.04    
    Locale::Codes::Country 3.30  3.30    
    Module::Runtime        0     0.015   
    Moose                  0     2.2006  
    namespace::autoclean   0     0.28    
    perl                   5.006 5.020002

build_requires:

    Module                 Need  Have    
    ---------------------- ----- --------
    Test::More             0     1.302096


------------------------------
ENVIRONMENT AND OTHER CONTEXT
------------------------------

Environment variables:

    AUTOMATED_TESTING = 1
    LANG = en_US.UTF-8
    PATH = /home/sand/bin:/usr/local/bin:/usr/bin:/bin:/usr/games:/usr/local/perl/bin:/usr/X11/bin:/sbin:/usr/sbin
    PERL5LIB = /tmp/loop_over_bdir-4318-z4BaE3/Geo-Coder-TomTom-0.04-0/blib/arch:/tmp/loop_over_bdir-4318-z4BaE3/Geo-Coder-TomTom-0.04-0/blib/lib:/tmp/loop_over_bdir-4318-z4BaE3/Geo-Coder-Ovi-0.03-0/blib/arch:/tmp/loop_over_bdir-4318-z4BaE3/Geo-Coder-Ovi-0.03-0/blib/lib:/tmp/loop_over_bdir-4318-z4BaE3/Geo-Coder-OSM-0.03-0/blib/arch:/tmp/loop_over_bdir-4318-z4BaE3/Geo-Coder-OSM-0.03-0/blib/lib:/tmp/loop_over_bdir-4318-z4BaE3/Geo-Coder-Google-0.18-0/blib/arch:/tmp/loop_over_bdir-4318-z4BaE3/Geo-Coder-Google-0.18-0/blib/lib:/tmp/loop_over_bdir-4318-z4BaE3/Geo-Coder-Bing-0.13-0/blib/arch:/tmp/loop_over_bdir-4318-z4BaE3/Geo-Coder-Bing-0.13-0/blib/lib
    PERL5OPT = 
    PERL5_CPANPLUS_IS_RUNNING = 4327
    PERL5_CPAN_IS_RUNNING = 4327
    PERL5_CPAN_IS_RUNNING_IN_RECURSION = 5668,4327
    PERL_CANARY_STABILITY_NOPROMPT = 1
    PERL_MM_USE_DEFAULT = 1
    PERL_USE_UNSAFE_INC = 1
    SHELL = /usr/bin/zsh
    TERM = screen

Perl special variables (and OS-specific diagnostics, for MSWin32):

    $^X = /home/sand/src/perl/repoperls/installed-perls/host/k93msid/v5.20.2/d2d1/bin/perl
    $UID/$EUID = 1005 / 1005
    $GID = 1005 1005
    $EGID = 1005 1005

Perl module toolchain versions installed:

    Module              Have    
    ------------------- --------
    CPAN                2.18    
    CPAN::Meta          2.150010
    Cwd                 3.62    
    ExtUtils::CBuilder  0.280226
    ExtUtils::Command   7.30    
    ExtUtils::Install   2.06    
    ExtUtils::MakeMaker 7.30    
    ExtUtils::Manifest  1.70    
    ExtUtils::ParseXS   3.35    
    File::Spec          3.62    
    JSON                2.94    
    JSON::PP            2.94    
    Module::Build       0.4224  
    Module::Signature   0.81    
    Parse::CPAN::Meta   2.150010
    Test::Harness       3.39    
    Test::More          1.302096
    YAML                1.23    
    YAML::Syck          1.30    
    version             0.9909  


--

Summary of my perl5 (revision 5 version 20 subversion 2) configuration:
  Derived from: c05ce579b6dae0f955ff8922469d49f95f4bf6fd
  Platform:
    osname=linux, osvers=4.9.0-2-amd64, archname=x86_64-linux
    uname='linux k93msid 4.9.0-2-amd64 #1 smp debian 4.9.18-1 (2017-03-30) x86_64 gnulinux '
    config_args='-Dprefix=/home/sand/src/perl/repoperls/installed-perls/host/k93msid/v5.20.2/d2d1 -Dmyhostname=k93msid -Dinstallusrbinperl=n -Uversiononly -Dusedevel -des -Ui_db -Dlibswanted=cl pthread socket inet nsl gdbm dbm malloc dl ld sun m crypt sec util c cposix posix ucb BSD gdbm_compat -Uuseithreads -Uuselongdouble -DDEBUGGING=both'
    hint=recommended, useposix=true, d_sigaction=define
    useithreads=undef, usemultiplicity=undef
    use64bitint=define, use64bitall=define, uselongdouble=undef
    usemymalloc=n, bincompat5005=undef
  Compiler:
    cc='cc', ccflags ='-fwrapv -DDEBUGGING -fno-strict-aliasing -pipe -fstack-protector -I/usr/local/include -D_LARGEFILE_SOURCE -D_FILE_OFFSET_BITS=64',
    optimize='-O2 -g',
    cppflags='-fwrapv -DDEBUGGING -fno-strict-aliasing -pipe -fstack-protector -I/usr/local/include'
    ccversion='', gccversion='6.3.0 20170406', gccosandvers=''
    intsize=4, longsize=8, ptrsize=8, doublesize=8, byteorder=12345678
    d_longlong=define, longlongsize=8, d_longdbl=define, longdblsize=16
    ivtype='long', ivsize=8, nvtype='double', nvsize=8, Off_t='off_t', lseeksize=8
    alignbytes=8, prototype=define
  Linker and Libraries:
    ld='cc', ldflags =' -fstack-protector -L/usr/local/lib'
    libpth=/usr/local/lib /usr/lib/gcc/x86_64-linux-gnu/6/include-fixed /usr/include/x86_64-linux-gnu /usr/lib /lib/x86_64-linux-gnu /lib/../lib /usr/lib/x86_64-linux-gnu /usr/lib/../lib /lib
    libs=-lpthread -lnsl -ldl -lm -lcrypt -lutil -lc
    perllibs=-lpthread -lnsl -ldl -lm -lcrypt -lutil -lc
    libc=libc-2.24.so, so=so, useshrplib=false, libperl=libperl.a
    gnulibc_version='2.24'
  Dynamic Linking:
    dlsrc=dl_dlopen.xs, dlext=so, d_dlsymun=undef, ccdlflags='-Wl,-E'
    cccdlflags='-fPIC', lddlflags='-shared -O2 -g -L/usr/local/lib -fstack-protector'


Characteristics of this binary (from libperl): 
  Compile-time options: DEBUGGING HAS_TIMES PERLIO_LAYERS
                        PERL_DONT_CREATE_GVSV
                        PERL_HASH_FUNC_ONE_AT_A_TIME_HARD PERL_MALLOC_WRAP
                        PERL_NEW_COPY_ON_WRITE PERL_PRESERVE_IVUV
                        PERL_USE_DEVEL USE_64_BIT_ALL USE_64_BIT_INT
                        USE_LARGE_FILES USE_LOCALE USE_LOCALE_COLLATE
                        USE_LOCALE_CTYPE USE_LOCALE_NUMERIC USE_PERLIO
                        USE_PERL_ATOF
  Locally applied patches:
	uncommitted-changes
  Built under linux
  Compiled at Sep  1 2017 11:19:58
  %ENV:
    PERL5LIB="/tmp/loop_over_bdir-4318-z4BaE3/Geo-Coder-TomTom-0.04-0/blib/arch:/tmp/loop_over_bdir-4318-z4BaE3/Geo-Coder-TomTom-0.04-0/blib/lib:/tmp/loop_over_bdir-4318-z4BaE3/Geo-Coder-Ovi-0.03-0/blib/arch:/tmp/loop_over_bdir-4318-z4BaE3/Geo-Coder-Ovi-0.03-0/blib/lib:/tmp/loop_over_bdir-4318-z4BaE3/Geo-Coder-OSM-0.03-0/blib/arch:/tmp/loop_over_bdir-4318-z4BaE3/Geo-Coder-OSM-0.03-0/blib/lib:/tmp/loop_over_bdir-4318-z4BaE3/Geo-Coder-Google-0.18-0/blib/arch:/tmp/loop_over_bdir-4318-z4BaE3/Geo-Coder-Google-0.18-0/blib/lib:/tmp/loop_over_bdir-4318-z4BaE3/Geo-Coder-Bing-0.13-0/blib/arch:/tmp/loop_over_bdir-4318-z4BaE3/Geo-Coder-Bing-0.13-0/blib/lib"
    PERL5OPT=""
    PERL5_CPANPLUS_IS_RUNNING="4327"
    PERL5_CPAN_IS_RUNNING="4327"
    PERL5_CPAN_IS_RUNNING_IN_RECURSION="5668,4327"
    PERL_CANARY_STABILITY_NOPROMPT="1"
    PERL_MM_USE_DEFAULT="1"
    PERL_USE_UNSAFE_INC="1"
  @INC:
    /tmp/loop_over_bdir-4318-z4BaE3/Geo-Coder-TomTom-0.04-0/blib/arch
    /tmp/loop_over_bdir-4318-z4BaE3/Geo-Coder-TomTom-0.04-0/blib/lib
    /tmp/loop_over_bdir-4318-z4BaE3/Geo-Coder-Ovi-0.03-0/blib/arch
    /tmp/loop_over_bdir-4318-z4BaE3/Geo-Coder-Ovi-0.03-0/blib/lib
    /tmp/loop_over_bdir-4318-z4BaE3/Geo-Coder-OSM-0.03-0/blib/arch
    /tmp/loop_over_bdir-4318-z4BaE3/Geo-Coder-OSM-0.03-0/blib/lib
    /tmp/loop_over_bdir-4318-z4BaE3/Geo-Coder-Google-0.18-0/blib/arch
    /tmp/loop_over_bdir-4318-z4BaE3/Geo-Coder-Google-0.18-0/blib/lib
    /tmp/loop_over_bdir-4318-z4BaE3/Geo-Coder-Bing-0.13-0/blib/arch
    /tmp/loop_over_bdir-4318-z4BaE3/Geo-Coder-Bing-0.13-0/blib/lib
    /home/sand/src/perl/repoperls/installed-perls/host/k93msid/v5.20.2/d2d1/lib/site_perl/5.20.2/x86_64-linux
    /home/sand/src/perl/repoperls/installed-perls/host/k93msid/v5.20.2/d2d1/lib/site_perl/5.20.2
    /home/sand/src/perl/repoperls/installed-perls/host/k93msid/v5.20.2/d2d1/lib/5.20.2/x86_64-linux
    /home/sand/src/perl/repoperls/installed-perls/host/k93msid/v5.20.2/d2d1/lib/5.20.2
    .